CREATE TABLE `transfer_multi_lang` (
  `id` int UNSIGNED NOT NULL,
  `foreign_id` int UNSIGNED DEFAULT NULL,
  `model` varchar(50) DEFAULT NULL,
  `locale` tinyint UNSIGNED DEFAULT NULL,
  `field` varchar(50) DEFAULT NULL,
  `content` text,
  `source` enum('script','plugin','data') DEFAULT 'script'
) ENGINE=InnoDB DEFAULT CHARSET=utf8mb3;

-- --------------------------------------------------------

--
-- Tabellenstruktur für Tabelle `transfer_notifications`
--

CREATE TABLE `transfer_notifications` (
  `id` int UNSIGNED NOT NULL,
  `recipient` enum('driver','admin') DEFAULT NULL,
  `transport` enum('email','sms') DEFAULT NULL,
  `variant` varchar(30) DEFAULT NULL,
  `is_active` tinyint UNSIGNED DEFAULT '1'
) ENGINE=InnoDB DEFAULT CHARSET=utf8mb3;

--
-- Daten für Tabelle `transfer_notifications`
--

INSERT INTO `transfer_notifications` (`id`, `recipient`, `transport`, `variant`, `is_active`) VALUES
(1, 'driver', 'sms', 'assign_vehicle', 1),
(2, 'admin', 'email', 'change_payment_status', 1);

-- --------------------------------------------------------

--
-- Tabellenstruktur für Tabelle `transfer_options`
--

CREATE TABLE `transfer_options` (
  `foreign_id` int UNSIGNED NOT NULL DEFAULT '0',
  `key` varchar(255) NOT NULL DEFAULT '',
  `tab_id` tinyint UNSIGNED DEFAULT NULL,
  `value` text,
  `label` text,
  `type` enum('string','text','int','float','enum','bool') NOT NULL DEFAULT 'string',
  `order` int UNSIGNED DEFAULT NULL,
  `is_visible` tinyint UNSIGNED DEFAULT '1',
  `style` varchar(500) DEFAULT NULL
) ENGINE=InnoDB DEFAULT CHARSET=utf8mb3;

--
-- Daten für Tabelle `transfer_options`
--

INSERT INTO `transfer_options` (`foreign_id`, `key`, `tab_id`, `value`, `label`, `type`, `order`, `is_visible`, `style`) VALUES
(1, 'o_fields_index', 99, 'd874fcc5fe73b90d770a544664a3775d', NULL, 'string', NULL, 0, NULL),
(1, 'o_last_update_data', 99, '2025-07-16 11:11:16', NULL, 'string', NULL, 0, NULL),
(1, 'o_name_sign_logo', 1, 'app/web/upload/logos/logo-alpstria.png', NULL, 'string', 1, 1, NULL);

-- --------------------------------------------------------

--
-- Tabellenstruktur für Tabelle `transfer_plugin_auth_login_attempts`
--

CREATE TABLE `transfer_plugin_auth_login_attempts` (
  `id` int UNSIGNED NOT NULL,
  `email` varchar(255) DEFAULT NULL,
  `ip` varchar(255) DEFAULT NULL,
  `created` datetime NOT NULL
) ENGINE=InnoDB DEFAULT CHARSET=utf8mb3;

--
-- Daten für Tabelle `transfer_plugin_auth_login_attempts`
--

INSERT INTO `transfer_plugin_auth_login_attempts` (`id`, `email`, `ip`, `created`) VALUES
(5, 'michael@alpstria.com', '91.141.3.227', '2019-12-09 21:14:49'),
(6, 'artur.alimgeriew@alpstria.com', '89.144.203.199', '2019-12-10 07:47:03'),
(7, 'alimgeriew.artur@alpstria.com', '178.165.131.158', '2019-12-10 07:53:39'),
(8, 'driver.alimgeriew.artur@alpstria.com', '178.165.131.158', '2019-12-10 07:54:18'),
(9, 'alimgeriew.artur@alpstria.com', '178.165.131.158', '2019-12-10 07:56:47'),
(10, 'alimgeriew.artur@alpstria.com', '178.165.131.158', '2019-12-10 07:56:58'),
(11, 'Alimgeriew.artur@alpstria.com', '178.165.131.158', '2019-12-10 07:57:47'),
(12, 'alimgeriew.artur@alpstria.com', '178.165.131.158', '2019-12-10 07:57:57'),
(13, 'alimgeriew.artur@alpstria.com', '178.115.129.223', '2019-12-10 10:38:01'),
(15, 'alimgeriew.artur@alpstria.com', '178.165.131.195', '2019-12-10 14:57:04'),
(19, 'spyros@alpstria.com', '212.95.5.24', '2019-12-13 17:00:39'),
(20, 'spiros@alpstria.com', '212.95.5.24', '2019-12-13 17:01:22'),
(21, 'spiros@alpstria.com', '212.95.5.24', '2019-12-13 17:02:28'),
(26, 'office@airport-taxi-innsbruck.net', '213.162.80.224', '2019-12-13 21:12:20'),
(29, 'doleksamet42@gmail.com', '213.162.80.52', '2019-12-13 21:43:52'),
(30, 'erkan@hotmail.com', '213.47.177.180', '2019-12-14 00:04:38'),
(31, 'office@airport-taxi-innsbruck.net', '213.162.80.224', '2019-12-14 00:58:25'),
(32, 'office@airport-taxi-innsbruck.net', '213.162.80.224', '2019-12-14 00:58:53'),
(37, 'office@exptress-taxi-innsbruck.com', '91.141.3.64', '2019-12-14 09:51:42'),
(40, 'erkan@alpstra.com', '213.162.73.252', '2019-12-14 12:35:57'),
(45, 'office@express-tax-innsbruck.com', '80.110.98.80', '2019-12-14 19:23:57'),
(46, 'ismail@alpstria.com', '80.110.101.37', '2019-12-14 22:27:02'),
(47, 'ismail@alpstria.com', '80.110.101.37', '2019-12-14 22:27:08'),
(48, 'ismail@alpstria.com', '213.162.80.87', '2019-12-15 09:12:40'),
(49, 'artir@alpstria.com', '213.147.166.33', '2019-12-15 09:49:04'),
(51, 'artir@alpstria.com', '89.144.202.193', '2019-12-15 10:57:43'),
(52, 'cuneyt_kart@hotmail.con', '217.64.127.222', '2019-12-15 11:56:18'),
(55, 'alimgeriew.artur@alpstria.com', '178.115.130.37', '2019-12-15 15:25:15'),
(63, 'alimgeriew.artur@alpstria.com', '77.119.130.244', '2019-12-16 18:08:42'),
(71, 'ismail@alpstria.com', '83.175.73.109', '2019-12-17 19:40:59'),
(72, 'ismail@alpstria.com', '83.175.73.109', '2019-12-17 19:41:07'),
(87, 'serhat@slpstria.com', '77.119.128.128', '2019-12-19 09:10:12'),
(93, 'spyridon@alpstris.com', '213.162.73.51', '2019-12-19 19:48:40'),
(110, 'info@austransfer.com', '91.141.0.221', '2019-12-20 19:51:54'),
(111, 'info@austransfer.com', '91.141.0.221', '2019-12-20 19:52:08'),
(112, 'taxikenan@gmail.com', '80.110.98.80', '2019-12-20 20:03:42'),
(114, 'iso@alpstria.com', '77.119.129.14', '2019-12-22 07:43:02'),
(131, 'ahmet_kocak96@hotmail.com', '212.95.5.29', '2019-12-23 14:35:23'),
(132, 'kazbek1@alpstria.com', '178.115.128.123', '2019-12-23 20:00:15'),
(154, 'office@travel-taxi-innsbruck.com', '145.239.2.231', '2019-12-30 08:11:57'),
(156, 'info@austranfer.at', '185.132.96.194', '2019-12-30 20:01:51'),
(160, 'faruk@alpstria.at', '213.162.80.0', '2020-01-01 17:52:33'),
(170, 'arthur2@alpsrtria.com', '77.119.128.55', '2020-01-03 19:13:12'),
(171, 'arthur2@alpstria.com', '77.119.128.55', '2020-01-03 19:19:50'),
(172, 'arthur2bregenz@alpstria.com', '77.119.128.55', '2020-01-03 19:20:44'),
(177, 'kosmas@alpstria.com', '212.95.5.179', '2020-01-10 15:00:30'),
(178, 'ahmet_kocak96@hotmail.com', '212.95.5.179', '2020-01-10 15:01:03'),
(182, 'ka@alpistria.com', '194.118.204.42', '2020-01-12 19:20:58'),
(186, 'ak@alpstria.ca', '213.162.80.144', '2020-01-17 08:13:57'),
(193, 'gio@alpstria.comk', '46.125.250.67', '2020-01-21 17:45:14'),
(199, 'erkan@alpsrtria.com', '188.22.204.209', '2020-01-26 09:07:01'),
(200, 'abas@alpstria.com', '46.125.249.19', '2020-01-26 11:13:04'),
(209, 'to@alpstria.com', '213.162.80.223', '2020-01-31 18:39:38'),
(210, 'to@alpstria.com', '213.162.80.223', '2020-01-31 18:39:50'),
(211, 'info@austransfer.com', '89.144.203.10', '2020-02-01 20:16:43'),
(220, 'info@austransfer.ar', '89.144.203.10', '2020-02-07 22:58:34'),
(225, 'im@alpstria.com', '83.175.73.109', '2020-02-12 13:17:23'),
(248, 'doleksamet42@gmail.com', '46.125.249.121', '2020-03-01 11:58:11'),
(249, 'doleksamet42@gmail.com', '46.125.249.121', '2020-03-01 11:58:16'),
(250, 'doleksamet42@gmail.com', '46.125.249.121', '2020-03-01 11:58:31'),
(253, 'abas@alpstria.com', '91.141.2.150', '2020-03-02 14:35:55'),
(254, 'abaz@alpstria.com', '91.141.2.150', '2020-03-02 14:36:35'),
(271, 'devran@alpstria.com', '83.175.75.107', '2020-03-07 17:31:22'),
(273, 'snowboarding.ski@gmail.com', '178.115.131.189', '2020-09-18 13:37:00'),
(275, 'alimgeriew.artur@gmail.com', '80.110.121.221', '2020-12-16 20:38:12'),
(276, 'alimgeriew.artur@gmail.com', '80.110.121.221', '2020-12-16 20:38:42'),
(277, 'route95reg@gmail.com', '80.110.121.221', '2020-12-16 20:39:07'),
(278, 'alimgeriew.artur@gmail.com', '80.110.121.221', '2020-12-16 20:39:22'),
(279, 'route95reg@gmail.com', '80.110.121.221', '2020-12-16 20:39:53'),
(280, 'route95reg@gmail.com', '80.110.121.221', '2020-12-16 20:41:41'),
(281, 'artur@driver.com', '84.115.229.217', '2021-06-10 19:06:47'),
(282, 'arthur@alpstria.com', '84.115.229.217', '2021-06-10 19:07:38'),
(283, 'arthur@driver.com', '84.115.229.217', '2021-06-10 19:08:52'),
(284, 'artir@alpstria.com', '84.115.229.217', '2021-07-01 23:14:13'),
(285, 'artur@alpstria.co', '84.115.229.217', '2021-07-02 10:32:47'),
(286, 'artur@alpstria.co', '84.115.229.217', '2021-07-02 12:19:11'),
(287, 'artur@alpstria.co', '84.115.229.217', '2021-07-02 12:19:16'),
(288, 'artur@alpstria.co', '84.115.229.217', '2021-07-02 21:41:53'),
(289, 'artur@alpstria.co', '84.115.229.217', '2021-07-02 21:41:57'),
(290, 'artur@alpstria.co', '84.115.229.217', '2021-07-02 21:42:03'),
(291, 'arifcara63@gmail.com', '83.175.70.69', '2021-07-06 21:58:09'),
(292, 'arifcara62@gmail.com', '83.175.70.69', '2021-07-06 21:58:47'),
(293, 'arifcara62@gmail.com', '83.175.70.69', '2021-07-06 21:58:57'),
(294, 'arifcara62@gmail.com', '83.175.70.69', '2021-07-06 22:00:16'),
(295, 'arifcara62@gmail.com', '83.175.70.69', '2021-07-06 22:00:28'),
(296, 'arifcara62@gmail.com', '83.175.70.69', '2021-07-06 22:02:18'),
(302, 'serhat.karaman@alpstria.com', '84.115.232.80', '2021-07-23 16:52:51'),
(303, 'serhatkaraman@alpstria.com', '84.115.232.80', '2021-07-23 16:54:55'),
(312, 'snowboarding.ski@gmail.com', '91.141.62.204', '2021-07-31 11:38:07'),
(313, 'ali@alpstria.com', '178.115.77.205', '2021-08-25 08:16:07'),
(316, 'iso@theturans.at', '178.115.52.80', '2021-08-29 16:55:14'),
(317, 'iso@theturans.at', '178.115.52.80', '2021-08-29 16:55:28'),
(321, 'sbbas@alpstria.com', '178.165.173.76', '2021-09-05 13:48:20'),
(322, 'iso@theturans.com', '213.162.80.228', '2021-09-09 13:17:13'),
(323, 'iso@theturans.com', '213.162.80.228', '2021-09-09 17:33:43'),
(324, 'iso@theturans.com', '213.162.81.212', '2021-09-10 10:36:57'),
(326, 'taxi@alpatria.com', '80.110.13.209', '2021-09-13 09:00:35'),
(327, 'alpstria@alpstria.com', '84.115.231.15', '2021-10-08 02:13:42'),
(328, 'driver@alpstria.com', '178.165.161.236', '2021-10-13 11:25:28'),
(329, 'alpstria@driver.com', '178.165.161.236', '2021-10-13 11:25:57'),
(330, 'alpstria@driver.com', '178.165.204.35', '2021-10-14 14:01:49'),
(331, 'driver@alpstria.com', '178.165.204.35', '2021-10-14 14:01:56'),
(332, 'doleksamet42@gmail.com', '89.144.194.65', '2021-10-17 23:20:11'),
(334, 'info@taxi-innsbruck.info', '194.96.74.85', '2021-10-21 22:27:31'),
(351, 'erkansayin@albstria.com', '213.182.225.180', '2021-12-12 10:30:21'),
(352, 'bariskmen@gmail.com', '83.175.70.83', '2021-12-12 11:56:00'),
(353, 'bariskmen@gmail.com', '83.175.70.83', '2021-12-12 15:35:26'),
(357, 'cankaya@gmail.com', '213.147.166.13', '2021-12-12 22:05:30'),
(365, 'ekotem90@gmail.com', '213.225.35.21', '2021-12-13 14:35:49'),
(366, 'aydin@alpstria.com', '178.165.183.15', '2021-12-13 15:34:15'),
(372, 'doleksamet42@gmail.com', '194.166.129.28', '2021-12-14 19:11:56'),
(373, 'cankayaturker2013@gmail.com', '89.144.221.49', '2021-12-14 20:21:17'),
(376, 'abdullah1@alpstria.com', '213.162.81.112', '2021-12-15 20:59:49'),
(378, 'bilal86bjk@gmail.com', '213.162.80.237', '2021-12-16 17:18:02'),
(379, 'bilal86bjk@gmail.com', '213.162.80.237', '2021-12-16 17:18:29'),
(380, 'bilal86bjk@gmail.com', '213.162.80.237', '2021-12-16 17:19:15'),
(388, 'junior.kaplan007@gmail.com', '89.144.196.54', '2021-12-17 15:19:21'),
(397, 'OSMANmohamed@alpstria.com', '89.144.223.60', '2021-12-18 08:30:36'),
(398, 'osman.mohmamed@alpstria.com', '89.144.223.60', '2021-12-18 08:33:37'),
(404, 'osman.mohmamed@alpstria.com', '213.162.81.125', '2021-12-18 19:55:53'),
(405, 'osman.mohmamed@alpstria.com', '213.162.81.125', '2021-12-18 19:56:48'),
(408, 'django@alpstria.com', '31.10.133.246', '2021-12-19 19:09:32'),
(409, 'cango@ymail.com', '31.10.133.246', '2021-12-19 19:10:03'),
(411, 'cangio1@alostria.com', '46.140.1.78', '2021-12-21 16:31:39'),
(418, 'cango@alpstria.vom', '46.140.1.164', '2021-12-23 09:10:49'),
(426, 'cango@alostria.com', '46.140.1.167', '2021-12-26 16:54:44'),
(436, 'ismail@alpstria.com', '213.162.81.176', '2021-12-28 15:26:18'),
(437, 'abasov@alpstria.com', '213.162.81.176', '2021-12-28 15:29:12'),
(438, 'ismail@alpstria.com', '213.162.81.176', '2021-12-28 15:29:55'),
(449, 'Hilmi@alpstria.at', '178.113.76.104', '2021-12-30 10:45:05'),
(450, 'Hilmi@alpstria.at', '213.225.38.237', '2021-12-30 11:16:23'),
(460, 'aydincakir@alpstria.com', '84.115.233.160', '2021-12-30 20:25:56'),
(461, 'aydincakir@alpstria.com', '84.115.233.160', '2021-12-30 20:26:08'),
(462, 'aydincakir@alpstria.com', '84.115.233.160', '2021-12-30 20:26:29'),
(480, 'aslan@alpstria.comaslan', '213.225.11.23', '2022-01-02 14:05:08'),
(482, 'artur@gmail.com', '213.162.81.126', '2022-01-03 17:47:50'),
(483, 'sandro@alpstria.com', '213.162.81.126', '2022-01-03 17:49:33'),
(484, 'artur@gmail.com', '213.162.81.126', '2022-01-03 17:55:19'),
(485, 'artur@gmail.com', '213.162.81.126', '2022-01-03 17:55:22'),
(487, 'artur@gmail.com', '212.95.5.92', '2022-01-04 06:58:40'),
(499, 'artur@gmail.com', '213.162.80.20', '2022-01-08 18:43:29'),
(500, 'artur@gmail.com', '213.162.80.20', '2022-01-08 18:43:45'),
(507, 'dejan@alpstria.con', '213.142.97.229', '2022-01-13 14:35:36'),
(514, 'zoran@alpstria.com', '46.125.249.125', '2022-01-17 16:05:14'),
(515, 'zoran@alpstria.com', '46.125.249.125', '2022-01-17 16:05:43'),
(516, 'zoran@alpstria.com', '46.125.249.125', '2022-01-17 16:05:47'),
(517, 'zoran@alpstria.com', '46.125.249.125', '2022-01-17 16:05:59'),
(518, 'zoran@alpstria.com', '46.125.249.125', '2022-01-17 16:06:09'),
(521, 'zoran@alpstria.com', '185.72.73.54', '2022-01-18 08:03:26'),
(522, 'zoran@alpstria.com', '185.72.73.54', '2022-01-18 08:06:04'),
(523, 'zoran@alpstria.com', '185.72.73.54', '2022-01-18 09:02:17'),
(524, 'zoran@alpstria.com', '213.162.73.48', '2022-01-18 12:12:48'),
(525, 'zoran@alpstria.com', '213.162.73.48', '2022-01-18 12:15:44'),
(526, 'artur@gmail.com', '84.115.230.116', '2022-01-19 18:02:36'),
(527, 'artur@gmail.com', '84.115.230.116', '2022-01-19 18:02:39'),
(528, 'artur@gmail.com', '84.115.230.116', '2022-01-19 18:30:07'),
(532, 'artur@gmail.com', '178.197.209.74', '2022-01-20 19:30:05'),
(533, 'ibotekin@alsstria.com', '193.154.99.171', '2022-01-20 20:13:04'),
(536, 'ibotekin@alpstria.con', '62.240.134.190', '2022-01-21 13:43:43'),
(537, 'ibotekin@alpstria.con', '62.240.134.190', '2022-01-21 13:43:57'),
(542, 'ibrahimtekin@alstria.com', '62.240.134.158', '2022-01-27 13:41:25'),
(548, 'inotekin@alpstria.com', '62.240.134.37', '2022-02-01 17:40:52'),
(549, 'abdullah.sirin@alpstria.com', '213.162.73.49', '2022-02-02 07:10:59'),
(550, 'abdullah.sirin@alpstria.com', '213.162.73.49', '2022-02-02 07:31:04'),
(551, 'abdullah.sirin@alpstria.com', '213.162.73.49', '2022-02-02 07:31:26'),
(572, 'Abdulle@alpstria.com', '83.137.6.245', '2022-02-28 14:59:06'),
(573, 'Abdulle@alpstria.com', '83.137.6.245', '2022-02-28 14:59:08'),
(574, 'Abdulle@alpstria.com', '83.137.6.245', '2022-02-28 14:59:11'),
(583, 'info@austransfe.at', '91.141.70.212', '2022-03-05 21:02:36'),
(585, 'info@austransfe.at', '91.141.70.212', '2022-03-05 21:03:16'),
(588, 'info@austransfe.at', '91.141.70.212', '2022-03-05 21:04:29'),
(590, 'kaandogan5@gmail.com', '84.115.230.189', '2022-03-06 21:35:16'),
(597, 'erkan@albstria.com', '89.144.220.114', '2022-03-10 22:45:27'),
(598, 'erkansayin@albstria.com', '89.144.220.114', '2022-03-10 22:45:50'),
(601, 'sayinerkan@alpstria.com', '89.144.220.114', '2022-03-10 22:47:46'),
(602, 'sayinerkan@alpstria.com', '89.144.220.114', '2022-03-10 22:48:58'),
(603, 'sayerkan@alpstria.com', '89.144.220.114', '2022-03-10 22:49:08'),
(614, 'omar1@alpstria.com', '91.115.179.219', '2022-03-20 11:03:55'),
(616, 'ibrahim.tekin38@gmail.com', '62.240.134.200', '2022-03-21 17:50:30'),
(617, 'ibrahim.tekin38@gmail.com', '62.240.134.200', '2022-03-21 17:50:44'),
(622, 'ilayda@theturans.com', '178.115.47.200', '2022-03-26 08:19:45'),
(624, 'ka@alpstria.com', '83.175.123.202', '2022-04-01 11:29:25'),
(629, 'sayinerkan@alpstria.com', '213.142.97.151', '2022-04-07 00:43:42'),
(630, 'sayinerkan@alpstria.com', '213.142.97.151', '2022-04-07 00:43:43'),
(632, 'ilayda@theturans.com', '178.165.182.94', '2022-04-09 13:57:49'),
(633, 'ilayda@theturans.com', '178.165.182.94', '2022-04-09 13:57:56'),
(638, 'iso@theturans.com', '84.115.229.254', '2022-04-14 13:49:05'),
(640, 'jenny@alpstria.com', '192.164.215.129', '2022-04-22 22:46:32'),
(654, 'driver@alpstria.com', '84.115.230.64', '2022-05-29 22:17:53'),
(658, 'iso@theturans.com', '178.165.176.220', '2022-06-03 15:49:37'),
(659, 'spyridon@alpstria.com', '178.165.163.38', '2022-06-06 19:14:43'),
(660, 'spyridon@alpstria.com', '178.165.163.38', '2022-06-06 19:14:52'),
(661, 'spyridon@alpstria.com', '178.165.163.38', '2022-06-06 19:15:03'),
(663, 'solagan@alpstria.com', '213.162.81.7', '2022-07-08 21:57:47'),
(664, 'solagan@alpstria.com', '213.162.81.7', '2022-07-08 21:58:18'),
(665, 'solagan@alpstria.com', '213.162.81.7', '2022-07-08 21:58:33'),
(667, 'solagan@alpstria.com', '213.162.81.7', '2022-07-09 10:03:26'),
(670, 'solagan@alpstria.com', '213.162.80.235', '2022-07-28 15:02:47'),
(671, 'solagan@alpstria.com', '213.162.80.235', '2022-07-28 15:05:52'),
(674, 'asologan@alpstria.com', '212.95.5.235', '2022-07-30 18:39:17'),
(676, 'spyridon@alpstria.com', '91.141.37.109', '2022-09-17 20:04:15'),
(677, 'spyridon@alpstria.com', '91.141.37.109', '2022-09-17 20:04:35'),
(688, 'artur@alpstria.cm', '212.95.5.110', '2022-11-09 18:11:28'),
(694, 'bhazar00@gmail.com', '178.115.77.64', '2022-11-22 12:12:38'),
(695, 'arthur@alpstria.com', '83.175.73.109', '2022-11-23 14:05:27'),
(696, 'sekan@alpstria.com', '213.162.73.81', '2022-11-23 16:34:19'),
(697, 'sekan@alpstria.com', '213.162.73.81', '2022-11-23 17:48:27'),
(699, 'adam.abdullahi90@hotmail.com', '213.162.80.230', '2022-11-24 22:52:58'),
(700, 'adam.abdullahi90@hotmail.com', '213.162.80.230', '2022-11-24 22:53:17'),
(701, 'adam.abdullahi90@hotmail.comz', '213.162.80.230', '2022-11-24 22:53:33'),
(702, 'adam@alpastria.com', '213.162.80.230', '2022-11-24 22:54:58'),
(704, 'dk@alpstri.com', '178.115.69.204', '2022-11-27 19:36:31'),
(705, 'dk@alpstri.com', '178.115.69.204', '2022-11-27 21:07:15'),
(706, 'dl@alpstria.com', '178.165.190.55', '2022-11-28 13:38:55'),
(707, 'ka@alpstria.com', '213.162.81.182', '2022-11-28 22:01:37'),
(718, 'ary__ali64@hotmail.com', '213.162.80.50', '2022-12-01 13:48:56'),
(719, 'ary__ali64@hotmail.com', '213.162.80.50', '2022-12-01 19:52:35'),
(721, 'ka@alpstria.com', '213.162.80.233', '2022-12-01 22:49:43'),
(741, 'taxi@alpstria.at', '104.28.130.5', '2022-12-06 08:48:46'),
(752, 'ibotekin@alpstria.com', '62.240.134.160', '2022-12-09 10:02:43'),
(753, 'ibotekin@alpstria.com', '62.240.134.160', '2022-12-09 10:02:53'),
(754, 'ibotekin@alpstria.com', '62.240.134.160', '2022-12-09 10:03:03'),
(755, 'ibotekin@alpstria.com', '62.240.134.160', '2022-12-09 10:03:48'),
(756, 'ibotekin@alpstria.com', '62.240.134.160', '2022-12-09 10:10:49'),
(757, 'ayyildiz@alpytria.com', '178.165.199.42', '2022-12-10 17:11:01'),
(760, 'ayyildiz@alptria.com', '213.162.81.37', '2022-12-11 14:14:32'),
(761, 'ayyildiz@alptria.com', '213.162.81.37', '2022-12-11 14:14:44'),
(762, 'ayyildiz@alptria.com', '213.162.81.37', '2022-12-11 14:15:12'),
(763, 'ayyildiz@alptria.com', '213.162.81.37', '2022-12-11 14:16:10'),
(764, 'ayyildiz@alptria.com', '213.162.81.37', '2022-12-11 14:16:26'),
(765, 'ayyildiz@alptria.com', '213.162.81.37', '2022-12-11 14:20:37'),
(790, 'dl@alpstria.com', '178.115.43.187', '2022-12-14 17:38:58'),
(797, 'nasr@alpstria.com', '89.144.209.209', '2022-12-14 22:14:41'),
(802, 'kartalsavas777@gmail.com', '80.110.13.238', '2022-12-15 18:21:35'),
(803, 'kartalsavas777@gmail.com', '80.110.13.238', '2022-12-15 18:24:35'),
(804, 'kwartalsavas777@gmail.com', '80.110.13.238', '2022-12-15 18:26:09'),
(805, 'kwartalsavas777@gmail.com', '80.110.13.238', '2022-12-15 18:32:50'),
(874, 'dk@alpstria.comq', '178.115.49.165', '2022-12-26 06:11:33'),
(877, 'muzzi@alpstria.com', '91.141.65.1', '2022-12-28 18:54:22'),
(878, 'Abdulle@alpstria.com', '89.144.220.218', '2022-12-29 00:47:39'),
(879, 'ali61@alsptria.com', '213.162.73.86', '2022-12-29 16:48:18'),
(882, 'muzzi@alpstria.com', '77.119.198.222', '2022-12-30 17:48:44'),
(883, 'muzzi@alpstria.com', '77.119.198.222', '2022-12-30 17:48:55'),
(884, 'muzzi@alpstria.com', '77.119.198.222', '2022-12-30 17:49:14'),
(888, 'ali61@alspstria.com', '213.162.73.150', '2022-12-30 22:21:11'),
(891, 'muzzi@alpstria.com', '77.119.200.246', '2022-12-31 04:16:27'),
(902, 'dk@apstria.com', '77.119.220.31', '2023-01-01 16:32:37'),
(903, 'dl@alpstria.com', '178.165.172.160', '2023-01-02 14:19:07'),
(908, 'devran@alpstria.com', '178.115.51.53', '2023-01-04 22:32:03'),
(909, 'devran@alpstria.com', '178.115.51.53', '2023-01-04 23:31:47'),
(911, 'ozgur@alpastria.com', '89.144.201.110', '2023-01-05 16:20:57'),
(912, 'Ozgur@alpastria.com', '89.144.201.110', '2023-01-05 16:21:19'),
(913, 'Ozgur@alpastria.com', '89.144.201.110', '2023-01-05 16:21:49'),
(914, 'dk@alpstri.com', '91.141.41.220', '2023-01-06 12:28:17'),
(928, 'dk@slpstria.com', '178.115.62.142', '2023-01-08 08:59:17'),
(933, 'muzzi@alpstria.com', '77.119.175.64', '2023-01-08 17:31:26'),
(936, 'ismailg@apstria.com', '212.95.5.185', '2023-01-10 14:46:34'),
(937, 'savas@alpstria.com', '213.225.3.33', '2023-01-10 17:48:15'),
(938, 'savas@alpstria.com', '213.225.3.33', '2023-01-10 17:48:29'),
(939, 'taxi@alptria.com', '20.79.153.31', '2023-01-11 14:13:48'),
(940, 'ali61@alsptria.com', '212.95.5.100', '2023-01-11 15:35:56'),
(946, 'mohame@alpstria.com', '213.162.73.138', '2023-01-13 20:34:37'),
(958, 'taxi@alpatria.com', '213.162.80.124', '2023-01-14 18:04:47'),
(961, 'dk@alpstria.vom', '77.119.223.237', '2023-01-17 04:38:52'),
(966, 'necati@alsptria.com', '213.162.81.160', '2023-01-20 09:38:14'),
(968, 'ramazan@alpstria.at', '188.22.194.168', '2023-01-20 16:17:49'),
(976, 'necati@alsptria.com', '46.125.249.71', '2023-01-27 08:47:25'),
(977, 'ruslan@alpstia.com', '213.162.81.159', '2023-01-27 20:51:07'),
(978, 'ruslan@alpstia.com', '213.162.81.159', '2023-01-27 20:51:19'),
(979, 'ruslan@alpstia.com', '213.162.81.159', '2023-01-27 20:52:14'),
(994, 'erkan@alpstria.com', '213.142.96.228', '2023-01-31 19:37:38'),
(995, 'erkan@alpstria.com', '213.142.96.228', '2023-01-31 19:37:43'),
(997, 'ismail1@alpstria.com', '212.95.7.236', '2023-02-01 18:33:16'),
(998, 'ismail1@alpstria.com', '212.95.7.236', '2023-02-01 18:34:57'),
(999, 'ismail1@alpstria.com', '212.95.7.236', '2023-02-01 19:58:29'),
(1000, 'volkan@alpsitria.com', '213.225.1.5', '2023-02-01 20:02:36'),
(1007, 'solak@alpstria.con', '213.162.81.215', '2023-02-05 16:13:49'),
(1008, 'Osmang@alpstria.com', '178.165.170.221', '2023-02-06 21:48:42'),
(1010, 'ismail1@alpstria.com', '213.162.80.222', '2023-02-15 21:30:43'),
(1011, 'erkan@alpstria.com', '213.162.81.215', '2023-02-16 19:04:49'),
(1013, 'ismail@alpstria.com', '213.142.97.33', '2023-02-19 08:56:02'),
(1014, 'ismail@alpstria.com', '213.162.80.175', '2023-02-19 10:49:12'),
(1015, 'ismail@alpstria.com', '213.162.80.175', '2023-02-19 10:53:43'),
(1033, 'necati@alsptria.com', '46.125.249.111', '2023-02-23 18:28:18'),
(1036, 'Gunall@alpstria.com', '91.141.56.49', '2023-02-24 12:28:54'),
(1037, 'necati.acikel@hotmail.com', '46.125.249.111', '2023-02-24 13:19:10'),
(1043, 'doleksamet42@gmail.com', '213.162.81.36', '2023-03-01 14:35:45'),
(1045, 'mohamed@alpstria.com', '213.162.80.68', '2023-03-03 12:47:40'),
(1046, 'mohamed@alpstria.com', '213.162.80.68', '2023-03-03 12:47:47'),
(1047, 'mohamed@alpstria.com', '213.162.80.68', '2023-03-03 12:48:02'),
(1048, 'mohamed@alpstria.com', '213.162.80.68', '2023-03-03 12:57:40'),
(1049, 'mohamed@alpstria.com', '213.162.80.68', '2023-03-03 13:01:37'),
(1050, 'mohamed@alpstria.com', '213.162.80.68', '2023-03-03 13:10:11'),
(1051, 'mohamed@alpstria.com', '212.56.161.16', '2023-03-03 14:01:33'),
(1052, 'mohamed@alpstria.com', '212.56.161.16', '2023-03-03 15:59:45'),
(1053, 'mohamed@alpstria.com', '212.56.161.16', '2023-03-03 17:01:39'),
(1054, 'mohamed@alpstria.com', '212.56.161.16', '2023-03-03 17:25:57'),
(1055, 'mohamed@alpstria.com', '213.162.80.68', '2023-03-03 20:41:38'),
(1057, 'mohamed@alpstria.com', '212.56.161.16', '2023-03-04 10:25:32'),
(1058, 'necsti@alpstria.com', '213.162.80.198', '2023-03-04 13:59:42'),
(1067, 'necati@alsptria.com', '213.162.81.193', '2023-03-05 13:06:25'),
(1068, 'taxi@alpstria.at', '213.162.81.134', '2023-03-05 18:00:01'),
(1071, 'mohamed@alpstria.com', '212.56.161.16', '2023-03-06 08:14:27'),
(1073, 'necati@alsptria.com', '213.162.81.89', '2023-03-08 09:31:02'),
(1077, 'necati@alsptria.com', '213.162.81.89', '2023-03-09 12:39:24'),
(1087, 'necati@alsptria.com', '213.162.81.89', '2023-03-10 10:30:57'),
(1092, 'erkan@alpstria.com', '46.253.189.54', '2023-03-11 09:06:05'),
(1093, 'ridvan@alpstria.comu', '213.162.80.68', '2023-03-12 13:14:09'),
(1096, 'nexati@alpstria.com', '213.162.81.169', '2023-03-15 18:37:52'),
(1098, 'Joel_1509@icloud.com', '213.162.80.69', '2023-03-16 12:35:28'),
(1104, 'driver@alpstria.com', '213.162.80.82', '2023-03-17 04:43:41'),
(1105, 'alpstria@alpstria.com', '213.162.80.82', '2023-03-17 04:44:11'),
(1110, 'nexati@alpstria.com', '213.162.80.33', '2023-03-18 22:26:33'),
(1119, 'erkan@alpstria.com', '213.162.81.11', '2023-03-21 21:34:35'),
(1122, 'erkan@alpstria.com', '213.162.81.81', '2023-03-23 09:02:54'),
(1137, 'solak@hotmail.com', '213.162.81.209', '2023-03-26 07:18:02'),
(1143, 'erkan@alpstria.com', '212.95.5.113', '2023-04-04 20:39:10'),
(1144, 'fevzi@alpstria.com', '213.162.80.3', '2023-05-05 13:40:40'),
(1145, 'fevzi@alpstria.com', '213.162.80.3', '2023-05-05 13:40:52'),
(1146, 'taxikenan@gmail.com', '178.165.206.251', '2023-05-17 15:52:07'),
(1147, 'michail@alpstria.com', '89.144.194.51', '2023-05-26 16:17:49'),
(1148, 'michail@alpstria.com', '89.144.194.51', '2023-05-26 16:17:56'),
(1152, 'necati@alsptria.com', '213.162.81.156', '2023-07-04 19:33:34'),
(1156, 'Ozgur@alpstria.com', '83.175.92.178', '2023-07-17 09:20:32'),
(1157, 'Ozgur@alpstria.com', '83.175.92.178', '2023-07-17 09:20:36'),
(1158, 'Ozgur@alpstria.com', '83.175.92.178', '2023-07-17 09:20:41'),
(1159, 'Ozgur@alpstria.com', '83.175.92.178', '2023-07-17 09:20:44'),
(1160, 'Ozgur@alpstria.com', '83.175.92.178', '2023-07-17 09:20:47'),
(1161, 'Ozgur@alpstria.com', '83.175.92.178', '2023-07-17 09:20:51'),
(1162, 'Ozgur@alpstria.com', '83.175.92.178', '2023-07-17 09:33:27'),
(1163, 'Ozgur@alpstria.com', '83.175.92.178', '2023-07-17 09:33:30'),
(1164, 'Ozgur@alpstria.com', '83.175.92.178', '2023-07-17 09:35:59'),
(1165, 'Ozgur@alpstria.com', '83.175.92.178', '2023-07-17 17:17:40'),
(1166, 'Ozgur@alpstria.com', '83.175.92.178', '2023-07-17 22:07:39'),
(1167, 'Ozgur@alpstria.com', '83.175.92.178', '2023-07-17 22:07:42'),
(1168, 'Ozgur@alpstria.com', '213.147.167.216', '2023-07-18 04:43:07'),
(1170, 'Ozgur@alpstria.com', '83.175.92.178', '2023-09-06 00:22:18'),
(1171, 'mjama@alpstria.con', '213.142.96.189', '2023-09-06 18:03:46'),
(1172, 'erkan@alpstria.com', '213.162.80.162', '2023-09-07 22:12:03'),
(1173, 'halilbaber6464@gmail.com', '178.115.63.29', '2023-09-16 12:43:58'),
(1174, 'erkan@alpstria.com', '213.162.81.95', '2023-09-21 10:37:06'),
(1175, 'jJama@alpstria.com', '89.144.205.98', '2023-09-28 12:47:27'),
(1179, 'erkan@alpstria.com', '213.162.81.113', '2023-10-25 11:30:55'),
(1181, 'ivanovrossen@yahoo.com', '213.147.164.186', '2023-11-12 15:25:18'),
(1182, 'ivanov@apstria.com', '213.147.164.186', '2023-11-12 15:26:34'),
(1184, 'ozkan@alpstria.com', '84.115.234.114', '2023-11-15 14:24:29'),
(1185, 'ozkan@alpstria.com', '84.115.234.114', '2023-11-15 14:24:49'),
(1186, 'ozkan@alpstria.com', '84.115.234.114', '2023-11-15 14:25:25'),
(1188, 'ozkan@alpstria.com', '46.125.249.59', '2023-11-17 07:06:43'),
(1189, 'bulant@alpstria.com', '213.162.81.59', '2023-11-18 17:27:02'),
(1190, 'boncukabdurrahman@gmail.com', '91.141.45.173', '2023-11-18 19:54:02'),
(1191, 'gence@alpstria.com', '213.162.81.180', '2023-11-18 20:37:51'),
(1192, 'gence@alpstria.com', '213.162.81.180', '2023-11-18 20:38:45'),
(1194, 'abdurrahmanboncuk902@gmail.com', '178.115.61.130', '2023-11-19 21:32:07'),
(1195, 'hazem@alpstria.com', '213.162.81.147', '2023-11-21 16:06:48'),
(1196, 'driver@alpstria.com', '178.115.45.106', '2023-11-22 19:42:16'),
(1197, 'driver@alpstria.com', '77.119.164.168', '2023-11-22 21:11:54'),
(1204, 'kontakt@civiwebdesign.at', '172.226.131.45', '2023-11-26 19:30:16'),
(1209, 'ahmet@admin.com', '83.175.73.240', '2023-11-29 14:28:13'),
(1222, 'ridvan@alpstria.com', '213.162.80.116', '2023-12-05 10:56:30'),
(1227, 'yurt@alpstria.com', '213.162.81.59', '2023-12-09 10:28:46'),
(1228, 'yurt@alpstria.com', '213.162.81.59', '2023-12-09 10:29:18'),
(1233, 'alitx989@hotmail.com', '83.175.81.12', '2023-12-14 10:06:08'),
(1235, 'MAHAMUDahmed@alpstria.com', '213.142.97.221', '2023-12-14 11:42:50'),
(1238, 'jama@apstria.com', '213.142.97.221', '2023-12-14 11:49:04'),
(1239, 'mahmut@alpstrua.com', '84.115.225.167', '2023-12-14 19:08:06'),
(1240, 'mahmut@alpstrua.com', '84.115.225.167', '2023-12-14 19:08:34'),
(1241, 'gence@alpstria.com', '85.127.68.75', '2023-12-15 07:16:05'),
(1242, 'gence@alpstria.com', '85.127.68.75', '2023-12-15 07:16:12'),
(1247, 'boncuk@alpstia.com', '77.119.174.43', '2023-12-15 16:04:40'),
(1250, 'necati@alpstria.con', '213.162.80.9', '2023-12-16 12:48:57'),
(1253, 'boncuk@alpsitria.com', '91.141.61.192', '2023-12-16 17:18:00'),
(1258, 'ozkan@alpstria.com', '84.115.233.154', '2023-12-18 17:07:29'),
(1261, 'boncuk@alpsitria.com', '178.115.64.184', '2023-12-20 15:51:59'),
(1262, 'ali@alpstria.com', '213.162.80.56', '2023-12-21 15:15:43'),
(1263, 'necati@alsptria.com', '213.142.96.119', '2023-12-22 00:07:47'),
(1264, 'driver@alpstria.com', '178.115.58.23', '2023-12-22 06:28:27'),
(1265, 'ismailg@alpstria.com', '213.162.80.66', '2023-12-22 13:19:27'),
(1267, 'nexati@alpstria.com', '213.142.96.119', '2023-12-22 16:26:52'),
(1268, 'necati@alsptria.com', '213.162.80.24', '2023-12-23 12:56:33'),
(1269, 'boncuk@alpsria.com', '77.119.203.121', '2023-12-24 17:56:16'),
(1271, 'Oguzhan@alpstria.com', '77.119.198.12', '2023-12-28 06:37:06'),
(1272, 'Oguzhan@alpstria.com', '77.119.198.12', '2023-12-28 06:37:13'),
(1273, 'boncuk@alpstra.com', '91.141.70.228', '2023-12-29 12:08:12'),
(1274, 'boncuk@alpsitria.com', '91.141.70.228', '2023-12-29 12:08:41'),
(1276, 'boncuk@alpsria.com', '77.119.217.88', '2023-12-29 21:39:09'),
(1278, 'boncuk@xn--apstria-thb.com', '178.115.35.102', '2024-01-01 07:36:44'),
(1279, 'boncuk@alpsria.com', '91.141.64.137', '2024-01-01 12:51:25'),
(1280, 'boncuk@alpsria.com', '77.119.222.226', '2024-01-01 16:05:35'),
(1282, 'necati@alsptria.com', '213.162.81.91', '2024-01-03 14:00:24'),
(1284, 'ayyildiz@alpstria.com', '212.95.8.148', '2024-01-06 12:26:30'),
(1285, 'ruslan@alpstria.com', '213.162.81.91', '2024-01-06 14:46:50'),
(1286, 'ruslan@alpstria.com', '213.162.81.91', '2024-01-06 14:48:39'),
(1287, 'ruslan@alpstria.com', '213.162.81.91', '2024-01-06 14:48:47'),
(1289, 'erkan@alpstria.com', '213.162.81.118', '2024-01-09 06:43:25'),
(1291, 'ali61@gmail.com', '213.162.80.123', '2024-01-11 19:03:38'),
(1297, 'osman.mohamed@alpstria.comu', '83.137.6.60', '2024-01-14 09:48:54'),
(1299, 'ilker@alpstria.com', '84.115.226.136', '2024-01-17 08:38:24'),
(1300, 'ilker@alpstria.com', '84.115.226.136', '2024-01-17 08:38:36'),
(1301, 'ilker@alpstria.com', '84.115.226.136', '2024-01-17 08:47:48'),
(1302, 'gence@alpstria.com', '213.162.81.209', '2024-01-18 04:33:34'),
(1311, 'ismailg@alpstria.com', '213.162.81.82', '2024-01-21 23:10:01'),
(1312, 'erkan@alpstria.com', '213.142.96.90', '2024-01-22 18:19:01'),
(1319, 'muratov@alpister.com', '213.162.81.33', '2024-01-31 16:17:07'),
(1320, 'muratov@alpister.com', '213.162.81.33', '2024-02-01 12:48:14'),
(1324, 'muratov@apstria.com', '213.162.80.111', '2024-02-03 09:17:14'),
(1325, 'muratov@apstria.com', '213.162.80.111', '2024-02-04 09:50:01'),
(1327, 'murtov@alpstria.com', '212.95.5.73', '2024-02-05 08:28:14'),
(1336, 'murtov@alpstria.com', '213.162.80.154', '2024-02-11 09:58:43'),
(1345, 'murqtov@alpstria.com', '213.162.81.81', '2024-02-16 06:23:40'),
(1346, 'faruk@alpstria.com', '213.162.80.3', '2024-02-17 03:30:59'),
(1347, 'miratov@alpstria.com', '213.162.80.132', '2024-02-18 08:21:29'),
(1348, 'yurt@alpstria.com', '213.162.80.222', '2024-02-18 12:24:34'),
(1349, 'serhat@alpstria.com', '213.147.160.254', '2024-02-18 15:49:28'),
(1350, 'ashabmuratov95@gmail.com', '213.162.81.172', '2024-02-20 10:44:45'),
(1351, 'ashabmuratov95@gmail.com', '213.162.81.172', '2024-02-20 10:44:48'),
(1361, 'talip@alpstira.com', '91.141.63.185', '2024-02-28 09:19:11'),
(1362, 'talip@alpstira.com', '91.141.63.185', '2024-02-28 09:19:54'),
(1363, 'talip@astria.com', '77.119.173.239', '2024-02-28 12:12:49'),
(1364, 'talip@alpstira.com', '178.165.169.28', '2024-02-28 14:19:12'),
(1366, 'talip@alpstira.com', '77.119.173.234', '2024-02-29 07:50:25'),
(1373, 'anil@alpstria.com', '213.162.81.238', '2024-03-03 19:00:21'),
(1374, 'anil@alpstria.com', '213.162.81.238', '2024-03-03 19:00:25'),
(1375, 'anil@alpstria.com', '213.162.81.238', '2024-03-03 19:21:49'),
(1379, 'talip@alpstira.com', '178.115.46.137', '2024-03-05 17:28:08'),
(1381, 'necati@alsptria.com', '213.162.81.242', '2024-03-06 10:41:50'),
(1382, 'talip@alpstira.com', '178.115.62.140', '2024-03-07 05:34:52'),
(1385, 'necati@alpstria.con', '213.162.81.242', '2024-03-09 00:40:06'),
(1393, 'talip@aplstria.com', '91.141.56.78', '2024-03-15 12:45:59'),
(1399, 'necati@alsptria.com', '213.162.81.249', '2024-03-20 01:04:03'),
(1403, 'talip@alpstria.con', '178.165.204.159', '2024-03-24 04:26:09'),
(1404, 'talip@alpstira.com', '178.165.204.159', '2024-03-24 04:26:55'),
(1405, 'necati@alostria.com', '213.162.81.249', '2024-03-24 06:18:55'),
(1406, 'talip@lpstria.com', '178.115.47.212', '2024-03-27 07:05:17'),
(1409, 'office@abc-taxi-innsbruck.com', '213.162.80.181', '2024-05-22 14:44:47'),
(1410, 'office@abc-taxi-innsbruck.com', '213.162.80.181', '2024-05-22 14:44:52'),
(1411, 'office@abc-taxi-innsbruck.com', '213.162.80.144', '2024-06-03 03:10:44'),
(1412, 'office@abc-taxi-innsbruck.com', '213.162.80.144', '2024-06-03 03:10:48'),
(1413, 'office@abc-taxi-innsbruck.com', '213.162.80.224', '2024-06-15 14:59:34'),
(1414, 'office@abc-taxi-innsbruck.com', '213.162.80.224', '2024-06-15 15:00:05'),
(1415, 'office@abc-taxi-innsbruck.com', '84.115.227.219', '2024-06-24 19:53:26'),
(1418, 'office@abc-taxi-innsbruck.com', '156.67.195.11', '2024-07-13 06:40:31'),
(1419, 'office@abc-taxi-innsbruck.com', '156.67.195.11', '2024-07-13 06:40:34'),
(1422, 'talip@alpsrtria.com', '91.141.72.180', '2024-07-14 15:49:38'),
(1424, 'office@abc-taxi-innsbruck.com', '89.144.200.230', '2024-07-19 22:57:12'),
(1425, 'boran@alpstria.com', '213.162.80.88', '2024-09-12 20:57:46'),
(1426, 'boran@alpstria.com', '213.162.80.88', '2024-09-12 20:57:50'),
(1427, 'boran@alpstria.com', '213.162.80.88', '2024-09-12 20:57:55'),
(1441, 'office@taxialpstria.com', '213.162.80.254', '2024-10-03 15:33:35'),
(1442, 'office@abc-taxi-innsbruck.com', '83.175.73.109', '2024-10-05 10:32:18'),
(1443, 'taner@alpstria.com', '213.162.80.4', '2024-10-05 14:28:54'),
(1450, 'faruk@alpstria.com', '213.162.80.215', '2024-10-16 13:43:25'),
(1453, 'info@abc-transfers.com', '118.70.103.96', '2025-07-08 11:11:54'),
(1454, 'info@abc-transfers.com', '118.70.103.96', '2025-07-10 11:25:51');

-- --------------------------------------------------------

--
-- Tabellenstruktur für Tabelle `transfer_plugin_auth_permissions`
--

CREATE TABLE `transfer_plugin_auth_permissions` (
  `id` int UNSIGNED NOT NULL,
  `parent_id` int UNSIGNED DEFAULT NULL,
  `inherit_id` int UNSIGNED DEFAULT NULL,
  `key` varchar(255) DEFAULT NULL,
  `is_shown` enum('T','F') NOT NULL DEFAULT 'T'
) ENGINE=InnoDB DEFAULT CHARSET=utf8mb3;

--
-- Daten für Tabelle `transfer_plugin_auth_permissions`
--

INSERT INTO `transfer_plugin_auth_permissions` (`id`, `parent_id`, `inherit_id`, `key`, `is_shown`) VALUES
(1, NULL, NULL, 'pjBaseOptions', 'T'),
(2, 1, NULL, 'pjBaseOptions_pjActionIndex', 'T'),
(3, 1, NULL, 'pjBaseOptions_pjActionApiKeys', 'T'),
(4, 1, NULL, 'pjBaseOptions_pjActionEmailSettings', 'T'),
(5, 1, NULL, 'pjBaseSms', 'T'),
(6, 5, NULL, 'pjBaseSms_pjActionIndex_settings', 'T'),
(7, 5, NULL, 'pjBaseSms_pjActionIndex_list', 'T'),
(8, 1, NULL, 'pjBaseLocale', 'T'),
(9, 8, NULL, 'pjBaseLocale_pjActionIndex', 'T'),
(10, 9, NULL, 'pjBaseLocale_pjActionSaveLocale', 'T'),
(11, 9, NULL, 'pjBaseLocale_pjActionDeleteLocale', 'T'),
(12, 8, NULL, 'pjBaseLocale_pjActionLabels', 'T'),
(13, 12, NULL, 'pjBaseLocale_pjActionLabels_showIds', 'T'),
(14, 8, NULL, 'pjBaseLocale_pjActionImportExport', 'T'),
(15, 14, NULL, 'pjBaseLocale_pjActionImportExport_import', 'T'),
(16, 14, NULL, 'pjBaseLocale_pjActionImportExport_export', 'T'),
(17, 1, NULL, 'pjBaseOptions_pjActionLoginProtection', 'T'),
(18, 17, NULL, 'pjBaseOptions_pjActionLoginProtection_password', 'T'),
(19, 17, NULL, 'pjBaseOptions_pjActionLoginProtection_secure_login', 'T'),
(20, 17, NULL, 'pjBaseOptions_pjActionLoginProtection_failed_login', 'T'),
(21, 17, NULL, 'pjBaseOptions_pjActionLoginProtection_forgot', 'T'),
(22, 1, NULL, 'pjBaseOptions_pjActionCaptchaSpam', 'T'),
(23, 22, NULL, 'pjBaseOptions_pjActionCaptchaSpam_captcha', 'T'),
(24, 22, NULL, 'pjBaseOptions_pjActionCaptchaSpam_spam', 'T'),
(25, 1, NULL, 'pjBaseOptions_pjActionVisual', 'T'),
(26, 1, NULL, 'pjBaseCountries', 'T'),
(27, 26, NULL, 'pjBaseCountries_pjActionCreate', 'T'),
(28, 26, NULL, 'pjBaseCountries_pjActionUpdate', 'T'),
(29, 26, NULL, 'pjBaseCountries_pjActionDeleteCountry', 'T'),
(30, 26, NULL, 'pjBaseCountries_pjActionDeleteCountryBulk', 'T'),
(31, 26, NULL, 'pjBaseCountries_pjActionIndex', 'F'),
(32, NULL, 31, 'pjBaseCountries_pjActionGetCountry', 'F'),
(33, 31, NULL, 'pjBaseCountries_pjActionStatusCountry', 'F'),
(34, 1, NULL, 'pjBaseCron_pjActionIndex', 'T'),
(35, 34, NULL, 'pjBaseCron_pjActionExecute', 'T'),
(36, 1, NULL, 'pjBaseBackup_pjActionIndex', 'T'),
(37, 36, NULL, 'pjBaseBackup_pjActionBackup', 'T'),
(38, 36, NULL, 'pjBaseBackup_pjActionDownload', 'T'),
(39, 36, NULL, 'pjBaseBackup_pjActionDelete', 'T'),
(40, 36, NULL, 'pjBaseBackup_pjActionDeleteBulk', 'T'),
(41, NULL, NULL, 'pjBaseUsers', 'T'),
(42, 41, NULL, 'pjBaseUsers_pjActionCreate', 'T'),
(43, 41, NULL, 'pjBaseUsers_pjActionUpdate', 'T'),
(44, 41, NULL, 'pjBasePermissions_pjActionUserPermission', 'T'),
(45, 41, NULL, 'pjBaseUsers_pjActionDeleteUser', 'T'),
(46, 41, NULL, 'pjBaseUsers_pjActionDeleteUserBulk', 'T'),
(47, 41, NULL, 'pjBaseUsers_pjActionIndex', 'F'),
(48, 47, NULL, 'pjBaseUsers_pjActionStatusUser', 'F'),
(49, 47, NULL, 'pjBaseUsers_pjActionExportUser', 'F'),
(50, 47, NULL, 'pjBaseUsers_pjActionUnlockAccount', 'F'),
(51, NULL, NULL, 'pjBaseUsers_pjActionProfile', 'T'),
(52, NULL, 44, 'pjBasePermissions_pjActionAjaxSet', 'T'),
(53, NULL, NULL, 'pjAdminVehicles', 'T'),
(54, 53, NULL, 'pjAdminVehicles_pjActionIndex', 'T'),
(55, 54, NULL, 'pjAdminVehicles_pjActionCreate', 'T'),
(56, 54, NULL, 'pjAdminVehicles_pjActionUpdate', 'T'),
(57, 54, NULL, 'pjAdminVehicles_pjActionDelete', 'T'),
(58, 54, NULL, 'pjAdminVehicles_pjActionDeleteBulk', 'T'),
(59, NULL, NULL, 'pjAdminDrivers', 'T'),
(60, 59, NULL, 'pjAdminDrivers_pjActionIndex', 'T'),
(61, 60, NULL, 'pjAdminDrivers_pjActionCreate', 'T'),
(62, 60, NULL, 'pjAdminDrivers_pjActionUpdate', 'T'),
(63, 60, NULL, 'pjAdminDrivers_pjActionDelete', 'T'),
(64, 60, NULL, 'pjAdminDrivers_pjActionDeleteBulk', 'T'),
(65, NULL, NULL, 'pjAdminProviders', 'T'),
(66, 65, NULL, 'pjAdminProviders_pjActionIndex', 'T'),
(67, 66, NULL, 'pjAdminProviders_pjActionCreate', 'T'),
(68, 66, NULL, 'pjAdminProviders_pjActionUpdate', 'T'),
(69, 66, NULL, 'pjAdminProviders_pjActionDelete', 'T'),
(70, 66, NULL, 'pjAdminProviders_pjActionDeleteBulk', 'T'),
(71, NULL, NULL, 'pjAdminSchedule', 'T'),
(72, 71, NULL, 'pjAdminSchedule_pjActionIndex', 'T'),
(73, 71, NULL, 'pjAdminSchedule_pjActionDeleteBooking', 'T'),
(74, NULL, NULL, 'pjAdminReports_pjActionIndex', 'T'),
(75, NULL, NULL, 'pjAdminOptions', 'T'),
(76, 75, NULL, 'pjAdminOptions_pjActionIndex', 'T'),
(77, 75, NULL, 'pjAdminOptions_pjActionNotifications', 'T'),
(78, NULL, NULL, 'pjAdmin_pjActionIndex', 'T'),
(79, NULL, NULL, 'pjAdminWhatsappMessages', 'T'),
(80, 79, NULL, 'pjAdminWhatsappMessages_pjActionIndex', 'T'),
(81, 80, NULL, 'pjAdminWhatsappMessages_pjActionCreate', 'T'),
(82, 80, NULL, 'pjAdminWhatsappMessages_pjActionUpdate', 'T'),
(83, 80, NULL, 'pjAdminWhatsappMessages_pjActionDelete', 'T'),
(84, 80, NULL, 'pjAdminWhatsappMessages_pjActionDeleteBulk', 'T');

-- --------------------------------------------------------

--
-- Tabellenstruktur für Tabelle `transfer_plugin_auth_roles`
--

CREATE TABLE `transfer_plugin_auth_roles` (
  `id` tinyint UNSIGNED NOT NULL,
  `role` varchar(255) DEFAULT NULL,
  `is_backend` enum('T','F') NOT NULL DEFAULT 'T',
  `is_admin` enum('T','F') NOT NULL DEFAULT 'F',
  `status` enum('T','F') NOT NULL DEFAULT 'T'
) ENGINE=InnoDB DEFAULT CHARSET=utf8mb3;

--
-- Daten für Tabelle `transfer_plugin_auth_roles`
--

INSERT INTO `transfer_plugin_auth_roles` (`id`, `role`, `is_backend`, `is_admin`, `status`) VALUES
(1, 'Administrator', 'T', 'T', 'T'),
(2, 'Regular User', 'T', 'T', 'T'),
(3, 'Driver', 'T', 'F', 'T');

-- --------------------------------------------------------

--
-- Tabellenstruktur für Tabelle `transfer_plugin_auth_roles_permissions`
--

CREATE TABLE `transfer_plugin_auth_roles_permissions` (
  `id` int UNSIGNED NOT NULL,
  `role_id` int UNSIGNED NOT NULL,
  `permission_id` int UNSIGNED DEFAULT NULL
) ENGINE=InnoDB DEFAULT CHARSET=utf8mb3;

--
-- Daten für Tabelle `transfer_plugin_auth_roles_permissions`
--

INSERT INTO `transfer_plugin_auth_roles_permissions` (`id`, `role_id`, `permission_id`) VALUES
(346, 1, 1),
(347, 1, 2),
(348, 1, 3),
(349, 1, 4),
(350, 1, 5),
(351, 1, 6),
(352, 1, 7),
(353, 1, 8),
(354, 1, 9),
(355, 1, 10),
(356, 1, 11),
(357, 1, 12),
(358, 1, 13),
(359, 1, 14),
(360, 1, 15),
(361, 1, 16),
(362, 1, 17),
(363, 1, 18),
(364, 1, 19),
(365, 1, 20),
(366, 1, 21),
(367, 1, 22),
(368, 1, 23),
(369, 1, 24),
(370, 1, 25),
(371, 1, 26),
(372, 1, 27),
(373, 1, 28),
(374, 1, 29),
(375, 1, 30),
(376, 1, 31),
(377, 1, 32),
(378, 1, 33),
(379, 1, 34),
(380, 1, 35),
(381, 1, 36),
(382, 1, 37),
(383, 1, 38),
(384, 1, 39),
(385, 1, 40),
(386, 1, 41),
(387, 1, 42),
(388, 1, 43),
(389, 1, 44),
(390, 1, 45),
(391, 1, 46),
(392, 1, 47),
(393, 1, 48),
(394, 1, 49),
(395, 1, 50),
(396, 1, 51),
(397, 1, 52),
(398, 1, 53),
(399, 1, 54),
(400, 1, 55),
(401, 1, 56),
(402, 1, 57),
(403, 1, 58),
(404, 1, 59),
(405, 1, 60),
(406, 1, 61),
(407, 1, 62),
(408, 1, 63),
(409, 1, 64),
(410, 1, 65),
(411, 1, 66),
(412, 1, 67),
(413, 1, 68),
(414, 1, 69),
(415, 1, 70),
(416, 1, 71),
(417, 1, 72),
(418, 1, 73),
(419, 1, 74),
(420, 1, 75),
(421, 1, 76),
(422, 1, 77),
(423, 1, 78),
(424, 1, 79),
(425, 1, 80),
(426, 1, 81),
(427, 1, 82),
(428, 1, 83),
(429, 1, 84),
(430, 2, 51),
(432, 2, 71),
(433, 2, 72),
(434, 2, 73),
(435, 2, 74),
(431, 2, 78),
(343, 3, 51),
(344, 3, 71),
(345, 3, 72);

-- --------------------------------------------------------

--
-- Tabellenstruktur für Tabelle `transfer_plugin_auth_users`
--

CREATE TABLE `transfer_plugin_auth_users` (
  `id` int UNSIGNED NOT NULL,
  `role_id` int UNSIGNED NOT NULL,
  `email` varchar(255) DEFAULT NULL,
  `password` blob,
  `name` varchar(255) DEFAULT NULL,
  `phone` varchar(255) DEFAULT NULL,
  `created` datetime NOT NULL,
  `last_login` datetime DEFAULT NULL,
  `pswd_modified` datetime DEFAULT NULL,
  `status` enum('T','F') NOT NULL DEFAULT 'T',
  `is_active` enum('T','F') NOT NULL DEFAULT 'F',
  `locked` enum('T','F') NOT NULL DEFAULT 'F',
  `login_token` varchar(255) DEFAULT NULL,
  `ip` varchar(15) DEFAULT NULL,
  `locale_id` int UNSIGNED DEFAULT NULL,
  `type_of_driver` enum('own','partner') DEFAULT 'own',
  `general_info_for_driver` text
) ENGINE=InnoDB DEFAULT CHARSET=utf8mb3;

--
-- Daten für Tabelle `transfer_plugin_auth_users`
--

INSERT INTO `transfer_plugin_auth_users` (`id`, `role_id`, `email`, `password`, `name`, `phone`, `created`, `last_login`, `pswd_modified`, `status`, `is_active`, `locked`, `login_token`, `ip`, `locale_id`, `type_of_driver`, `general_info_for_driver`) VALUES
(1, 1, 'taxi@alpstria.com', 0x3fcbd9c2ba981188faa6829ff89315a12ba1f09edb8f918c028da64d37a1c4830a6b5030244e7b39277e264ec0c3a716, 'Administrator', NULL, '2019-12-03 10:43:42', '2025-07-17 10:49:45', '2025-06-27 08:03:27', 'T', 'F', 'F', '6a0892835d2b03e1618a7a47289878f1ee3724a3', '118.70.103.96', NULL, 'own', NULL),
(2, 3, 'ahmet@alpstria.com', 0x9c9108579e3e9aaddd5b978b195844b9, 'Ahmet Civi', '00436769346370', '2019-12-04 10:43:04', '2025-07-16 11:02:49', '2019-12-04 10:43:04', 'T', 'T', 'F', 'dfb1bd43bba954ece00a7cf67d6d1bb72114fa77', '83.175.73.240', 1, 'own', 'test'),
(3, 3, 'artur@alpstria.com', 0xe83582be7a42eaa6e6560a214ab799ac, 'ARTUR ALIMG', '00436769666888', '2019-12-09 20:40:43', '2024-04-15 10:07:50', '2019-12-13 17:04:38', 'T', 'T', 'F', '519847e51965ba20583d318ce9b3d4a13d56c8c6', '212.95.5.18', 1, 'own', NULL),
(4, 3, 'sandro@alpstria.com', 0x803d2e358b2e41823609a8c8082d1e09, 'Aleksandre Ioseliani', '00436764316618', '2019-12-09 20:42:03', '2020-06-24 21:54:19', '2019-12-09 20:42:03', 'F', 'T', 'F', '93e4c1da0c4be77ed02deba1432b137069e6a787', NULL, 1, 'own', NULL),
(5, 3, 'gio@alpstria.com', 0x7f1b5ec042ddebaf2a05a5a7f11b753e, 'Georgios Papagiannopoulos', '00436766809102', '2019-12-09 20:46:09', '2022-04-01 11:30:09', '2020-03-06 14:50:20', 'F', 'T', 'F', 'f53aadadd3a8a8f9213ef87dcac1df2b750fadaa', '46.125.249.107', 1, 'own', NULL),
(6, 3, 'kazbek@alpstria.com', 0x993fd1f7bd72e35d7bad9920e0bc5c35, 'Kazbek Akhmedov', '00436764142011', '2019-12-09 20:57:32', '2023-11-14 16:49:17', '2019-12-09 20:57:32', 'F', 'T', 'F', 'c9622ba0e20fac5f95335e8cb2f2278367f0c135', '89.144.198.77', 2, 'own', NULL),
(7, 3, 'mehmet@alpstria.com', 0x0151bbf3dd2c00dd89865a13da5a576e, 'Mehmet Eker', '00436502071414', '2019-12-09 21:02:25', '2021-06-30 22:30:17', '2019-12-09 21:02:25', 'F', 'T', 'F', 'de692c917441e8be565d9b72b0d88788b9f0a119', NULL, 1, 'own', NULL),
(8, 3, 'ruslan@alpstria.com', 0x27ee0708f653fbb8aab3f13385fb8fa3, 'Ruslan Astamirov', '00436769500102', '2019-12-09 21:06:11', '2023-02-15 18:32:01', '2019-12-09 21:06:11', 'F', 'T', 'F', '46176bc354106579205082ac1fde55a67f2f76d3', '213.162.80.155', 2, 'own', NULL),
(9, 3, 'ismailg@alpstria.com', 0x7ec54b2ec4038f408089a7a23497517d, 'Ismail Gündüz', '00436766259242', '2019-12-09 21:07:48', '2023-10-18 05:27:13', '2019-12-09 21:07:48', 'F', 'T', 'F', 'f13cd66423b63c6211e290e56d0c021b6ee5e190', '213.162.80.81', 2, 'own', NULL),
(10, 3, 'islam@alpstria.com', 0xced3edfa52b538c6f7469b9ec40e9471, 'Islamkhan Kaipaev', '00436641310515', '2019-12-09 21:09:51', '2020-03-16 12:44:46', '2019-12-09 21:09:51', 'F', 'T', 'F', 'd8dc51e89a5abe4dd3b6241e1f7dfba7bb7aaeba', '89.144.204.138', 1, 'own', NULL),
(11, 3, 'michail@alpstria.com', 0xd8e3f5fe82081b29f469ebbb52096778, 'Kosmas Michail Mouzakitis', '00436649437805', '2019-12-09 21:14:06', '2022-07-31 19:42:52', '2019-12-09 21:14:06', 'F', 'T', 'F', 'e737027091c3e540f05e693a228ed48a5ae899d9', '91.141.2.13', 1, 'own', NULL),
(12, 3, 'turan6197@gmail.com', 0x7ec54b2ec4038f408089a7a23497517d, 'Ismail Turan', '00436766161361', '2019-12-09 21:23:04', '2022-08-22 11:21:25', '2019-12-09 21:23:04', 'F', 'T', 'F', '999720780f16ceb9c30a501f0305705bfead796c', NULL, 2, 'own', NULL),
(13, 3, 'abbas@alpstria.com', 0x8a6436d54a8acd4d99cabbf8a2cd3512, 'Abbas Makayev', '00436609995577', '2019-12-09 21:34:45', '2023-09-22 00:21:40', '2019-12-13 23:21:05', 'F', 'T', 'F', 'b1ec6942cd91e94c353cafcd583dee47336fb7b7', '91.141.1.13', 2, 'own', NULL),
(14, 3, 'arif@alpstria.com', 0x9b7267cd5d2d7da06f572f664d7670df, 'Arif Cara ', '00436603511000', '2019-12-11 14:04:47', '2022-12-16 18:56:56', '2019-12-20 08:18:52', 'F', 'T', 'F', 'c067160610f8b922f177df52af434ec20aa17386', '83.175.70.68', 1, 'own', NULL),
(15, 3, 'emrahsvl@icloud.com', 0xaeeb98654213eeef73ebe27c7c9b738d, 'Emrah Savul', '00436767883868', '2019-12-11 15:06:57', '2020-10-01 08:23:07', '2019-12-11 15:06:57', 'F', 'T', 'F', '0c6076ddf0274147faae99066ed33bb349ca6c9a', '80.110.112.197', 2, 'own', NULL),
(16, 3, 'office@austriancabcompany.com', 0xe3a6c71c400e0e8fd1a74f98049e6455, 'ACC Personenbeförderung GmbH', '004369919971805', '2019-12-11 16:56:59', '2022-12-11 12:06:37', '2019-12-11 16:56:59', 'F', 'T', 'F', 'a53a9c932d4c1fa1e8206fb7b651b57169790395', NULL, 2, 'own', NULL),
(17, 3, 'shamil@alpstria.com', 0xecf6870db70dda71eeba9faebec2fec8, 'Shamil Khazgereev', '00436763144332', '2019-12-11 17:07:20', '2021-12-15 18:56:43', '2020-01-06 06:06:51', 'F', 'T', 'F', '91badbc101438b2dc2669a4596728470499207a8', '213.162.80.112', 2, 'own', NULL),
(18, 3, 'taner@alpstria.com', 0x43bf344c0991b9110ff4bf8f435379bf, 'Taner Vural', '00436766405300', '2019-12-11 21:40:24', '2024-06-29 19:42:55', '2019-12-11 21:40:24', 'T', 'T', 'F', 'b883dd922d8b09dcc55d130ef524afda07dbfda8', '83.175.68.251', 1, 'partner', NULL),
(19, 3, 'asterios@alpstria.com', 0xfe96e74e60243c40fc399db1571954bf, 'Asterios Papachristos', '00436603470741', '2019-12-12 09:59:54', '2020-03-18 17:56:11', '2019-12-12 09:59:54', 'F', 'T', 'F', 'c76aa5059f4ceea1b7af55b56293dee8a4371df6', '91.141.2.12', 1, 'own', NULL),
(20, 3, 'spyridon@alpstria.com', 0x15f48783cdcbcc4a508eb9548957479c, 'Spyridon Vathis', '004367763444933', '2019-12-12 17:51:12', '2021-01-14 17:00:42', '2019-12-12 17:51:12', 'F', 'T', 'F', '2f018d1cd54da0fb5e89576ad3b9f9cdf32dff3f', '194.118.204.42', 1, 'own', NULL),
(21, 3, 'konstantinos@alpstria.com', 0xe2367ed7546b75eaeb199559a58310d6, 'Konstantinos Avraam', '004367763444935', '2019-12-12 17:52:10', '2020-08-15 16:08:58', '2019-12-12 17:52:10', 'F', 'T', 'F', '52b00b5b341e0a852848de66f6d4224e05008bef', NULL, 1, 'own', NULL),
(22, 3, 'konstantinos2@alpstria.com', 0x92acaa7cf25a02f4755cb6d7643bbcaa, 'Konstantinos Diamantogiannis', '004367763444934', '2019-12-12 17:53:19', '2020-03-15 13:41:52', '2019-12-12 17:53:19', 'F', 'T', 'F', '489fc65a5602d6f86682d9019684799954705b8d', NULL, 1, 'own', NULL),
(23, 3, 'stefanos@alpstria.com', 0xf7dc28c71afb1271883d775476be8ffd, 'Stefanos Tsiklitaras', '004367763444932', '2019-12-12 17:54:17', '2020-01-04 16:48:02', '2019-12-12 17:54:17', 'F', 'T', 'F', '487bc94d0e8c0d19778625fb74185c9f2232eb78', NULL, 1, 'own', NULL),
(24, 3, 'erkan@alpstria.com', 0xa7d6ec5a08b9d99bd652ef60da9141a8, 'Erkan Ünlü', '00436644440822', '2019-12-13 17:37:53', '2022-10-29 16:25:44', '2019-12-13 17:37:53', 'F', 'T', 'F', '4a1db858ebcc2ffc20501a829d77cb940b327def', '212.186.9.86', 2, 'own', NULL),
(25, 3, 'ramazan@alpstria.com', 0xf6889ba1aeb2a30ac3fd37a7889df018, 'Ramazan Ünlü', '00436769730664', '2019-12-13 17:38:35', '2024-02-06 19:15:31', '2019-12-13 17:38:35', 'T', 'T', 'F', '4564d6cc7f13b33487cb99071cbf00320866bb28', '78.132.19.12', 2, 'own', NULL),
(26, 3, 'ozcan@alpstria.com', 0xff81247a19c268db1a681c19d53c7360, 'Özcan Aksoy', '00436601903337', '2019-12-13 17:46:16', '2022-04-26 15:07:19', '2019-12-13 17:46:16', 'F', 'T', 'F', '0273ff4379a1249a273915bd0f02737661a02739', NULL, 1, 'own', NULL),
(27, 3, 'necati@alpstria.com', 0xca4e25f6abae68a31252b77495336d8a, 'Necati Acikel', '00436603010088', '2019-12-13 18:58:24', '2024-04-06 15:59:02', '2019-12-13 18:58:24', 'T', 'T', 'F', '03f79b2a0e71433a98bb6fc5b685b165209771fb', '213.162.81.53', 2, 'partner', NULL),
(28, 3, 'sametdolek42@gmail.com', 0xc83a262cce896baec991b69027ac4b49, 'Samet Dölek', '00436641252625', '2019-12-13 20:49:07', '2024-09-30 21:23:33', '2021-12-23 19:17:47', 'T', 'T', 'F', 'd9025c91d52378740540b6552be368e0db32fb72', '89.144.195.112', 2, 'partner', NULL),
(29, 3, 'office@taxi-alps-express.com', 0x8afe1dd9e74d36b27bf8b44f52220a1e, 'Bülent Vural', '00436763052593', '2019-12-13 20:58:27', '2021-10-22 10:03:45', '2019-12-13 20:58:27', 'F', 'T', 'F', '636294f54fbe9269a7253398ece80bd4232f7025', NULL, 1, 'own', NULL),
(30, 3, 'mehmettaxi@gmail.com', 0x0f6426847bc11dc14afd7a6f2738bf90, 'Mehmet Aydemir', '00436764600980', '2019-12-13 21:00:19', '2020-03-10 20:07:09', '2019-12-13 21:00:19', 'F', 'T', 'F', '01b71cabafe5dcf39da5a4fd55278a434dc284f9', '213.162.80.10', 2, 'own', NULL),
(31, 3, 'office@express-taxi-innsbruck.com', 0xd26a38501a5d948f6c4f9a538b086bc7, 'Yusuf Sarikaya', '00436605101951', '2019-12-13 21:18:12', '2024-09-06 16:33:02', '2019-12-13 21:18:12', 'T', 'T', 'F', 'bcb68053c7f18a5572f64679d28ad6a86a4cb71c', NULL, 1, 'partner', NULL),
(32, 3, 'offiice@airport-taxi-innsbruck.net', 0xd250720c5e2f31b332d15b7442705920, 'Hüseyin Cebecier', '00436763829964', '2019-12-13 21:21:14', '2024-07-26 08:36:48', '2019-12-13 21:21:14', 'T', 'T', 'F', '1e72d90a017a3c6955102636af86d615af0579e7', NULL, 1, 'own', NULL),
(33, 3, 'office@travel-taxi.at', 0x10cd8f7951d98bf29102d8c6f9f84cd1, 'Mutlu Karatas', '004369919660023', '2019-12-13 21:27:33', '2021-12-20 20:28:54', '2019-12-13 21:27:33', 'F', 'T', 'F', '3ec0b4269677e7edf2c461d42df57652057bd03b', '213.225.34.122', 2, 'own', NULL),
(34, 3, 'info@alpen-taxi-innsbruck.com', 0x1eea965971c434b059b3c4f2d5f09169, 'Mustafa Mermertas', '00436764222645', '2019-12-13 21:28:51', '2024-06-10 23:22:11', '2019-12-13 21:28:51', 'T', 'T', 'F', '3ff2e835604b153dc6209333294acd8e4175a29d', NULL, 1, 'partner', NULL),
(35, 3, 'cuneyt_kart@hotmail.com', 0x2f146f09ffe8d0217ceb01a3ebff84b2, 'Cüneyt Kart', '00436766809848', '2019-12-14 18:26:50', '2020-03-01 12:40:50', '2019-12-14 18:26:50', 'F', 'T', 'F', 'bab4fbc578b842a0f87d8b33fcfe478bf7dccd55', NULL, 1, 'own', NULL),
(36, 3, 'mahmoudsayed6666@yahoo.de', 0xa03b3bcdaa1daeb5112fea00ab67cd7d, 'Mahmud Sayed', '00436609396368', '2019-12-18 15:27:39', '2021-02-19 09:06:54', '2019-12-18 15:27:39', 'F', 'T', 'F', '891ef5a73728bbf7a39986b9fdcdf3bb7ec5b422', '188.23.176.50', 2, 'own', NULL),
(37, 3, 'info@austransfer.at', 0x46ba38782f103ec70d9b11634784e642, 'Ali Sivritepe', '00436642030380', '2019-12-18 16:42:53', '2024-02-08 12:34:18', '2019-12-18 16:42:53', 'T', 'T', 'F', '00c38fd9b2335ffedb50c7257dfff293e166033f', '80.120.170.2', 2, 'partner', NULL),
(38, 3, 'serhat@alpstria.com', 0x2f5176800ea80dd2403cdb6f27474130, 'Serhat Karaman', '00436604421214', '2019-12-19 09:09:15', '2023-01-09 16:04:32', '2019-12-19 09:09:15', 'F', 'T', 'F', '8384bec1863db0d9f9bc4fae6e259c00c914472d', NULL, 1, 'own', NULL),
(39, 3, 'abdullah@alpstria.com', 0x24dd35a2b0accdec7867118b22cbf156, 'Abdullah Sirin', '00436767023333', '2019-12-19 18:05:49', '2024-08-17 21:21:57', '2019-12-19 18:05:49', 'T', 'T', 'F', '418f0f1837ebea334c2964b860a0f2fcbc039e20', NULL, 2, 'partner', NULL),
(40, 3, 'ahmet_kocak96@icloud.com', 0x9c9108579e3e9aaddd5b978b195844b9, 'Ahmet Kocak', '00436769032135', '2019-12-19 20:19:12', '2020-02-20 22:36:52', '2019-12-19 20:19:12', 'F', 'T', 'F', '3cd803ef244ae2c8fee114b96c7bc2d788af3e0e', NULL, 2, 'own', NULL),
(41, 3, 'info@taxi-leo.at', 0x74bc113a1a1eddaa860a3ef588a5d2c9, 'Leo Berisha ', '00436508608158', '2019-12-20 11:19:02', '2022-03-06 13:16:18', '2019-12-20 11:19:02', 'F', 'T', 'F', '6803aa8c4ca637fc1348c80dc578b62e316f981b', NULL, 2, 'own', NULL),
(42, 3, 'ahmetkarakoc@alpstria.com', 0x9c9108579e3e9aaddd5b978b195844b9, 'AHMET KARAKOC', '00436767984766', '2019-12-20 15:43:08', '2024-10-19 18:22:49', '2019-12-20 15:43:08', 'T', 'T', 'F', '63c717e98b4a0d016a7d435892afb8586f4ae38d', NULL, 2, 'own', NULL),
(43, 3, 'aliosman@alpstria.com', 0x1db6dda1431e426f4f627b643da6572b, 'Ali Osman Yilmaz', '00436764181552', '2019-12-20 17:35:29', '2023-07-04 20:54:14', '2019-12-20 17:35:29', 'F', 'T', 'F', '3bc039f9eceed08744571349058356889954f5e0', NULL, 2, 'own', NULL),
(44, 3, 'bulut@alpstria.com', 0x9788e28fa9cf159e1fc792f42632a089, 'H&uuml;seyin Bulut', '00436605247380', '2019-12-21 16:55:16', '2024-03-28 08:49:34', '2019-12-21 16:55:16', 'T', 'T', 'F', '161e0f6a3cca9508d84e4650d0cf5c4c8b95c07c', '77.119.131.221', 2, 'partner', NULL),
(45, 3, 'arthurbregenz@alpstria.com', 0x95805ef918c95dbc8ff91357650a616b, 'Arthur Bregenz ', '00436605603898', '2019-12-25 17:11:35', '2020-05-11 10:53:29', '2019-12-25 17:11:35', 'F', 'T', 'F', '4fb7c9885d63fd720a43de782497fe8381792f06', NULL, 2, 'own', NULL),
(46, 3, 'cango@alpstria.com', 0x9f10875b1ae76a17f49c55877b5e0a39, 'cango', '0041779965272', '2019-12-27 12:16:12', '2024-08-27 18:08:48', '2019-12-27 12:16:12', 'T', 'T', 'F', 'b6bf3303f2e5ede95a638b897f4d6ff99ebac056', NULL, 1, 'partner', NULL),
(47, 2, 'office@abc-taxi-innsbruck.com', 0x5e0c552b6602937d8542b63010ef9fc4, 'Dispatch-Team', '+436769346370', '2019-12-31 15:40:58', '2024-05-16 17:46:57', '2023-11-28 11:24:08', 'F', 'T', 'F', 'b6d9139891f4b3d56f540014dfbf7ff2b0f95025', '83.175.73.240', NULL, 'own', NULL),
(48, 1, 'kontakt@civiwebdesign.at', 0x03099c3f64d288f2bb9050696f90fc83c17680ad33c33570d89bea847ea2c5e4, 'Webmaster2', '+436769346370', '2019-12-31 15:45:59', '2023-03-11 12:44:08', '2022-05-04 13:33:22', 'F', 'T', 'F', '5c60a6866fd635fd5e7ed65cd6227953bc86452f', '83.175.73.240', NULL, 'own', NULL),
(49, 3, 'faruk@alpstria.com', 0x844427e1da7dbbd665424091eb5238dd, 'Faruk Sahin', '00436765349227', '2020-01-01 14:03:59', '2023-09-30 16:31:33', '2020-01-01 14:03:59', 'F', 'T', 'F', '8b81624ed485ae26cf351cbf38698a774126992c', NULL, 2, 'own', NULL),
(50, 3, 'erdalaydin@alpstria.com', 0x4afc8dd10a8000825a8101958bbc327e, 'Erdal Aydin', '00436769614077', '2020-01-03 13:08:05', '2022-06-12 02:22:31', '2020-01-03 13:08:05', 'F', 'T', 'F', '7a0ff33613490d32d72ddf65d82beb856c63705c', NULL, 2, 'own', NULL),
(52, 3, 'ks@alpstria.com', 0x0b1a7628bb0255d05e2ebf4dc879a9c5, 'Kemal Sarikaya', '00436769032096', '2020-01-04 17:25:49', '2020-01-09 14:49:34', '2020-01-04 17:25:49', 'F', 'T', 'F', '11ab62d585f921f692c4fd5457045b73e619db55', NULL, 1, 'own', NULL),
(53, 3, 'ak@alpstria.com', 0x642eecbac4e2516be38b7aecfb4fa083, 'Ahmet Kursun', '00436606271901', '2020-01-07 14:04:33', '2020-05-06 15:03:42', '2020-05-06 16:06:13', 'F', 'T', 'F', 'ec93497b663986ef3cad1f20cfdabadd78eefe33', '213.162.80.101', 2, 'own', NULL),
(54, 3, 'bojan@alpstria.com', 0xbcd3c8556bf1736212b3e27a8b3a4861, 'Bojan Djuric', '004369911166374', '2020-01-08 09:57:32', '2020-01-21 19:43:49', '2020-01-08 09:57:32', 'F', 'T', 'F', 'c5d5ba222ecda7f3688fc5824f6cd590fc70c73e', NULL, 2, 'own', NULL),
(55, 3, 'ka@alpstria.com', 0xe9c57c97cd9c2255287441a9e6143258, 'Konstantinos Anasontris', '00306986804033', '2020-01-09 20:23:51', '2021-11-11 06:59:13', '2020-01-09 20:23:51', 'F', 'T', 'F', '44fab7652b657d25007492a298117efb0d3197ac', NULL, 1, 'own', NULL),
(56, 3, 'Bilo@alpstria.com', 0xdf9bc52daa071e1352e2c77849b0b6bc, 'BILAL GÖKD', '00436505720412', '2020-01-10 11:26:40', '2024-08-24 19:58:29', '2020-01-10 11:26:40', 'T', 'T', 'F', '10448f8361af8f8e0d978604cd6d2323c23940e9', '213.162.80.70', 2, 'own', NULL),
(58, 3, 'erkanbicer@alpstria.com', 0xa7d6ec5a08b9d99bd652ef60da9141a8, 'Erkan Bicer', '00436767417223', '2020-01-14 10:14:54', '2023-03-06 17:06:00', '2020-01-14 10:14:54', 'F', 'T', 'F', '25baa0471661daa3d02fef2de0f895f06e0c59a0', NULL, 2, 'own', NULL),
(59, 3, 'uy@alpstria.com', 0xc61ece7bdf9e90970fddb92abd86c69f, 'Umut Yalcin', '00436766715131', '2020-01-22 16:35:59', '2020-03-11 12:55:46', '2020-01-22 16:35:59', 'F', 'T', 'F', '7691c662d916194568e97baf0e3089e2cc44e662', '91.141.0.207', 2, 'own', NULL),
(60, 3, 'ekrem@alpstria.com', 0xb7d58e070d7d244ae99c0aa911c1f8ea, 'Ekrem Temel', '00436767554491', '2020-01-23 13:42:44', '2022-02-26 18:46:13', '2020-01-23 13:51:05', 'F', 'T', 'F', '41cdb65fb90dc2ffde4e687d23ab089e55c4d2c7', '46.125.250.80', 2, 'own', NULL),
(61, 3, 'oktay@alpstria.com', 0x22e526d88e7407f1448c8b50c6416a1f, 'Oktay Can', '00436607090567', '2020-01-29 10:29:26', '2020-01-29 10:35:22', '2020-01-29 10:29:26', 'F', 'T', 'F', '13793c92491f76f487042095d396f799d0c7e862', NULL, 2, 'own', NULL),
(62, 3, 'sy@alpstria.com', 0xc38ac9969966eea5e48644422788d242, 'Senol Yalman', '00436765631969', '2020-01-29 15:20:54', '2020-02-14 00:12:43', '2020-01-29 15:20:54', 'F', 'T', 'F', 'a5d07357da9668d90311db5c8ccc00a8f4fc897f', NULL, 1, 'own', NULL),
(63, 3, 'civi@alpstria.com', 0xea4496a66b0cb0d7985224ef203f6cff, 'Bahattin Civi', '+436506142333', '2020-01-30 16:34:13', '2020-01-31 18:25:54', '2020-01-30 16:34:13', 'F', 'T', 'F', 'bea5962caf145bcc5e75740ebe33815818b1ed7a', NULL, 1, 'own', NULL),
(64, 3, 'ek@alpstria.com', 0xa09fec41e97045eeea2ceb432345c011, 'Ecevit Karademir', '00436765035642', '2020-01-30 16:51:07', '2020-03-16 09:39:03', '2020-01-30 16:51:07', 'F', 'T', 'F', '9b7c6e095470b9d81a88e1cd3df763a9a1f20219', '213.162.80.176', 2, 'own', NULL),
(65, 3, 'ibrahim@alpstria.com', 0xeb98da0eb8a8f84c89d2a9441ef6efd8, 'Ibrahim Meral', '00436769026863', '2020-02-04 14:53:26', '2020-03-18 10:49:21', '2020-02-04 14:53:26', 'F', 'T', 'F', '533d663e5bc3f53c36d6ea170844139e325396ca', NULL, 2, 'own', NULL),
(66, 3, 'Yildiray@alpstria.com', 0x5409805dfa03d1dc1fb0d942c5338a02, 'Yildiray Ural', '004369915006464', '2020-02-05 17:23:21', '2020-07-15 16:25:33', '2020-02-05 17:38:55', 'F', 'T', 'F', 'e67246e461585405b8e32e51130ddafc2d2bad68', '91.141.0.163', 2, 'own', NULL),
(67, 3, 'dk@alpstria.com', 0xe56664af8a1d9619bc993370104e7ca9, 'DEVRAN KARADEMIR', '00436769019447', '2020-02-09 12:41:19', '2024-09-24 16:55:03', '2020-02-09 12:41:19', 'T', 'T', 'F', '525b4eb86df19491f059a1e015d8ec52b85b2470', '178.115.67.234', 2, 'own', NULL),
(68, 3, 'ba@alpstria.com', 0x547f2483a2fa08ca71fe09ac9de70887, 'Bajsangur Ahmetov', '00436607786227', '2020-02-10 13:34:05', '2020-02-27 16:07:00', '2020-02-10 13:34:05', 'F', 'T', 'F', '34828a28001807d8eb835cf0190cd5bb541beb38', NULL, 1, 'own', NULL),
(69, 3, 'aslan@alpstria.com', 0x3b8f501d05ffa5d4d43054379961e0dc, 'Ali Aslan', '00436607629736', '2020-02-14 13:11:58', '2024-03-21 09:21:47', '2023-03-23 18:53:03', 'T', 'T', 'F', 'fcc7101b1f64c30df8fa2c81e4160c8013496f6c', '83.175.81.12', 2, 'partner', NULL),
(70, 3, 'Dimitrios@alpstria.com', 0x34846270246130de802cca819dff62a6, 'Dimitrios Kelfotis ', '+4368184837089', '2020-02-17 14:52:05', '2020-08-25 10:05:46', '2020-02-17 14:52:05', 'F', 'T', 'F', '4894c467be436f10567d24632a1bd1c30842564c', NULL, 1, 'own', NULL),
(71, 3, 'Serdar@alpstria.com', 0x372f11c10db734823a58722907313c53, 'Serdar Gövem', '00436766307101', '2020-02-18 17:35:28', '2020-03-20 15:49:17', '2020-02-18 17:35:28', 'F', 'T', 'F', '6a996ac6b3bbc948a692b1e042483bf6402fa1ce', NULL, 2, 'own', NULL),
(72, 3, 'ali@alpstria.com', 0x2731962a54aa4b9839ba0849a0148a40, 'Ali Ugur', '+436649177155', '2020-03-04 15:26:47', '2020-03-07 23:20:05', '2020-03-04 15:26:47', 'F', 'T', 'F', 'e3d4abe487e70af815fad97ebc8c0a16835283e4', NULL, 1, 'own', NULL),
(73, 3, 'aslanbay@alpstria.com', 0xfe1d049de2dfc10f1607789b004f1c9f, 'Mücahit Aslanbay', '00436767433198', '2020-03-05 12:10:33', '2020-03-05 13:15:31', '2020-03-05 12:10:33', 'F', 'T', 'F', '07e4db3d2034bfb0f48cd0f5297e898790d8708d', NULL, 1, 'own', NULL),
(74, 3, 'ab@alpstria.com', 0x9ad1a257ea24c981849027b69d64444a, 'Abdürrahim Bezen', '00436763813688', '2020-03-06 18:26:49', '2020-03-07 12:00:41', '2020-03-06 18:26:49', 'F', 'T', 'F', '6ded6a3e05d32efdc679860931ceb4801b88bb30', NULL, 2, 'own', NULL),
(75, 3, 'mo@alpstria.com', 0x4431dba82a7fe5730adfad1634825f6c, 'Murat Ögreten', '00436765771952', '2020-03-07 16:55:56', '2020-03-25 11:30:54', '2020-03-07 16:55:56', 'F', 'T', 'F', 'c261a665074fc6c41dc1ce177683e31bd988deab', NULL, 1, 'own', NULL),
(76, 3, 'fk@alpstria.com', 0x120f3c12dbaf99627742333cafff26bd, 'Fatih Kozanhan', '00436769400223', '2020-03-08 10:20:35', '2020-03-16 10:44:47', '2020-03-08 10:20:35', 'F', 'T', 'F', 'e4ac79391d995b4338757049392d6d444c2a9ace', NULL, 2, 'own', NULL),
(77, 3, 'hazem@alpstria.com', 0xd0e90e7426768c1eb991da9fb2fe5294, 'Hazem', '00436769029343', '2020-03-08 18:27:05', '2021-10-05 20:11:11', '2020-03-08 18:27:05', 'F', 'T', 'F', '4cfc38191dd51e78afd888be1519ecc990793518', NULL, 2, 'own', NULL),
(78, 3, 'Mesut@alpstria.com', 0x2aa4c88ff4f8b21527551029eefc5c29, 'MESUT YALC', '+43 664 99777096', '2020-09-04 14:19:50', '2024-07-09 07:49:41', '2020-09-04 14:19:50', 'T', 'T', 'F', '898166220a4a9fbcd29642eb61c52aac3ec106a8', '84.115.234.49', 2, 'own', NULL),
(79, 3, 'halil@alpstria.com', 0x48ed11048f4eb378922888a601bf30b2, 'HALIL BABER', '+436502715064', '2021-11-03 16:10:25', '2024-10-25 14:49:06', '2021-11-03 16:10:25', 'T', 'T', 'F', '5b26fa9fc74b87858934c52498686226136eb538', '178.115.78.234', 2, 'own', NULL),
(80, 3, 'cankaya@alpstria.com', 0xac1a9c84a331e4ae9016a0dba43a64fe, 'Türker Cankaya', '‪+43 676 5001815‬', '2021-11-17 19:58:36', '2024-10-23 16:22:49', '2021-11-17 19:58:36', 'T', 'T', 'F', 'a8f1447c410f7cc4bd848d39933402a822f3c939', NULL, 2, 'own', NULL),
(81, 3, 'MAHAMUDAhmed@alpstria.com', 0x477f9f70ebb0d2f4141025f932735f5c, 'Ahmed Mahamud', '00436607086189', '2021-12-10 13:01:19', '2022-04-19 01:12:57', '2021-12-10 13:09:57', 'F', 'T', 'F', '9945e08d15dd2453ec5bbd6be66e3776deb48a2e', '91.141.76.128', 1, 'own', NULL),
(82, 3, 'osman.mohamed@alpstria.com', 0xf605a8c84673ca8eb5736ad6f9d3522e, 'MOHAMED OSMAN', '004368864654610', '2021-12-10 13:07:50', '2024-04-29 19:10:44', '2024-01-27 20:34:34', 'T', 'T', 'F', '8e74a8101cbd1cd7f908b3f0fd36245cc1edaf95', '83.137.6.57', 1, 'own', NULL),
(83, 3, 'Robert@alpstria.com', 0x5b36bed36e993dd15eedc3f924b34163, 'Robert Löschnig', '00436801198550', '2021-12-12 09:23:01', '2022-01-14 15:58:49', '2021-12-12 09:23:01', 'F', 'T', 'F', 'dab1de0ab9de53b423e404d048651d399a87227a', NULL, 2, 'own', NULL),
(84, 3, 'erkansayin@alpstria.com', 0x727980da5335d23a4cbaddcf9799bf14, 'ERKAN SAYIN', '00436764871468', '2021-12-12 10:28:07', '2024-10-28 07:32:44', '2024-09-16 07:42:37', 'T', 'T', 'F', '297dc2c278a0001f32d84531ac1719dfe931fce2', '213.162.80.155', 2, 'own', NULL),
(85, 3, 'alikadioglu@alpstria.com', 0xa5df77467f881eb4ddf335e1af89132f, 'Ali Kadioglu', '004369915616161', '2021-12-12 10:31:08', '2021-12-16 11:09:43', '2021-12-12 10:31:08', 'F', 'T', 'F', 'd54dffeb697bbbab571acc11ad95070a3530ba5e', NULL, 2, 'own', NULL),
(86, 3, 'aydincakir@alpstria.com', 0xa181e4fa7d30ab6d28b246bfa90f4f99, 'Aydin Cakir', '00436503904358', '2021-12-12 10:51:03', '2021-12-28 22:00:30', '2021-12-12 10:51:03', 'F', 'T', 'F', 'b6a4f4b71d9d1381a269c018a16af7b29e286430', NULL, 1, 'own', NULL),
(87, 3, 'bariskmen@alpstria.com', 0xa45fa629da82312c81f7126e415593f4, 'BARIS SÖKMEN', '00436766803878', '2021-12-12 11:20:57', '2024-03-09 00:43:46', '2021-12-12 11:20:57', 'T', 'T', 'F', '0d8f4995fe2b5dbffb528ca5dfe51516e6443b4c', NULL, 2, 'own', NULL),
(88, 3, 'abay@alpstria.com', 0xe4669f44aba2e8f2ab7bcb1ff214c95d, 'Mehmet Nasir Abay', '00436767818167', '2021-12-13 10:35:24', '2024-05-07 14:02:38', '2021-12-13 10:35:24', 'T', 'T', 'F', '5c026041f125536d05198f9e4384197e7a111185', NULL, 1, 'own', NULL),
(89, 3, 'olad@alpstria.com', 0x31662bdc7176c2841b6fc78ffd29dea0, 'Abdirizak Olad', '00436649504504', '2021-12-15 12:15:30', '2022-07-29 01:52:12', '2021-12-15 12:15:30', 'F', 'T', 'F', '68ae4c49dc3851369f0131673c4d6c83352702e9', NULL, 2, 'own', NULL),
(90, 3, 'daniel@alpstria.com', 0x0c065ee7623546cf9ace0d05d1a8bfcb, 'Daniel', '00436764430885', '2021-12-15 20:54:25', '2021-12-17 20:16:31', '2021-12-15 20:54:25', 'F', 'T', 'F', 'c05215b2172ab1bf5406e830a4ea04f1d18bf4ba', NULL, 1, 'own', NULL),
(91, 3, 'erhan@alpstria.com', 0xac822acccc2ab466fa210820963eb9e5, 'ERHAN HOTAK', '00436769294096', '2021-12-16 10:12:13', '2024-07-19 21:01:06', '2021-12-16 10:12:13', 'T', 'T', 'F', '8931ed41fd808bdf94f93a4f5a33ee092f10fafa', NULL, 2, 'own', NULL),
(92, 3, 'serkan@alpstria.com', 0x7a46ae43c15d40145cfc48a39a3386eb, 'Serkan Sayin', '00436764665501', '2021-12-16 14:35:23', '2022-12-20 07:58:31', '2021-12-16 14:35:23', 'F', 'T', 'F', 'ac61b65b748a8e3ed6636b91b7b840b082ef4336', NULL, 2, 'own', NULL),
(93, 3, 'jenny@alpstria.com', 0xb369b6d17dee39aba3553e282cc2ce6c, 'Jenny Spiegel', '004369911145884', '2021-12-16 15:22:49', '2022-03-04 13:10:54', '2021-12-16 15:22:49', 'F', 'T', 'F', 'a1612207de60b2f72f4f2129c7e6e8391562238c', NULL, 2, 'own', NULL),
(94, 3, 'ali61@alpstria.com', 0x46a5bc30efb5027ba42d92ab3895789a, 'Ali Ücüncü', '00436764405480', '2021-12-18 13:08:07', '2024-05-01 23:23:09', '2021-12-18 13:08:07', 'T', 'T', 'F', 'f30bc00f70126ebeaa00e81e863ba09ced30bd64', NULL, 2, 'partner', NULL),
(95, 3, 'Hasan@alpstria.com', 0x762b15051ba2c9ac602c358b50ae0ee7, 'Hasan Acikbas', '006765415451', '2021-12-18 17:13:07', '2024-10-05 18:24:41', '2021-12-18 17:13:07', 'T', 'T', 'F', '45c86acbf7785a588399860206f7c7d1a8c20f23', NULL, 2, 'partner', NULL),
(96, 3, 'Florian@alpstria.com', 0xb6cedee3e89ef2026e1e5a7f6f04dda0, 'Florian Hofer', '00436704049724', '2021-12-19 19:32:10', '2022-09-27 07:41:42', '2021-12-19 19:32:10', 'F', 'T', 'F', '0204c248ca0635cba291ec4d86cd483b374a9c36', '62.240.134.153', 2, 'own', NULL),
(97, 3, 'info@airportservice-tirol.com', 0xd3576c29380d0c8ed7a62a3ba863e840, 'Airportservice Tirol GmbH', '06645001212', '2021-12-20 11:53:12', '2024-05-24 14:53:48', '2022-03-17 19:57:24', 'T', 'T', 'F', 'ee2c54b27e142bf7ffacf0455583923cbf24c496', '83.219.163.53', 2, 'partner', NULL),
(99, 3, 'Alinasir@alpstria.com', 0xcad167e754bf3b07504ff2727cde9db0, 'Mohamed Ali Nasir Khalil', '00436505718404', '2021-12-21 17:33:37', '2022-02-04 12:26:20', '2021-12-21 17:33:37', 'F', 'T', 'F', 'b31d11d79f0db48cad57de3dc0d434f6291bf980', NULL, 2, 'own', NULL),
(100, 3, 'ofk@alpstria.com', 0x5648f1df882f3d3988583ee9e690bbde, 'Ömer Faruk Kayaönü', '00436769651773', '2021-12-22 08:33:36', '2024-04-23 11:46:54', '2021-12-22 08:33:36', 'T', 'T', 'F', 'de52a739e1fe34f6d460040a714bac7c8b1d8201', NULL, 2, 'own', NULL),
(101, 3, 'Bayram@alpstria.com', 0x71adbff7f38d7b0fbba8a8a8c7fe47e6, 'Bayram Tekin ', '00436764577006', '2021-12-22 17:01:30', '2022-02-26 08:19:22', '2021-12-22 17:01:30', 'F', 'T', 'F', '72db7e8293ed637518ebb829efe5d534ace4f605', NULL, 2, 'own', NULL),
(102, 3, 'omar@alpstria.com', 0xa94132c378ff1893019523c573337867, 'OMAR PATSHAEV', '004367762625832', '2021-12-24 14:44:50', '2024-09-29 21:12:40', '2022-03-01 16:03:35', 'T', 'T', 'F', '893c37986bd2a383074188ca9f451450e2f742c4', '93.82.88.179', 2, 'own', NULL),
(103, 3, 'MuratK@alpstria.com', 0x02fabfd26e171e13d435987cdd47fdf5, 'MURAT KARABULUT', '06608328311', '2021-12-25 10:04:35', '2024-07-24 16:49:49', '2021-12-25 10:04:35', 'T', 'T', 'F', '6fffb536f4d0c9a71c48933663094c44ab5a2921', NULL, 2, 'own', NULL),
(104, 3, 'Ismail1990@alpstria.com', 0xb543ad919272e8d37b199dff2b5d9274, 'Ismail Abasov', '06601695635', '2021-12-28 14:03:57', '2024-03-25 13:18:55', '2021-12-31 20:26:08', 'T', 'T', 'F', '322db0668967100e7abf7a8f0664a350af41342a', '178.114.119.218', 2, 'partner', NULL),
(105, 3, 'eo@alpstria.com', 0x9fd7191c8fc24144c4d3984b136716b0, 'Emre Özata', '00436765252024', '2021-12-30 10:31:42', '2023-10-14 19:07:41', '2021-12-30 10:31:42', 'F', 'T', 'F', 'a8cd9f02641e61a201ad62f968874fc9df668fc5', NULL, 2, 'own', NULL),
(106, 3, 'Hilmi@alpstria.com', 0x1f0fd27850ee7855c955583d0a29561a, 'Hilmi Yağlı', '00436603747217', '2021-12-30 10:43:32', '2023-04-25 07:28:14', '2021-12-30 10:43:32', 'T', 'T', 'F', '00ae53e81649d298a326820f35b246ee25daab3a', NULL, 2, 'partner', NULL),
(107, 3, 'ilhan@alpstria.com', 0x6dbbcb0c929272d517d32c0c31cc6db4, 'Ilhan Turan', '004369914531461', '2021-12-30 11:29:02', '2022-04-03 16:02:40', '2021-12-30 11:29:02', 'F', 'T', 'F', 'ba8c02bf87e47830324f140ff248baa3f1b8661d', NULL, 2, 'own', NULL),
(108, 3, 'AhmetK@alpstria.com', 0x2b59cc48c1d1f19b25dab83ca5933e6f, 'Ahmet Kocak ', '00436605022120', '2021-12-31 15:12:10', '2022-09-05 18:46:08', '2021-12-31 15:12:10', 'F', 'T', 'F', 'dee6a5a782c69573e240248b982977fe1502feb6', NULL, 2, 'own', NULL),
(109, 3, 'Alicakin@alpstria.com', 0xbb898795474814b15d5eb9b8f567fbdc, 'Ali Cakin ', '00436763504187', '2021-12-31 20:02:35', '2024-09-03 13:44:34', '2021-12-31 20:02:35', 'T', 'T', 'F', 'c7046b8993b0bd2ac42982acd75d3aaaa03b442a', NULL, 2, 'partner', NULL),
(110, 3, 'Erdogan@alpstria.com', 0x3a40e9518bfe72c5e98f5b7a2277b972, 'Erdogan Palta', '00436505151268', '2022-01-01 11:18:50', '2022-01-02 18:15:09', '2022-01-01 11:18:50', 'F', 'T', 'F', 'a67aa06f5ad2030e5238572b23b14214b7ec110c', NULL, 2, 'own', NULL),
(111, 3, 'SerkanA@alpstria.com', 0xd106a9c4d65067a8804306a8daba9754, 'Serkan Acar', '004369917270015', '2022-01-04 15:29:54', '2022-01-04 15:36:11', '2022-01-04 15:29:54', 'F', 'T', 'F', '6515475862163087f96fcf35a573e0b48fd6a029', NULL, 2, 'own', NULL),
(112, 3, 'ozkan@alpstria.com', 0xc75b002eeff0a75322fcac21f172f776, 'Özkan Wedl', '00436764081188', '2022-01-09 10:59:50', '2022-04-18 22:49:06', '2022-01-09 10:59:50', 'F', 'T', 'F', 'e793ed9e15d69d1500f31aa60855089b8101726b', NULL, 2, 'own', NULL),
(113, 3, 'joi@alpstria.com', 0xec4046fcc1ce650ae983aa034f8f75d1, 'Julius Osaigbovo Igiebor', '00436502819188', '2022-01-10 12:15:58', '2022-05-09 16:45:47', '2022-01-10 12:15:58', 'F', 'T', 'F', '62c98076ad1b3e2df35a808241fd63e823a74ffb', NULL, 2, 'own', NULL),
(114, 3, 'Dejan@alpstria.com', 0x0800ee2e2429e473b43e4041dff6fbbf, 'Dejan Miletic', '00436764905980', '2022-01-13 14:32:34', '2022-04-01 11:29:16', '2022-01-13 14:32:34', 'F', 'T', 'F', '1ccf2d2e2168e5e656c9a61f1de62e570eec2d92', NULL, 2, 'own', NULL),
(115, 3, 'Demir@alpstria.com', 0xc7c29e9c5cbee9af1a9a787e710a3604, 'Özbey Demir', '00436644617120', '2022-01-14 16:44:23', '2022-01-21 20:24:34', '2022-01-14 16:44:23', 'F', 'T', 'F', '4aad71147aacd395be734565d0c582406a4213bf', NULL, 2, 'own', NULL),
(116, 3, 'fevzi@alpstria.com', 0x7e5be650e1307d2c4336b461a077d30c, 'Fevzi Koyuncu', '00436763408968', '2022-01-14 17:15:53', '2022-11-02 11:24:43', '2022-01-14 17:15:53', 'F', 'T', 'F', 'a9ff0fc0dd394d8e1537d02b6bd9b79ecfd70fd8', NULL, 2, 'own', NULL),
(117, 3, 'zoran@alpstria.com', 0x50dfae81b8ec8a32ad5170df6537322b, 'Zoran Colic', '00436766713812', '2022-01-16 11:33:30', '2022-01-17 15:27:46', '2022-01-16 11:33:30', 'F', 'T', 'F', '10040b81eb5f918e3d7b0cba2d05b8b2c8aef174', NULL, 2, 'own', NULL),
(118, 3, 'dordic@alpstria.com', 0xa976ac6b10cb6a406446f8146b549611, 'Dragomir Dordic', '00436764405521', '2022-01-17 14:42:11', '2022-01-17 14:44:30', '2022-01-17 14:42:11', 'F', 'T', 'F', 'b03a6f0229b9749fab9b695986071c3e30910815', NULL, 2, 'own', NULL),
(119, 3, 'yurt@alpstria.com', 0x6723401603d34374010bf0829073c024, 'Ali Riza Yurt', '00436765302064', '2022-01-17 15:14:40', '2023-11-13 12:20:30', '2022-01-17 15:14:40', 'F', 'T', 'F', '841793ab0066c7b97a243ba4257d53b2250822d7', NULL, 2, 'own', NULL),
(120, 3, 'sinan@alpstria.com', 0x7db44884b123b47c92b19edaa340d5f6, 'Sinan Baran', '00436506262622', '2022-01-18 11:25:23', '2022-07-18 18:18:54', '2022-01-24 20:54:33', 'F', 'T', 'F', '81daba161442f6674ee3c943e4c29d235e3e4f39', '84.115.225.198', 2, 'own', NULL),
(121, 3, 'ibotekin@alpstria.com', 0x8604e480ad9b29a3249582d35303dbb9, 'ibrahim Tekin', '00436705093965', '2022-01-20 20:09:06', '2022-02-25 11:06:48', '2022-02-05 04:33:00', 'F', 'T', 'F', '6289ae8c22ec8784a7c556648ada6189f6a8c7af', '193.154.99.171', 2, 'own', NULL),
(122, 3, 'dennis@alpstria.com', 0x6bc6a8aac92c89cd5103ca258ed59e9c, 'Dennis Obradovic', '00436649129391', '2022-01-24 11:18:52', '2022-02-09 00:06:41', '2022-01-24 11:18:52', 'F', 'T', 'F', 'e32351d01ba89de80c905e02ad5c850653e4ac06', NULL, 2, 'own', NULL),
(123, 3, 'Georgi22@alpstria.com', 0xcbeaad7e3cf75aa99f13f94313523836, 'Georgi Stefanov', '00436603767876', '2022-02-03 14:18:58', '2022-03-12 08:40:21', '2022-02-03 14:18:58', 'F', 'T', 'F', '99df927b424c91602060d50f250173cca9e6fa0b', NULL, 2, 'own', NULL),
(124, 3, 'emregunal@alpstria.com', 0x0c6441048f34ab11033c74b887392f4d, 'Emre Günal', '+43 676 9008112', '2022-02-04 17:08:15', '2023-02-17 19:43:14', '2022-02-04 17:08:15', 'F', 'T', 'F', '69f2e7f8d2e3550fe3c4300427ea9c2e7a46b304', '46.125.250.65', 2, 'own', NULL),
(125, 3, 'Abdulle@alpstria.com', 0x99bb290cd436a38810a7762fe0abddba54cbe28a49567abb824539e3d51c047f7b2a2ed5d050149052fc9d4a0f13bb6f, 'Abdikarem Abdulle', '004368864155015', '2022-02-10 09:36:31', '2022-02-28 13:14:35', '2022-02-10 09:36:31', 'F', 'T', 'F', '5d6501f087f1c347b0545498858553a491df9ee9', NULL, 1, 'own', NULL),
(126, 3, 'tamer.mahmut@gmx.at', 0xde5c7d00e2723f55ef6d4fb2dab14628, 'Mahmut Tamer', '00436766459650', '2022-02-11 15:27:11', '2022-06-03 12:16:09', '2022-02-11 15:27:11', 'F', 'T', 'F', '955eab8293222f2cb3c9809c06f0d22a29a433b3', NULL, 2, 'own', NULL),
(127, 3, 'dogankaan5@gmail.com', 0xc7c674262ada3f42a3544a27134b4054, 'Kaan Dogan', '00436602167314', '2022-02-25 15:43:16', '2022-03-07 18:07:47', '2022-02-25 15:43:16', 'F', 'T', 'F', 'e2f285ba253c38a548f15ab8e9f43cd936b63b2a', NULL, 2, 'own', NULL),
(128, 3, 'cumali@alpstria.com', 0x32a1c722a7ccb90ca711c9279bc78d11, 'Cumali Keskin', '00436606409798', '2022-03-16 13:53:54', '2024-03-30 12:23:51', '2022-03-16 13:53:54', 'T', 'T', 'F', '260549267cfb24944ccae22c312ebb5bd0cdb2c2', '84.115.232.254', 2, 'partner', NULL),
(129, 3, 'sologan@alpstria.com', 0x852a0b87634ace9cc8710223a466f788, 'Solagan semsettin', '00436767023820', '2022-07-08 21:55:28', '2022-08-20 02:45:08', '2022-07-08 21:55:28', 'F', 'T', 'F', '3573b09f549a64cbcdad309a5910fb4b11880562', NULL, 2, 'own', NULL),
(130, 3, 'Osmang@alpstria.com', 0x1e13e4e2141bd1a2d72f45586566c76f, 'Gökmen Osman', '0660 5470341', '2022-10-07 12:52:30', '2023-02-05 22:12:12', '2022-10-07 12:52:30', 'F', 'T', 'F', 'ce40b0e459a871b7c7bbf776f32f7304ac0ccfbf', NULL, 2, 'own', NULL),
(131, 3, 'Burakhazar@alpstria.com', 0x65570d2f17ce715bda19618c8609a077, 'Burak Hazar', '00436604877766', '2022-11-22 12:10:32', '2023-01-03 13:17:30', '2022-11-22 12:10:32', 'F', 'T', 'F', 'b5475663fb17a046165aba405f2ac65e82995f1a', NULL, 2, 'own', NULL),
(132, 3, 'cemsen@alpstria.com', 0x89b3f0ace758c6bc5a798003b2f0aa00, 'Cem Sen', '00436607271975', '2022-11-22 12:14:14', NULL, '2022-11-22 12:14:14', 'F', 'T', 'F', NULL, NULL, 2, 'own', NULL),
(133, 3, 'tekin@alpstria.com', 0xf759820f932fa3e0250f6c81dfce0297, 'IBRAHIM TEKIN', '00436705093965', '2022-11-22 12:15:52', '2024-04-02 20:16:16', '2022-11-22 12:15:52', 'T', 'T', 'F', 'ab2396bbfff50defa2c6dea3fffd08180b4b568d', NULL, 2, 'own', NULL),
(134, 3, 'Marko@alpstria.com', 0x55ef902b0bddfd8743f62717aca78841, 'Marko Porta', '00436641322354', '2022-11-22 12:16:38', NULL, '2022-11-22 12:16:38', 'F', 'T', 'F', NULL, NULL, 2, 'own', NULL),
(135, 3, 'Mohamed@alpstria.com', 0x1f8d93a1c8153f4f6674c3187934a27c, 'Mohamed Abdulkadir', '00436766026070', '2022-11-22 12:18:25', '2023-03-03 11:50:21', '2022-11-22 12:18:25', 'F', 'T', 'F', '442d667b4435df89abad1dfb434ec26692a35481', '77.119.195.11', 1, 'own', NULL),
(136, 3, 'Oguzhan@alpstria.com', 0x4f1c3b3871549137cac8accecab95a15, 'Oguzhan Ulger', '00436609091438', '2022-11-22 12:19:32', '2023-09-23 02:47:52', '2022-11-22 12:19:32', 'F', 'T', 'F', 'c7764d5c098f6693dbe46dde3faf74a827d95fa1', NULL, 2, 'own', NULL),
(137, 3, 'sukru@alpstria.com', 0xe26cd781219dcec46013d4023fde9513, 'SÜKRÜ DAGDELEN', '00436605151464', '2022-11-22 12:21:20', '2024-10-27 20:58:23', '2022-11-22 12:21:20', 'T', 'T', 'F', '42cf1391abd096c2baf3e16261a259c0eb5d59b7', NULL, 2, 'own', NULL),
(138, 3, 'adam@alpstria.com', 0x40c7f822c48dc8b203274186c47b17a3, 'Adam Abdullahi', '00436764660065', '2022-11-22 12:24:18', '2022-12-04 19:45:44', '2022-11-22 12:24:18', 'F', 'T', 'F', 'b35afdef953223c5b3bfeac8f79221548c2701c8', NULL, 1, 'own', NULL),
(139, 3, 'nasr@alpstria.com', 0xd661e677b4139495a3de4470615e3eff, 'Nasr Aly', '004366499231333', '2022-12-01 13:09:33', '2022-12-03 18:06:08', '2022-12-01 13:09:33', 'F', 'T', 'F', '7b30a2b4893ba3e4301db62f77d4c9f1532da76c', NULL, 2, 'own', NULL),
(140, 3, 'feridun@alpstria.com', 0x42b10ad0422fef73af24d81435f8f751, 'Feridun Subay', '+436606050610', '2022-12-03 10:41:27', '2022-12-04 08:15:26', '2022-12-03 10:41:27', 'F', 'T', 'F', '567d62fa718a3e5636070fd1226d08c6eaa2a115', NULL, 2, 'own', NULL),
(141, 3, 'yusufdurmus@alpstria.com', 0x7a00ff14e34e16a1946fc0ddc091e374, 'yusuf Durmus', '00436767173671', '2022-12-09 09:52:32', NULL, '2022-12-09 09:52:32', 'F', 'T', 'F', NULL, NULL, 2, 'own', NULL),
(142, 3, 'ayyildiz@alpstria.com', 0xc8c1aaf00d4559bd3ed55280f1407a02, 'Ahmet Ayyildiz', '00436763894225‬', '2022-12-10 14:51:46', '2023-05-24 09:16:00', '2022-12-10 14:51:46', 'F', 'T', 'F', '4a04402d4136e92bcbf68b3388bd097c5952f651', NULL, 1, 'own', NULL),
(143, 3, 'kadir@alpstria.com', 0xa3cd888cf9baacd5fc1d5f29259d5a3e, 'Kadir Gümüs', '00436608254969', '2022-12-12 08:52:51', '2023-04-10 12:38:23', '2022-12-12 08:52:51', 'F', 'T', 'F', '07ad5242e8df1ea46bcece5f46f84c4a71ea7522', NULL, 2, 'own', NULL),
(144, 3, 'Akan@alpstria.com', 0xa8bdd6cef1e878dcdcd52bdc79a91524, 'ÜNVER AKAN', '06601012189', '2022-12-14 10:38:59', '2024-10-25 11:12:19', '2022-12-14 10:38:59', 'T', 'T', 'F', '69f794c9efbab398e82b14cc2ade30c4203722f7', '31.141.50.187', 2, 'own', NULL),
(145, 3, 'Aylin@alpstria.com', 0xa8bdd6cef1e878dcdcd52bdc79a91524, 'AYLIN VURAL', '00436765736132', '2022-12-14 21:55:13', '2024-10-26 09:17:05', '2022-12-14 21:55:13', 'T', 'T', 'F', '9895b8db5c3de198b97c43aad82eb88b305b0011', NULL, 2, 'own', NULL),
(146, 3, 'muzo@alpstria.com', 0x61dcaf3d48c8d4c34c94a280f2721399, 'Muzaffer Görün', '004368864802798', '2022-12-15 17:50:50', '2023-02-13 13:37:08', '2022-12-15 17:50:50', 'F', 'T', 'F', 'b39d2466344ef55251a923f2590133bb0aa06bc1', NULL, 1, 'own', NULL),
(147, 3, 'savas@alpstria.com', 0x5608d38f37971d29aebe0fc39a246a5d, 'Kartal', '068181102874', '2022-12-15 18:13:28', '2022-12-22 14:13:48', '2022-12-15 18:13:28', 'F', 'T', 'F', '68da4eab94d7f77caaac7da0759ff5990bc1c016', '80.110.13.238', 2, 'own', NULL),
(148, 3, 'hakan@alpstria.com', 0x5b11a16ae61f3dae5f870b36db68c706, 'Hakan yen', '00436765839268', '2022-12-18 14:07:04', '2023-02-05 10:16:44', '2022-12-18 14:07:04', 'F', 'T', 'F', '09c2c9a59722cb6d001ade623a60afa3839e7bcb', NULL, 2, 'own', NULL),
(149, 3, 'Bunni@alpstria.com', 0x9acfbfd5698f7c97018b2a4f28c8ddd8, 'Bünni', '00436765906878', '2022-12-20 12:33:38', '2024-06-05 15:38:34', '2022-12-20 12:33:38', 'T', 'T', 'F', '90cc3f92f2a479481aed3741c7784527928754e4', NULL, 2, 'partner', NULL),
(150, 3, 'Dragan@alpstria.com', 0xee254050b6131d3126ea0cb3e5d0521d, 'Jugovic Dragan', '00436767304835', '2022-12-23 12:03:59', '2023-02-10 17:12:18', '2022-12-23 12:03:59', 'F', 'T', 'F', 'f4523f740296040f05a70fd3167d960e61080a3a', NULL, 2, 'own', NULL),
(151, 3, 'Tarik@alpstria.com', 0xacd9d4ac6fffe01153c5dcf8307c9dbe, 'Tarik Özer', '0676844635267', '2022-12-29 13:38:33', '2023-11-22 12:31:41', '2022-12-29 13:38:33', 'F', 'T', 'F', '23c0441471591463cab57ede219bd7c3c548a2d0', NULL, 2, 'own', NULL),
(152, 3, 'Dogan@alpstria.com', 0xe3d570ec21d5120834c5d651717585d4, 'Dogan Ibrahim', '004369010416813', '2022-12-30 14:36:34', '2023-03-15 13:51:22', '2022-12-30 14:36:34', 'F', 'T', 'F', '14ec3ee3310f9eca9ef698638aec4624028128f6', NULL, 2, 'own', NULL),
(153, 3, 'Ozgur@alpstria.com', 0x330606bbb9607bf4638d8e3f19d6d9a4, 'Özgür Özkan', '004368184449181', '2023-01-05 16:19:47', '2023-07-15 22:55:28', '2023-01-05 16:19:47', 'F', 'T', 'F', '72e4c1064117406d69c0e4f4423da81a67d82bdf', '83.175.92.178', 1, 'own', NULL),
(154, 3, 'Ridvan@alpstria.com', 0xaece96c41aca36bf3f847de66e66cade, 'Ridvan Sayan', '+43 660 2000707', '2023-01-07 11:05:29', '2023-04-03 16:12:34', '2023-01-07 11:05:29', 'F', 'T', 'F', '82b60f9e179f1ef9b471a75e08ff0a12ede4a204', NULL, 2, 'own', NULL),
(155, 3, 'ucuncu@alpstria.com', 0x3aafb5781d0d0500147cbd99343a23a7, 'Murat ucuncu', '00436601176509', '2023-01-11 15:41:43', '2024-09-20 11:10:58', '2023-01-11 15:41:43', 'T', 'T', 'F', '0a59273abca01c9384240f4fc7db40209e335cf1', '213.162.80.74', 2, 'partner', NULL),
(156, 3, 'solak@alpstria.com', 0xf2e5768d4f6ef7b954a416c810607f73, 'Harun Solak', '00436767515038', '2023-01-19 16:39:48', '2024-10-24 20:25:49', '2023-01-19 16:39:48', 'T', 'T', 'F', 'be25050f4faa74ffe898bc2c1a2785a9955d1f28', '213.142.96.52', 2, 'partner', NULL),
(157, 3, 'zoltan@alpstrial.com', 0x1a5b0ea99cb3c46f929db924c43fc313, 'TRAUBERT ZOLTAN', '004368120271950', '2023-01-23 10:26:18', '2024-09-05 15:54:02', '2023-01-23 10:26:18', 'T', 'T', 'F', 'c645d00c536b99cf153ea2f4cb18305a57f72cad', NULL, 2, 'own', NULL),
(158, 3, 'Huseyin@alpstria.com', 0x2fd73b6b5b86bbcd282e51a002686a69, 'Huseyin Sahin', '00436769258272', '2023-01-27 11:41:53', '2024-03-08 09:36:04', '2023-01-27 11:41:53', 'T', 'T', 'F', 'd1f9b5e9fd2dd1328818802c4aeb71c1bb4f6d61', NULL, 2, 'partner', NULL),
(159, 3, 'akin@alpstria.com', 0x6c8dcbf0a83480564083b5c5980a0213, 'Ugur Akin', '00436767306464', '2023-01-27 11:46:25', '2024-04-16 20:31:26', '2023-01-27 11:46:25', 'T', 'T', 'F', '112d97c33693170b35834baedc47b000248b765f', NULL, 2, 'partner', NULL),
(160, 3, 'volkan@alpstria.com', 0x42bae0b232e9e7961e04f003058353a0, 'VOLKAN YANIK', '0043660 9260603', '2023-01-31 15:56:38', '2023-02-03 21:51:22', '2023-01-31 15:56:38', 'F', 'T', 'F', '98735b407ced26891c09288311e332697af538ac', NULL, 1, 'own', NULL),
(161, 3, 'isgoren@alpstria.com', 0xeb98da0eb8a8f84c89d2a9441ef6efd8, 'Ibrahim Isgören', '+43660 8331097', '2023-02-03 14:11:50', '2023-09-15 23:35:30', '2023-02-03 14:11:50', 'F', 'T', 'F', '6f84b66009197929865805199c603ce51fa08dc5', NULL, 1, 'own', NULL),
(162, 3, 'safiye@alpstria.com', 0xfde61ade447a5d79fea62e5fc5b655e1, 'Safiye Yalcinkaya', '00436642410129', '2023-02-10 17:07:45', '2024-03-22 14:53:58', '2023-02-10 17:07:45', 'T', 'T', 'F', '346df668a20de56a98e1958ae363836f7cb22254', NULL, 2, 'own', NULL),
(163, 3, 'Boran@alpstria.com', 0x7fbf1858150d40822885dd38132c11b5, 'Boran yigiter', '00434617375', '2023-02-10 17:21:17', '2023-10-01 01:33:25', '2023-02-10 17:21:17', 'F', 'T', 'F', 'db44666a21e924dfe6b521c90716aebd6145c1af', NULL, 2, 'own', NULL),
(164, 3, 'Gunal@alpstria.com', 0xca45f7b08213087667704b9aef155356, 'Günal Abdulkerim', '0043660844009', '2023-02-24 12:31:53', '2023-04-10 22:37:37', '2023-02-24 12:31:53', 'F', 'T', 'F', 'c21d7d31ef9133678bc987b8b646c35ac47cfbee', NULL, 2, 'own', NULL),
(165, 3, 'fares@alpstria.com', 0x2492c9ac511b4a55a7d3f9d142a147f9, 'Fares abdelhamid', '004369910682320', '2023-02-27 12:49:18', '2023-06-20 15:39:24', '2023-02-27 12:49:18', 'T', 'T', 'F', '503ae7c063c76fe391a0825538adb91f8aa14234', NULL, 2, 'partner', NULL),
(166, 3, 'Joel@alpstria.com', 0xccaf73fa0f0f83e53a43fbf055d38b5c, 'Joel Priboj', '00436766236401', '2023-03-15 16:05:17', '2023-04-26 12:59:53', '2023-03-15 16:05:17', 'F', 'T', 'F', 'bdd38f27b637bd4defe8ab132e2b2b9faba514ff', NULL, 2, 'own', NULL),
(167, 3, 'Dejanvasic@alpstria.com', 0x38bdf2e9ba13e1fd0ea80568675fbe17, 'Dejan Vasic', '+43 676 7003282', '2023-08-10 11:24:03', NULL, '2023-08-10 11:24:03', 'F', 'T', 'F', NULL, NULL, 2, 'own', NULL),
(168, 3, 'jama@alpstria.com', 0x55e57918939a217ac73686c7b74b3f8c, 'JAMA MOHAMED', '00436507270495', '2023-09-05 21:48:18', '2024-09-17 19:21:14', '2023-12-14 11:48:25', 'T', 'T', 'F', '8d97571484bb615e6affa32692a8e1686b8f806b', '213.162.80.26', 1, 'own', NULL),
(169, 3, 'ilker@alpstria.com', 0x6ce921c2d818c8a0876825f85ab0fcac, 'ILKER SOLOGAN', '+436767023820', '2023-09-08 18:00:06', '2024-01-16 23:17:46', '2023-09-08 18:00:06', 'T', 'T', 'F', '57b891c4055aec5cb4b1e972b44f084d6a469d9a', NULL, 1, 'own', NULL),
(170, 3, 'Ivanov@alpstria.com', 0xd24cd403583c2be6c472fce7f2303229, 'ROSEN IVANOV', '004368181808064', '2023-11-11 00:18:26', '2024-10-27 19:34:15', '2023-11-11 00:18:26', 'T', 'T', 'F', 'e98e27c0bdd3ff21559c04a7e6414f616c1afaba', NULL, 2, 'own', NULL),
(171, 3, 'musa@alpstria.com', 0x340abb501f43bc474ac20d1d09be0b7d, 'MUSA CEYLAN', '00436765313285', '2023-11-11 00:21:09', '2024-10-24 09:54:18', '2023-11-11 00:21:09', 'T', 'T', 'F', 'ef814dd7a29bc7f1abb385c591348a5c2fba9c19', NULL, 2, 'own', NULL),
(172, 3, 'Anil@alpstria.com', 0x0282a5e03c4482451b1ba8740d8b4221, 'ANIL CEYLAN', '00436764409492', '2023-11-11 00:23:00', '2024-03-03 15:27:11', '2023-11-11 00:23:00', 'T', 'T', 'F', 'd30facfefe0e766876e63036f5e60a2558b22d18', '91.141.47.219', 2, 'own', NULL),
(173, 3, 'kaplan@alpstria.com', 0xe0aa995f42abb38d4edfd647b7db8d89, 'KENAN KAPLAN', '004367642774095', '2023-11-11 00:24:34', '2024-04-03 09:32:11', '2023-11-11 00:24:34', 'T', 'T', 'F', '3943992374e2794fd076942c0ff80231c417de49', '78.132.98.79', 2, 'own', NULL),
(174, 3, 'polat@alpstria.com', 0xfc91069bb93aa60d65b2f644c9c81f1d, 'IKBAL POLAT', '00436769724098', '2023-11-11 00:26:32', '2024-10-05 11:40:51', '2023-11-11 00:26:32', 'T', 'T', 'F', 'cf4dc2db10efe7942f1746d92d0be717b91de18b', '80.92.118.27', 2, 'own', NULL),
(175, 0, 'guelec@alpstria.com', 0xe9665ab4facaf726fd9129199fed928c, 'Bülent Gülec', '+436767335964', '2023-11-16 07:48:44', NULL, '2023-11-16 07:48:44', 'F', 'T', 'F', NULL, NULL, 2, 'own', NULL),
(176, 0, 'gulec@alpstria.com', 0xe9665ab4facaf726fd9129199fed928c, 'Bülent Gülec', '+436767335964', '2023-11-16 07:57:39', NULL, '2023-11-16 07:57:39', 'T', 'T', 'F', NULL, NULL, 2, 'own', NULL),
(177, 3, 'bulent@alpstria.com', 0xe9665ab4facaf726fd9129199fed928c, 'BÜLENT GÜLEC', '+436767335964', '2023-11-16 08:04:10', '2024-10-20 20:39:05', '2023-11-16 08:04:10', 'T', 'T', 'F', 'f79caadb8b0a532e24915b4172a6d0dee589ef40', NULL, 2, 'own', NULL),
(178, 3, 'irmak@alpstria.com', 0x2d052c37ffa3bc2a783372df859e2a68, 'BEKIR IRMAK', '+436764258604', '2023-11-16 08:08:51', '2024-02-28 11:33:37', '2023-11-16 08:08:51', 'T', 'T', 'F', '2204fa2b0ba48a554fb29031c33933def32dc93f', NULL, 2, 'own', NULL),
(179, 3, 'gencer@alpstria.com', 0xc584fdac6d0b11e7e6405f72dc74bb4b, 'OSMAN GENCER', '+436767515566', '2023-11-16 08:12:29', '2024-10-25 13:26:46', '2023-11-16 08:12:29', 'T', 'T', 'F', 'ecb4dc0af02d0757db33dc6eb84261154ab52420', '213.162.81.139', 2, 'own', NULL),
(180, 3, 'm.polat@alpstria.com', 0xfc91069bb93aa60d65b2f644c9c81f1d, 'MUSTAFA POLAT', '+436764617027', '2023-11-16 08:15:11', '2024-06-15 14:59:43', '2023-11-16 08:15:11', 'T', 'T', 'F', '750f1b6f2bcbcf0d3766fe728b2954a35ff2d76b', '213.162.81.107', 2, 'own', NULL),
(181, 3, 'unlu@alpstria.com', 0x61244dba8e1dd70e354fa47d7bfa40df, 'SERKAN ÜNLÜ', '+436601596003', '2023-11-18 18:06:26', '2024-07-07 00:21:23', '2023-11-18 18:06:26', 'T', 'T', 'F', '9c5e8d3a682440571667f7fe04ea35e73fdec1aa', NULL, 2, 'own', NULL),
(182, 3, 'boncuk@alpstria.com', 0x653fbc51f8ddb4b773566f86f8fced4e, 'Abdurrahman Boncuk', '+436606577086', '2023-11-24 13:12:20', '2024-04-08 16:36:26', '2023-11-24 13:12:20', 'T', 'T', 'F', 'f15627e22b6d6c21e35189f3162b124e6fba8945', '91.141.46.222', 2, 'own', NULL),
(183, 3, 'karademir@alpstria.com', 0xb811f7de77a08a38b9a34ae7454c4726, 'Mehmet Karademir', '+436605958547', '2023-11-24 13:15:21', '2024-06-29 19:41:57', '2023-11-24 13:15:21', 'T', 'T', 'F', 'c884caebf467f7ea5dd562001de8cfc90b31b68b', NULL, 1, 'own', NULL),
(184, 3, 'bayoglu@alpstria.com', 0x0044fa0589b2aee566d1745f9ea0ca09, 'Salih Bayoglu', '+436764181607', '2023-11-30 09:35:48', '2024-10-20 18:05:27', '2023-11-30 09:35:48', 'T', 'T', 'F', '723a78334f213da1b5d7bbc080712444fba0a80a', NULL, 2, 'own', NULL),
(185, 3, 'Resul@alpstria.com', 0x4ac2851095bc74a7690602f7e824f41e, 'Resul Sahbaz', '00436767899280', '2023-11-30 23:30:53', '2024-01-17 17:26:39', '2023-11-30 23:30:53', 'T', 'T', 'F', '1e6de8cc337b07670711f59dcea0a71674267e35', NULL, 2, 'own', NULL),
(186, 3, 'Bayraktar@alpstria.com', 0xa3f8ee2d430eb8e1d2ff4ffd4e9c97bb, 'Erdinc Bayraktar', '00436765904003', '2023-12-07 13:23:20', '2024-10-20 17:55:06', '2023-12-07 13:23:20', 'T', 'T', 'F', 'e3a8cf776a2672435e3994241538e3ca91f1e90a', NULL, 2, 'own', NULL),
(187, 3, 'temizkan@alpstria.com', 0xe080d64bb4c87ce6ccdb2f18990350fb, 'Tuncay Temizkan', '00435424244', '2023-12-07 14:07:38', '2024-04-13 19:38:40', '2023-12-07 14:07:38', 'T', 'T', 'F', '6f2df753e60341227fc569a568301c9518571e90', NULL, 2, 'own', NULL),
(188, 3, 'ibrahimd@alpstria.com', 0x2111e2d45c960cd88b4f47c3bde0121d, 'Ibrahim demir', '00436765302965', '2023-12-12 12:02:57', '2024-09-09 16:25:05', '2023-12-12 12:02:57', 'T', 'T', 'F', 'bdee4f35252dd8e673e639736c75f27136074009', NULL, 2, 'partner', NULL),
(189, 3, 'yakup1@alpstria.com', 0x41355fada9048eaf4ac1b6c52229f7b3, 'Yakup Ilhan', '00436606422333', '2023-12-14 11:14:33', '2024-10-20 19:27:21', '2023-12-14 11:14:33', 'T', 'T', 'F', 'b6b39c5247ad8ed39a2080ea0a6982b61f0e696b', '91.141.76.121', 2, 'own', NULL),
(190, 3, 'Mahmut@alpstria.com', 0x4eb2e04529069d6b2bde93cc744627b3, 'Mahmut 842', '00436763366534', '2023-12-14 19:00:11', '2024-10-18 09:03:21', '2023-12-14 19:00:11', 'T', 'T', 'F', '8f8a8d6ef5744bdc216decf6c981955288c70524', NULL, 2, 'partner', NULL),
(191, 3, 'askin@alpstria.com', 0x8db3d63e469b245b0d3259aa83291e46, 'Askin Kalafat', '00436766200762', '2023-12-15 10:30:38', '2024-04-06 16:59:06', '2023-12-15 10:30:38', 'T', 'T', 'F', 'ffea0e1fb92873037a36dfeac99f729ebfefc8b1', '84.115.232.84', 2, 'partner', NULL),
(192, 3, 'remzi@alpstria.com', 0xf3d199bce290d5650f8b1ece972e9dfe, 'Remzi Ünlü', '004367762488618', '2023-12-15 13:45:54', '2024-04-10 00:03:03', '2023-12-15 13:45:54', 'T', 'T', 'F', 'b4873e3e528b1c9874e06f5c418ea7a2598d803f', '217.14.230.147', 2, 'own', NULL),
(193, 3, 'uluhan@alpstria.com', 0x83bf7b47ca92d8e85cbf556172fa1a53, 'emre uluhan', '00436766233403', '2023-12-20 19:12:45', '2024-01-26 23:15:36', '2023-12-20 19:12:45', 'T', 'T', 'F', '7e79138cb04230c494fe6df6231abad1f0fc9be6', NULL, 2, 'own', NULL),
(194, 3, 'nihat@alpstria.com', 0xb30f2bb9066a8d5ae6cb7cd755b6ce22, 'Nihat Tosun', '00436769056869', '2023-12-31 15:06:28', '2024-04-07 17:24:28', '2023-12-31 15:06:28', 'T', 'T', 'F', 'fab122c2617d99974f840d3f215148f4ff7b496a', NULL, 2, 'own', NULL),
(195, 3, 'ahmet.f.a@alpstria.com', 0x86ee9abab8c8ddfedbb2f3438ae45a97, 'AHMET FARUK ACAR', '00436769106742', '2024-01-11 13:22:11', '2024-04-05 13:11:04', '2024-01-11 13:22:11', 'T', 'T', 'F', '4b3a5b088547e5b26d1771f4a1ed928f0022c7dd', '178.165.195.94', 2, 'own', NULL),
(196, 3, 'serkan123@alpstria.com', 0x280df96e82a08d73a558262402e083c3, 'SERKAN ERKAN', '+43 676 5411907', '2024-01-11 13:25:40', '2024-09-15 17:39:17', '2024-01-11 13:25:40', 'T', 'T', 'F', 'd55ba8402b6f58f715a597a7866beba9dc1bfbce', NULL, 2, 'own', NULL),
(197, 3, 'alici@alpstria.com', 0xff378f5bafe996e1e2714a931723acd1, 'Furkan Alici', '+436766914531', '2024-01-20 18:57:43', '2024-01-22 08:48:29', '2024-01-20 18:57:43', 'T', 'T', 'F', 'a25382ae76c334daa4fbad8df69c6785fe236769', NULL, 1, 'own', NULL);
INSERT INTO `transfer_plugin_auth_users` (`id`, `role_id`, `email`, `password`, `name`, `phone`, `created`, `last_login`, `pswd_modified`, `status`, `is_active`, `locked`, `login_token`, `ip`, `locale_id`, `type_of_driver`, `general_info_for_driver`) VALUES
(198, 3, 'muratov@alpstria.com', 0x625710c24c4b8906e69b9f4867588b59, 'ASAB MURATOV', '00 43 676 7306805', '2024-01-30 13:28:57', '2024-10-20 17:54:43', '2024-01-30 13:28:57', 'T', 'T', 'F', '1521c6c61928ac3a35d8ac8ff12394e229926c8b', NULL, 2, 'own', NULL),
(199, 3, 'mitic@alpstria.com', 0xdc765b0fc71f939350fe5db1a7dd6fe9, 'Aldin Mitic', '+436765603455', '2024-02-01 17:21:51', '2024-02-19 16:10:08', '2024-02-01 17:21:51', 'F', 'T', 'F', '9210fe8fa558ed4180400f139a4da4e4d69d5af4', NULL, 1, 'own', NULL),
(200, 3, 'tefik@alpstria.com', 0xd5caa83e997fb39cf672202a258d86c4, 'tefik ', '00436764701231', '2024-02-09 15:27:59', '2024-03-23 04:58:36', '2024-02-09 15:27:59', 'T', 'T', 'F', 'bd518ef9e2f4bcbc81bd7a4364e4ee27fe93e697', NULL, 1, 'partner', NULL),
(201, 3, 'ural@alpstria.com', 0x0c4e4233bf9d5814c9373b430c67e066, 'ENES URAL', '00436607513040', '2024-02-14 17:12:17', '2024-08-31 01:38:03', '2024-02-14 17:12:17', 'T', 'T', 'F', 'a753e8d7ae1100e1e3684aab76b24c53197c64f4', NULL, 2, 'own', NULL),
(202, 3, 'aykut@alpstria.com', 0xca8ffc8f0bb590ef8065501cc72aa58a, 'AYKUT ILHAN', '00436764384411', '2024-02-22 15:14:52', '2024-10-10 21:20:29', '2024-02-22 15:14:52', 'T', 'T', 'F', 'e9c63b87741b6a82b691cbc87c9cf0c994be79be', NULL, 2, 'own', NULL),
(203, 3, 'talip@alpstria.com', 0x932e97eaae36db40b55247800ea608e4, 'Talip yilmaz', '00436766031994', '2024-02-27 13:55:29', '2024-07-24 12:27:30', '2024-02-27 13:55:29', 'T', 'T', 'F', 'f1e3bc18ae1474caaa1b5985418b750e114d9dce', NULL, 1, 'own', NULL),
(204, 3, 'ucar@alpstria.com', 0xa4edf8b7fc8a2ed34b4c392773274a0e, 'Servan Ucar', '004369919295152', '2024-03-04 15:38:45', '2024-03-22 20:09:52', '2024-03-04 15:38:45', 'T', 'T', 'F', '69facd96f64ae5368b674d521985595c008dbf34', NULL, 2, 'partner', NULL),
(205, 3, 'Omarabdi@alpstria.com', 0xdf3456ffc6d1bca2300579b1490f3351, 'Abdi Hasan Omar', '00436642051269', '2024-03-07 17:08:12', '2024-03-10 18:08:57', '2024-03-07 17:08:12', 'T', 'T', 'F', 'e72df6c8719559b025468c9b909aabc7055ab0e4', NULL, 1, 'own', NULL),
(206, 3, 'soner@alpstria.com', 0x5d3e444cee4691a4eae9b3a7048effb0, 'Soner Saldiran', '00436766347726', '2024-10-07 15:55:13', '2024-10-08 12:59:01', '2024-10-07 15:55:13', 'T', 'T', 'F', 'd5bcf2c030215411eff975aa116863842749cc5e', NULL, 1, 'own', NULL),
(207, 3, 'Test@alpstria.com', 0x0e8d1542fba9cccda7fe039767bbde95, 'Test', '06642410129', '2024-10-19 01:29:51', '2024-10-20 18:23:20', '2024-10-19 01:29:51', 'T', 'T', 'F', '98b43a8bae8eede80ccd79c2394f386fa5991fc7', NULL, 1, 'own', NULL);

-- --------------------------------------------------------

--
-- Tabellenstruktur für Tabelle `transfer_plugin_auth_users_permissions`
--

CREATE TABLE `transfer_plugin_auth_users_permissions` (
  `id` int UNSIGNED NOT NULL,
  `user_id` int UNSIGNED NOT NULL,
  `permission_id` int UNSIGNED DEFAULT NULL
) ENGINE=InnoDB DEFAULT CHARSET=utf8mb3;

--
-- Daten für Tabelle `transfer_plugin_auth_users_permissions`
--

INSERT INTO `transfer_plugin_auth_users_permissions` (`id`, `user_id`, `permission_id`) VALUES
(2634, 1, 1),
(2636, 1, 2),
(2638, 1, 3),
(2640, 1, 4),
(2642, 1, 5),
(2644, 1, 6),
(2646, 1, 7),
(2648, 1, 8),
(2650, 1, 9),
(2652, 1, 10),
(2654, 1, 11),
(2656, 1, 12),
(2658, 1, 13),
(2660, 1, 14),
(2662, 1, 15),
(2664, 1, 16),
(2666, 1, 17),
(2668, 1, 18),
(2670, 1, 19),
(2672, 1, 20),
(2674, 1, 21),
(2676, 1, 22),
(2678, 1, 23),
(2680, 1, 24),
(2682, 1, 25),
(2684, 1, 26),
(2686, 1, 27),
(2688, 1, 28),
(2690, 1, 29),
(2692, 1, 30),
(2694, 1, 31),
(2696, 1, 32),
(2698, 1, 33),
(2700, 1, 34),
(2702, 1, 35),
(2704, 1, 36),
(2706, 1, 37),
(2708, 1, 38),
(2710, 1, 39),
(2712, 1, 40),
(2714, 1, 41),
(2716, 1, 42),
(2718, 1, 43),
(2720, 1, 44),
(2722, 1, 45),
(2724, 1, 46),
(2726, 1, 47),
(2728, 1, 48),
(2730, 1, 49),
(2732, 1, 50),
(2734, 1, 51),
(2736, 1, 52),
(2738, 1, 53),
(2740, 1, 54),
(2742, 1, 55),
(2744, 1, 56),
(2746, 1, 57),
(2748, 1, 58),
(2750, 1, 59),
(2752, 1, 60),
(2754, 1, 61),
(2756, 1, 62),
(2758, 1, 63),
(2760, 1, 64),
(2762, 1, 65),
(2764, 1, 66),
(2766, 1, 67),
(2768, 1, 68),
(2770, 1, 69),
(2772, 1, 70),
(2774, 1, 71),
(2776, 1, 72),
(2778, 1, 73),
(2780, 1, 74),
(2782, 1, 75),
(2784, 1, 76),
(2786, 1, 77),
(2788, 1, 78),
(2790, 1, 79),
(2792, 1, 80),
(2794, 1, 81),
(2796, 1, 82),
(2798, 1, 83),
(2800, 1, 84),
(2115, 2, 51),
(2288, 2, 71),
(2461, 2, 72),
(2116, 3, 51),
(2289, 3, 71),
(2462, 3, 72),
(2117, 4, 51),
(2290, 4, 71),
(2463, 4, 72),
(2118, 5, 51),
(2291, 5, 71),
(2464, 5, 72),
(2119, 6, 51),
(2292, 6, 71),
(2465, 6, 72),
(2120, 7, 51),
(2293, 7, 71),
(2466, 7, 72),
(2121, 8, 51),
(2294, 8, 71),
(2467, 8, 72),
(2122, 9, 51),
(2295, 9, 71),
(2468, 9, 72),
(2123, 10, 51),
(2296, 10, 71),
(2469, 10, 72),
(2124, 11, 51),
(2297, 11, 71),
(2470, 11, 72),
(2125, 12, 51),
(2298, 12, 71),
(2471, 12, 72),
(2126, 13, 51),
(2299, 13, 71),
(2472, 13, 72),
(2127, 14, 51),
(2300, 14, 71),
(2473, 14, 72),
(2128, 15, 51),
(2301, 15, 71),
(2474, 15, 72),
(2129, 16, 51),
(2302, 16, 71),
(2475, 16, 72),
(2130, 17, 51),
(2303, 17, 71),
(2476, 17, 72),
(2131, 18, 51),
(2304, 18, 71),
(2477, 18, 72),
(2132, 19, 51),
(2305, 19, 71),
(2478, 19, 72),
(2133, 20, 51),
(2306, 20, 71),
(2479, 20, 72),
(2134, 21, 51),
(2307, 21, 71),
(2480, 21, 72),
(2135, 22, 51),
(2308, 22, 71),
(2481, 22, 72),
(2136, 23, 51),
(2309, 23, 71),
(2482, 23, 72),
(2137, 24, 51),
(2310, 24, 71),
(2483, 24, 72),
(2138, 25, 51),
(2311, 25, 71),
(2484, 25, 72),
(2139, 26, 51),
(2312, 26, 71),
(2485, 26, 72),
(2140, 27, 51),
(2313, 27, 71),
(2486, 27, 72),
(2141, 28, 51),
(2314, 28, 71),
(2487, 28, 72),
(2142, 29, 51),
(2315, 29, 71),
(2488, 29, 72),
(2143, 30, 51),
(2316, 30, 71),
(2489, 30, 72),
(2144, 31, 51),
(2317, 31, 71),
(2490, 31, 72),
(2145, 32, 51),
(2318, 32, 71),
(2491, 32, 72),
(2146, 33, 51),
(2319, 33, 71),
(2492, 33, 72),
(2147, 34, 51),
(2320, 34, 71),
(2493, 34, 72),
(2148, 35, 51),
(2321, 35, 71),
(2494, 35, 72),
(2149, 36, 51),
(2322, 36, 71),
(2495, 36, 72),
(2150, 37, 51),
(2323, 37, 71),
(2496, 37, 72),
(2151, 38, 51),
(2324, 38, 71),
(2497, 38, 72),
(2152, 39, 51),
(2325, 39, 71),
(2498, 39, 72),
(2153, 40, 51),
(2326, 40, 71),
(2499, 40, 72),
(2154, 41, 51),
(2327, 41, 71),
(2500, 41, 72),
(2155, 42, 51),
(2328, 42, 71),
(2501, 42, 72),
(2156, 43, 51),
(2329, 43, 71),
(2502, 43, 72),
(2157, 44, 51),
(2330, 44, 71),
(2503, 44, 72),
(2158, 45, 51),
(2331, 45, 71),
(2504, 45, 72),
(2159, 46, 51),
(2332, 46, 71),
(2505, 46, 72),
(2802, 47, 51),
(2804, 47, 71),
(2805, 47, 72),
(2806, 47, 73),
(2807, 47, 74),
(2803, 47, 78),
(2635, 48, 1),
(2637, 48, 2),
(2639, 48, 3),
(2641, 48, 4),
(2643, 48, 5),
(2645, 48, 6),
(2647, 48, 7),
(2649, 48, 8),
(2651, 48, 9),
(2653, 48, 10),
(2655, 48, 11),
(2657, 48, 12),
(2659, 48, 13),
(2661, 48, 14),
(2663, 48, 15),
(2665, 48, 16),
(2667, 48, 17),
(2669, 48, 18),
(2671, 48, 19),
(2673, 48, 20),
(2675, 48, 21),
(2677, 48, 22),
(2679, 48, 23),
(2681, 48, 24),
(2683, 48, 25),
(2685, 48, 26),
(2687, 48, 27),
(2689, 48, 28),
(2691, 48, 29),
(2693, 48, 30),
(2695, 48, 31),
(2697, 48, 32),
(2699, 48, 33),
(2701, 48, 34),
(2703, 48, 35),
(2705, 48, 36),
(2707, 48, 37),
(2709, 48, 38),
(2711, 48, 39),
(2713, 48, 40),
(2715, 48, 41),
(2717, 48, 42),
(2719, 48, 43),
(2721, 48, 44),
(2723, 48, 45),
(2725, 48, 46),
(2727, 48, 47),
(2729, 48, 48),
(2731, 48, 49),
(2733, 48, 50),
(2735, 48, 51),
(2737, 48, 52),
(2739, 48, 53),
(2741, 48, 54),
(2743, 48, 55),
(2745, 48, 56),
(2747, 48, 57),
(2749, 48, 58),
(2751, 48, 59),
(2753, 48, 60),
(2755, 48, 61),
(2757, 48, 62),
(2759, 48, 63),
(2761, 48, 64),
(2763, 48, 65),
(2765, 48, 66),
(2767, 48, 67),
(2769, 48, 68),
(2771, 48, 69),
(2773, 48, 70),
(2775, 48, 71),
(2777, 48, 72),
(2779, 48, 73),
(2781, 48, 74),
(2783, 48, 75),
(2785, 48, 76),
(2787, 48, 77),
(2789, 48, 78),
(2791, 48, 79),
(2793, 48, 80),
(2795, 48, 81),
(2797, 48, 82),
(2799, 48, 83),
(2801, 48, 84),
(2160, 49, 51),
(2333, 49, 71),
(2506, 49, 72),
(2161, 50, 51),
(2334, 50, 71),
(2507, 50, 72),
(2162, 52, 51),
(2335, 52, 71),
(2508, 52, 72),
(2163, 53, 51),
(2336, 53, 71),
(2509, 53, 72),
(2164, 54, 51),
(2337, 54, 71),
(2510, 54, 72),
(2165, 55, 51),
(2338, 55, 71),
(2511, 55, 72),
(2166, 56, 51),
(2339, 56, 71),
(2512, 56, 72),
(2167, 58, 51),
(2340, 58, 71),
(2513, 58, 72),
(2168, 59, 51),
(2341, 59, 71),
(2514, 59, 72),
(2169, 60, 51),
(2342, 60, 71),
(2515, 60, 72),
(2170, 61, 51),
(2343, 61, 71),
(2516, 61, 72),
(2171, 62, 51),
(2344, 62, 71),
(2517, 62, 72),
(2172, 63, 51),
(2345, 63, 71),
(2518, 63, 72),
(2173, 64, 51),
(2346, 64, 71),
(2519, 64, 72),
(2174, 65, 51),
(2347, 65, 71),
(2520, 65, 72),
(2175, 66, 51),
(2348, 66, 71),
(2521, 66, 72),
(2176, 67, 51),
(2349, 67, 71),
(2522, 67, 72),
(2177, 68, 51),
(2350, 68, 71),
(2523, 68, 72),
(2178, 69, 51),
(2351, 69, 71),
(2524, 69, 72),
(2179, 70, 51),
(2352, 70, 71),
(2525, 70, 72),
(2180, 71, 51),
(2353, 71, 71),
(2526, 71, 72),
(2181, 72, 51),
(2354, 72, 71),
(2527, 72, 72),
(2182, 73, 51),
(2355, 73, 71),
(2528, 73, 72),
(2183, 74, 51),
(2356, 74, 71),
(2529, 74, 72),
(2184, 75, 51),
(2357, 75, 71),
(2530, 75, 72),
(2185, 76, 51),
(2358, 76, 71),
(2531, 76, 72),
(2186, 77, 51),
(2359, 77, 71),
(2532, 77, 72),
(2187, 78, 51),
(2360, 78, 71),
(2533, 78, 72),
(2188, 79, 51),
(2361, 79, 71),
(2534, 79, 72),
(2189, 80, 51),
(2362, 80, 71),
(2535, 80, 72),
(2190, 81, 51),
(2363, 81, 71),
(2536, 81, 72),
(2191, 82, 51),
(2364, 82, 71),
(2537, 82, 72),
(2192, 83, 51),
(2365, 83, 71),
(2538, 83, 72),
(2193, 84, 51),
(2366, 84, 71),
(2539, 84, 72),
(2194, 85, 51),
(2367, 85, 71),
(2540, 85, 72),
(2195, 86, 51),
(2368, 86, 71),
(2541, 86, 72),
(2196, 87, 51),
(2369, 87, 71),
(2542, 87, 72),
(2197, 88, 51),
(2370, 88, 71),
(2543, 88, 72),
(2198, 89, 51),
(2371, 89, 71),
(2544, 89, 72),
(2199, 90, 51),
(2372, 90, 71),
(2545, 90, 72),
(2200, 91, 51),
(2373, 91, 71),
(2546, 91, 72),
(2201, 92, 51),
(2374, 92, 71),
(2547, 92, 72),
(2202, 93, 51),
(2375, 93, 71),
(2548, 93, 72),
(2203, 94, 51),
(2376, 94, 71),
(2549, 94, 72),
(2204, 95, 51),
(2377, 95, 71),
(2550, 95, 72),
(2205, 96, 51),
(2378, 96, 71),
(2551, 96, 72),
(2206, 97, 51),
(2379, 97, 71),
(2552, 97, 72),
(2207, 99, 51),
(2380, 99, 71),
(2553, 99, 72),
(2208, 100, 51),
(2381, 100, 71),
(2554, 100, 72),
(2209, 101, 51),
(2382, 101, 71),
(2555, 101, 72),
(2210, 102, 51),
(2383, 102, 71),
(2556, 102, 72),
(2211, 103, 51),
(2384, 103, 71),
(2557, 103, 72),
(2212, 104, 51),
(2385, 104, 71),
(2558, 104, 72),
(2213, 105, 51),
(2386, 105, 71),
(2559, 105, 72),
(2214, 106, 51),
(2387, 106, 71),
(2560, 106, 72),
(2215, 107, 51),
(2388, 107, 71),
(2561, 107, 72),
(2216, 108, 51),
(2389, 108, 71),
(2562, 108, 72),
(2217, 109, 51),
(2390, 109, 71),
(2563, 109, 72),
(2218, 110, 51),
(2391, 110, 71),
(2564, 110, 72),
(2219, 111, 51),
(2392, 111, 71),
(2565, 111, 72),
(2220, 112, 51),
(2393, 112, 71),
(2566, 112, 72),
(2221, 113, 51),
(2394, 113, 71),
(2567, 113, 72),
(2222, 114, 51),
(2395, 114, 71),
(2568, 114, 72),
(2223, 115, 51),
(2396, 115, 71),
(2569, 115, 72),
(2224, 116, 51),
(2397, 116, 71),
(2570, 116, 72),
(2225, 117, 51),
(2398, 117, 71),
(2571, 117, 72),
(2226, 118, 51),
(2399, 118, 71),
(2572, 118, 72),
(2227, 119, 51),
(2400, 119, 71),
(2573, 119, 72),
(2228, 120, 51),
(2401, 120, 71),
(2574, 120, 72),
(2229, 121, 51),
(2402, 121, 71),
(2575, 121, 72),
(2230, 122, 51),
(2403, 122, 71),
(2576, 122, 72),
(2231, 123, 51),
(2404, 123, 71),
(2577, 123, 72),
(2232, 124, 51),
(2405, 124, 71),
(2578, 124, 72),
(2233, 125, 51),
(2406, 125, 71),
(2579, 125, 72),
(2234, 126, 51),
(2407, 126, 71),
(2580, 126, 72),
(2235, 127, 51),
(2408, 127, 71),
(2581, 127, 72),
(2236, 128, 51),
(2409, 128, 71),
(2582, 128, 72),
(2237, 129, 51),
(2410, 129, 71),
(2583, 129, 72),
(2238, 130, 51),
(2411, 130, 71),
(2584, 130, 72),
(2239, 131, 51),
(2412, 131, 71),
(2585, 131, 72),
(2240, 132, 51),
(2413, 132, 71),
(2586, 132, 72),
(2241, 133, 51),
(2414, 133, 71),
(2587, 133, 72),
(2242, 134, 51),
(2415, 134, 71),
(2588, 134, 72),
(2243, 135, 51),
(2416, 135, 71),
(2589, 135, 72),
(2244, 136, 51),
(2417, 136, 71),
(2590, 136, 72),
(2245, 137, 51),
(2418, 137, 71),
(2591, 137, 72),
(2246, 138, 51),
(2419, 138, 71),
(2592, 138, 72),
(2247, 139, 51),
(2420, 139, 71),
(2593, 139, 72),
(2248, 140, 51),
(2421, 140, 71),
(2594, 140, 72),
(2249, 141, 51),
(2422, 141, 71),
(2595, 141, 72),
(2250, 142, 51),
(2423, 142, 71),
(2596, 142, 72),
(2251, 143, 51),
(2424, 143, 71),
(2597, 143, 72),
(2252, 144, 51),
(2425, 144, 71),
(2598, 144, 72),
(2253, 145, 51),
(2426, 145, 71),
(2599, 145, 72),
(2254, 146, 51),
(2427, 146, 71),
(2600, 146, 72),
(2255, 147, 51),
(2428, 147, 71),
(2601, 147, 72),
(2256, 148, 51),
(2429, 148, 71),
(2602, 148, 72),
(2257, 149, 51),
(2430, 149, 71),
(2603, 149, 72),
(2258, 150, 51),
(2431, 150, 71),
(2604, 150, 72),
(2259, 151, 51),
(2432, 151, 71),
(2605, 151, 72),
(2260, 152, 51),
(2433, 152, 71),
(2606, 152, 72),
(2261, 153, 51),
(2434, 153, 71),
(2607, 153, 72),
(2262, 154, 51),
(2435, 154, 71),
(2608, 154, 72),
(2263, 155, 51),
(2436, 155, 71),
(2609, 155, 72),
(2264, 156, 51),
(2437, 156, 71),
(2610, 156, 72),
(2265, 157, 51),
(2438, 157, 71),
(2611, 157, 72),
(2266, 158, 51),
(2439, 158, 71),
(2612, 158, 72),
(2267, 159, 51),
(2440, 159, 71),
(2613, 159, 72),
(2268, 160, 51),
(2441, 160, 71),
(2614, 160, 72),
(2269, 161, 51),
(2442, 161, 71),
(2615, 161, 72),
(2270, 162, 51),
(2443, 162, 71),
(2616, 162, 72),
(2271, 163, 51),
(2444, 163, 71),
(2617, 163, 72),
(2272, 164, 51),
(2445, 164, 71),
(2618, 164, 72),
(2273, 165, 51),
(2446, 165, 71),
(2619, 165, 72),
(2274, 166, 51),
(2447, 166, 71),
(2620, 166, 72),
(2275, 167, 51),
(2448, 167, 71),
(2621, 167, 72),
(2276, 168, 51),
(2449, 168, 71),
(2622, 168, 72),
(2277, 169, 51),
(2450, 169, 71),
(2623, 169, 72),
(2278, 170, 51),
(2451, 170, 71),
(2624, 170, 72),
(2279, 171, 51),
(2452, 171, 71),
(2625, 171, 72),
(2280, 172, 51),
(2453, 172, 71),
(2626, 172, 72),
(2281, 173, 51),
(2454, 173, 71),
(2627, 173, 72),
(2282, 174, 51),
(2455, 174, 71),
(2628, 174, 72),
(2283, 177, 51),
(2456, 177, 71),
(2629, 177, 72),
(2284, 178, 51),
(2457, 178, 71),
(2630, 178, 72),
(2285, 179, 51),
(2458, 179, 71),
(2631, 179, 72),
(2286, 180, 51),
(2459, 180, 71),
(2632, 180, 72),
(2287, 181, 51),
(2460, 181, 71),
(2633, 181, 72);

-- --------------------------------------------------------

--
-- Tabellenstruktur für Tabelle `transfer_plugin_base_countries`
--

CREATE TABLE `transfer_plugin_base_countries` (
  `id` int UNSIGNED NOT NULL,
  `alpha_2` varchar(2) DEFAULT NULL,
  `alpha_3` varchar(3) DEFAULT NULL,
  `status` enum('T','F') NOT NULL DEFAULT 'T'
) ENGINE=InnoDB DEFAULT CHARSET=utf8mb3;

--
-- Daten für Tabelle `transfer_plugin_base_countries`
--

INSERT INTO `transfer_plugin_base_countries` (`id`, `alpha_2`, `alpha_3`, `status`) VALUES
(1, 'AF', 'AFG', 'T'),
(2, 'AX', 'ALA', 'T'),
(3, 'AL', 'ALB', 'T'),
(4, 'DZ', 'DZA', 'T'),
(5, 'AS', 'ASM', 'T'),
(6, 'AD', 'AND', 'T'),
(7, 'AO', 'AGO', 'T'),
(8, 'AI', 'AIA', 'T'),
(9, 'AQ', 'ATA', 'T'),
(10, 'AG', 'ATG', 'T'),
(11, 'AR', 'ARG', 'T'),
(12, 'AM', 'ARM', 'T'),
(13, 'AW', 'ABW', 'T'),
(14, 'AU', 'AUS', 'T'),
(15, 'AT', 'AUT', 'T'),
(16, 'AZ', 'AZE', 'T'),
(17, 'BS', 'BHS', 'T'),
(18, 'BH', 'BHR', 'T'),
(19, 'BD', 'BGD', 'T'),
(20, 'BB', 'BRB', 'T'),
(21, 'BY', 'BLR', 'T'),
(22, 'BE', 'BEL', 'T'),
(23, 'BZ', 'BLZ', 'T'),
(24, 'BJ', 'BEN', 'T'),
(25, 'BM', 'BMU', 'T'),
(26, 'BT', 'BTN', 'T'),
(27, 'BO', 'BOL', 'T'),
(28, 'BQ', 'BES', 'T'),
(29, 'BA', 'BIH', 'T'),
(30, 'BW', 'BWA', 'T'),
(31, 'BV', 'BVT', 'T'),
(32, 'BR', 'BRA', 'T'),
(33, 'IO', 'IOT', 'T'),
(34, 'BN', 'BRN', 'T'),
(35, 'BG', 'BGR', 'T'),
(36, 'BF', 'BFA', 'T'),
(37, 'BI', 'BDI', 'T'),
(38, 'KH', 'KHM', 'T'),
(39, 'CM', 'CMR', 'T'),
(40, 'CA', 'CAN', 'T'),
(41, 'CV', 'CPV', 'T'),
(42, 'KY', 'CYM', 'T'),
(43, 'CF', 'CAF', 'T'),
(44, 'TD', 'TCD', 'T'),
(45, 'CL', 'CHL', 'T'),
(46, 'CN', 'CHN', 'T'),
(47, 'CX', 'CXR', 'T'),
(48, 'CC', 'CCK', 'T'),
(49, 'CO', 'COL', 'T'),
(50, 'KM', 'COM', 'T'),
(51, 'CG', 'COG', 'T'),
(52, 'CD', 'COD', 'T'),
(53, 'CK', 'COK', 'T'),
(54, 'CR', 'CRI', 'T'),
(55, 'CI', 'CIV', 'T'),
(56, 'HR', 'HRV', 'T'),
(57, 'CU', 'CUB', 'T'),
(58, 'CW', 'CUW', 'T'),
(59, 'CY', 'CYP', 'T'),
(60, 'CZ', 'CZE', 'T'),
(61, 'DK', 'DNK', 'T'),
(62, 'DJ', 'DJI', 'T'),
(63, 'DM', 'DMA', 'T'),
(64, 'DO', 'DOM', 'T'),
(65, 'EC', 'ECU', 'T'),
(66, 'EG', 'EGY', 'T'),
(67, 'SV', 'SLV', 'T'),
(68, 'GQ', 'GNQ', 'T'),
(69, 'ER', 'ERI', 'T'),
(70, 'EE', 'EST', 'T'),
(71, 'ET', 'ETH', 'T'),
(72, 'FK', 'FLK', 'T'),
(73, 'FO', 'FRO', 'T'),
(74, 'FJ', 'FJI', 'T'),
(75, 'FI', 'FIN', 'T'),
(76, 'FR', 'FRA', 'T'),
(77, 'GF', 'GUF', 'T'),
(78, 'PF', 'PYF', 'T'),
(79, 'TF', 'ATF', 'T'),
(80, 'GA', 'GAB', 'T'),
(81, 'GM', 'GMB', 'T'),
(82, 'GE', 'GEO', 'T'),
(83, 'DE', 'DEU', 'T'),
(84, 'GH', 'GHA', 'T'),
(85, 'GI', 'GIB', 'T'),
(86, 'GR', 'GRC', 'T'),
(87, 'GL', 'GRL', 'T'),
(88, 'GD', 'GRD', 'T'),
(89, 'GP', 'GLP', 'T'),
(90, 'GU', 'GUM', 'T'),
(91, 'GT', 'GTM', 'T'),
(92, 'GG', 'GGY', 'T'),
(93, 'GN', 'GIN', 'T'),
(94, 'GW', 'GNB', 'T'),
(95, 'GY', 'GUY', 'T'),
(96, 'HT', 'HTI', 'T'),
(97, 'HM', 'HMD', 'T'),
(98, 'VA', 'VAT', 'T'),
(99, 'HN', 'HND', 'T'),
(100, 'HK', 'HKG', 'T'),
(101, 'HU', 'HUN', 'T'),
(102, 'IS', 'ISL', 'T'),
(103, 'IN', 'IND', 'T'),
(104, 'ID', 'IDN', 'T'),
(105, 'IR', 'IRN', 'T'),
(106, 'IQ', 'IRQ', 'T'),
(107, 'IE', 'IRL', 'T'),
(108, 'IM', 'IMN', 'T'),
(109, 'IL', 'ISR', 'T'),
(110, 'IT', 'ITA', 'T'),
(111, 'JM', 'JAM', 'T'),
(112, 'JP', 'JPN', 'T'),
(113, 'JE', 'JEY', 'T'),
(114, 'JO', 'JOR', 'T'),
(115, 'KZ', 'KAZ', 'T'),
(116, 'KE', 'KEN', 'T'),
(117, 'KI', 'KIR', 'T'),
(118, 'KP', 'PRK', 'T'),
(119, 'KR', 'KOR', 'T'),
(120, 'KW', 'KWT', 'T'),
(121, 'KG', 'KGZ', 'T'),
(122, 'LA', 'LAO', 'T'),
(123, 'LV', 'LVA', 'T'),
(124, 'LB', 'LBN', 'T'),
(125, 'LS', 'LSO', 'T'),
(126, 'LR', 'LBR', 'T'),
(127, 'LY', 'LBY', 'T'),
(128, 'LI', 'LIE', 'T'),
(129, 'LT', 'LTU', 'T'),
(130, 'LU', 'LUX', 'T'),
(131, 'MO', 'MAC', 'T'),
(132, 'MK', 'MKD', 'T'),
(133, 'MG', 'MDG', 'T'),
(134, 'MW', 'MWI', 'T'),
(135, 'MY', 'MYS', 'T'),
(136, 'MV', 'MDV', 'T'),
(137, 'ML', 'MLI', 'T'),
(138, 'MT', 'MLT', 'T'),
(139, 'MH', 'MHL', 'T'),
(140, 'MQ', 'MTQ', 'T'),
(141, 'MR', 'MRT', 'T'),
(142, 'MU', 'MUS', 'T'),
(143, 'YT', 'MYT', 'T'),
(144, 'MX', 'MEX', 'T'),
(145, 'FM', 'FSM', 'T'),
(146, 'MD', 'MDA', 'T'),
(147, 'MC', 'MCO', 'T'),
(148, 'MN', 'MNG', 'T'),
(149, 'ME', 'MNE', 'T'),
(150, 'MS', 'MSR', 'T'),
(151, 'MA', 'MAR', 'T'),
(152, 'MZ', 'MOZ', 'T'),
(153, 'MM', 'MMR', 'T'),
(154, 'NA', 'NAM', 'T'),
(155, 'NR', 'NRU', 'T'),
(156, 'NP', 'NPL', 'T'),
(157, 'NL', 'NLD', 'T'),
(158, 'NC', 'NCL', 'T'),
(159, 'NZ', 'NZL', 'T'),
(160, 'NI', 'NIC', 'T'),
(161, 'NE', 'NER', 'T'),
(162, 'NG', 'NGA', 'T'),
(163, 'NU', 'NIU', 'T'),
(164, 'NF', 'NFK', 'T'),
(165, 'MP', 'MNP', 'T'),
(166, 'NO', 'NOR', 'T'),
(167, 'OM', 'OMN', 'T'),
(168, 'PK', 'PAK', 'T'),
(169, 'PW', 'PLW', 'T'),
(170, 'PS', 'PSE', 'T'),
(171, 'PA', 'PAN', 'T'),
(172, 'PG', 'PNG', 'T'),
(173, 'PY', 'PRY', 'T'),
(174, 'PE', 'PER', 'T'),
(175, 'PH', 'PHL', 'T'),
(176, 'PN', 'PCN', 'T'),
(177, 'PL', 'POL', 'T'),
(178, 'PT', 'PRT', 'T'),
(179, 'PR', 'PRI', 'T'),
(180, 'QA', 'QAT', 'T'),
(181, 'RE', 'REU', 'T'),
(182, 'RO', 'ROU', 'T'),
(183, 'RU', 'RUS', 'T'),
(184, 'RW', 'RWA', 'T'),
(185, 'BL', 'BLM', 'T'),
(186, 'SH', 'SHN', 'T'),
(187, 'KN', 'KNA', 'T'),
(188, 'LC', 'LCA', 'T'),
(189, 'MF', 'MAF', 'T'),
(190, 'PM', 'SPM', 'T'),
(191, 'VC', 'VCT', 'T'),
(192, 'WS', 'WSM', 'T'),
(193, 'SM', 'SMR', 'T'),
(194, 'ST', 'STP', 'T'),
(195, 'SA', 'SAU', 'T'),
(196, 'SN', 'SEN', 'T'),
(197, 'RS', 'SRB', 'T'),
(198, 'SC', 'SYC', 'T'),
(199, 'SL', 'SLE', 'T'),
(200, 'SG', 'SGP', 'T'),
(201, 'SX', 'SXM', 'T'),
(202, 'SK', 'SVK', 'T'),
(203, 'SI', 'SVN', 'T'),
(204, 'SB', 'SLB', 'T'),
(205, 'SO', 'SOM', 'T'),
(206, 'ZA', 'ZAF', 'T'),
(207, 'GS', 'SGS', 'T'),
(208, 'SS', 'SSD', 'T'),
(209, 'ES', 'ESP', 'T'),
(210, 'LK', 'LKA', 'T'),
(211, 'SD', 'SDN', 'T'),
(212, 'SR', 'SUR', 'T'),
(213, 'SJ', 'SJM', 'T'),
(214, 'SZ', 'SWZ', 'T'),
(215, 'SE', 'SWE', 'T'),
(216, 'CH', 'CHE', 'T'),
(217, 'SY', 'SYR', 'T'),
(218, 'TW', 'TWN', 'T'),
(219, 'TJ', 'TJK', 'T'),
(220, 'TZ', 'TZA', 'T'),
(221, 'TH', 'THA', 'T'),
(222, 'TL', 'TLS', 'T'),
(223, 'TG', 'TGO', 'T'),
(224, 'TK', 'TKL', 'T'),
(225, 'TO', 'TON', 'T'),
(226, 'TT', 'TTO', 'T'),
(227, 'TN', 'TUN', 'T'),
(228, 'TR', 'TUR', 'T'),
(229, 'TM', 'TKM', 'T'),
(230, 'TC', 'TCA', 'T'),
(231, 'TV', 'TUV', 'T'),
(232, 'UG', 'UGA', 'T'),
(233, 'UA', 'UKR', 'T'),
(234, 'AE', 'ARE', 'T'),
(235, 'GB', 'GBR', 'T'),
(236, 'US', 'USA', 'T'),
(237, 'UM', 'UMI', 'T'),
(238, 'UY', 'URY', 'T'),
(239, 'UZ', 'UZB', 'T'),
(240, 'VU', 'VUT', 'T'),
(241, 'VE', 'VEN', 'T'),
(242, 'VN', 'VNM', 'T'),
(243, 'VG', 'VGB', 'T'),
(244, 'VI', 'VIR', 'T'),
(245, 'WF', 'WLF', 'T'),
(246, 'EH', 'ESH', 'T'),
(247, 'YE', 'YEM', 'T'),
(248, 'ZM', 'ZMB', 'T'),
(249, 'ZW', 'ZWE', 'T');

-- --------------------------------------------------------

--
-- Tabellenstruktur für Tabelle `transfer_plugin_base_cron_jobs`
--

CREATE TABLE `transfer_plugin_base_cron_jobs` (
  `id` int UNSIGNED NOT NULL,
  `name` varchar(255) DEFAULT NULL,
  `controller` varchar(255) DEFAULT NULL,
  `action` varchar(255) DEFAULT NULL,
  `interval` int DEFAULT NULL,
  `period` enum('minute','hour','day','week','month') DEFAULT 'hour',
  `next_run` datetime DEFAULT NULL,
  `last_run` datetime DEFAULT NULL,
  `status` text,
  `is_active` tinyint(1) DEFAULT '1'
) ENGINE=InnoDB DEFAULT CHARSET=utf8mb3;

--
-- Daten für Tabelle `transfer_plugin_base_cron_jobs`
--

INSERT INTO `transfer_plugin_base_cron_jobs` (`id`, `name`, `controller`, `action`, `interval`, `period`, `next_run`, `last_run`, `status`, `is_active`) VALUES
(1, 'Create automatic back-ups for database and files', 'pjBaseBackup', 'pjActionAutoBackup', 1, 'week', NULL, NULL, NULL, 1),
(3, 'Synchronize general data (clients, drivers, fleets, locations...etc) from all providers.', 'pjCron', 'pjActionSyncGeneralData', 5, 'minute', '2023-11-10 19:40:00', '2023-11-10 19:37:57', 'Data has been synchronized!', 1);

-- --------------------------------------------------------

--
-- Tabellenstruktur für Tabelle `transfer_plugin_base_currencies`
--

CREATE TABLE `transfer_plugin_base_currencies` (
  `id` int UNSIGNED NOT NULL,
  `code` varchar(10) DEFAULT NULL,
  `sign` varchar(50) DEFAULT NULL
) ENGINE=InnoDB DEFAULT CHARSET=utf8mb3;

--
-- Daten für Tabelle `transfer_plugin_base_currencies`
--

INSERT INTO `transfer_plugin_base_currencies` (`id`, `code`, `sign`) VALUES
(1, 'USD', '$'),
(2, 'GBP', '&pound;'),
(3, 'EUR', '&euro;');

-- --------------------------------------------------------

--
-- Tabellenstruktur für Tabelle `transfer_plugin_base_fields`
--

CREATE TABLE `transfer_plugin_base_fields` (
  `id` int UNSIGNED NOT NULL,
  `key` varchar(255) DEFAULT NULL,
  `type` enum('backend','frontend','arrays') DEFAULT NULL,
  `label` varchar(255) DEFAULT NULL,
  `source` enum('script','plugin') DEFAULT 'script',
  `modified` datetime DEFAULT NULL
) ENGINE=InnoDB DEFAULT CHARSET=utf8mb3;

--
-- Daten für Tabelle `transfer_plugin_base_fields`
--

INSERT INTO `transfer_plugin_base_fields` (`id`, `key`, `type`, `label`, `source`, `modified`) VALUES
(1, 'plugin_base_menu_dashboard', 'backend', 'Plugin Base / Menu / Dashboard', 'plugin', '2017-11-20 10:31:08'),
(2, 'plugin_base_menu_system_options', 'backend', 'Plugin Base / Menu / System Options', 'plugin', '2017-11-20 10:44:20'),
(3, 'plugin_base_menu_general', 'backend', 'Plugin Base / Menu / General', 'plugin', '2017-11-20 10:46:18'),
(4, 'plugin_base_infobox_general_title', 'backend', 'Plugin Base / Infobox / General Options', 'plugin', '2017-11-20 11:20:19'),
(5, 'plugin_base_infobox_general_desc', 'backend', 'Plugin Base / Infobox / General Options', 'plugin', '2017-11-20 11:20:42'),
(6, 'plugin_base_error_titles_ARRAY_PBS01', 'arrays', 'plugin_base_error_titles_ARRAY_PBS01', 'plugin', '2017-11-20 11:24:15'),
(7, 'plugin_base_error_bodies_ARRAY_PBS01', 'arrays', 'plugin_base_error_bodies_ARRAY_PBS01', 'plugin', '2017-11-20 11:24:39'),
(8, 'plugin_base_opt_o_date_format', 'backend', 'Plugin Base / Options / Date format', 'plugin', '2017-11-20 11:31:01'),
(9, 'plugin_base_opt_o_time_format', 'backend', 'Plugin Base / Options / Time format', 'plugin', '2017-11-20 11:31:14'),
(10, 'plugin_base_opt_o_timezone', 'backend', 'Plugin Base / Options / Timezone', 'plugin', '2017-11-20 11:31:34'),
(11, 'plugin_base_opt_o_week_start', 'backend', 'Plugin Base / Options / First day of week', 'plugin', '2017-11-20 11:31:56'),
(12, 'plugin_base_opt_o_currency', 'backend', 'Plugin Base / Options / Currency', 'plugin', '2017-11-20 11:32:19'),
(13, 'plugin_base_opt_o_price_format', 'backend', 'Plugin Base / Options / Price format', 'plugin', '2017-11-20 11:32:46'),
(14, 'plugin_base_opt_o_currency_place', 'backend', 'Plugin Base / Options / Currency symbol place', 'plugin', '2017-11-20 11:33:13'),
(15, 'plugin_base_currency_places_ARRAY_front', 'arrays', 'plugin_base_currency_places_ARRAY_front', 'plugin', '2017-11-20 11:34:31'),
(16, 'plugin_base_currency_places_ARRAY_back', 'arrays', 'plugin_base_currency_places_ARRAY_back', 'plugin', '2017-11-20 11:34:41'),
(17, 'plugin_base_btn_save', 'backend', 'Plugin Base / Buttons / Save', 'plugin', '2017-11-20 11:58:29'),
(18, 'plugin_base_btn_delete', 'backend', 'Plugin Base / Buttons / Delete', 'plugin', '2017-11-20 11:58:29'),
(19, 'plugin_base_btn_reset', 'backend', 'Plugin Base / Buttons / Reset', 'plugin', '2017-11-20 05:37:16'),
(20, 'plugin_base_menu_backup', 'backend', 'Plugin Base / Menu / Back-up', 'plugin', '2017-11-20 05:27:36'),
(21, 'plugin_base_infobox_backup_title', 'backend', 'Plugin Base / Infobox / Back-up', 'plugin', '2017-11-20 05:37:12'),
(22, 'plugin_base_infobox_backup_desc', 'backend', 'Plugin Base / Infobox / Back-up', 'plugin', '2017-11-20 05:37:43'),
(23, 'plugin_base_error_titles_ARRAY_PBU01', 'arrays', 'plugin_base_error_titles_ARRAY_PBU01', 'plugin', '2017-11-20 05:50:01'),
(24, 'plugin_base_error_bodies_ARRAY_PBU01', 'arrays', 'plugin_base_error_bodies_ARRAY_PBU01', 'plugin', '2017-11-20 05:50:18'),
(25, 'plugin_base_yesno_ARRAY_T', 'arrays', 'plugin_base_yesno_ARRAY_T', 'plugin', '2017-11-20 05:54:59'),
(26, 'plugin_base_yesno_ARRAY_F', 'arrays', 'plugin_base_yesno_ARRAY_F', 'plugin', '2017-11-20 05:55:12'),
(27, 'plugin_base_create_backup', 'backend', 'Plugin Base / Label / Make back-up', 'plugin', NULL),
(28, 'plugin_base_backup_database', 'backend', 'Plugin Base / Label / Back-up database', 'plugin', '2017-11-20 05:56:00'),
(29, 'plugin_base_backup_files', 'backend', 'Plugin Base / Label / Back-up files', 'plugin', '2017-11-20 05:56:11'),
(30, 'plugin_base_btn_backup', 'backend', 'Plugin Base / Buttons / Back-up', 'plugin', '2017-11-20 05:57:09'),
(31, 'plugin_base_error_titles_ARRAY_PBU03', 'arrays', 'plugin_base_error_titles_ARRAY_PBU03', 'plugin', '2017-11-20 06:05:35'),
(32, 'plugin_base_error_bodies_ARRAY_PBU03', 'arrays', 'plugin_base_error_bodies_ARRAY_PBU03', 'plugin', '2017-11-20 06:06:15'),
(33, 'plugin_base_error_titles_ARRAY_PBU04', 'arrays', 'plugin_base_error_titles_ARRAY_PBU04', 'plugin', '2017-11-20 06:07:33'),
(34, 'plugin_base_error_bodies_ARRAY_PBU04', 'arrays', 'plugin_base_error_bodies_ARRAY_PBU04', 'plugin', '2017-11-20 06:08:05'),
(35, 'plugin_base_error_titles_ARRAY_PBU05', 'arrays', 'plugin_base_error_titles_ARRAY_PBU05', 'plugin', '2017-11-20 06:08:25'),
(36, 'plugin_base_error_bodies_ARRAY_PBU05', 'arrays', 'plugin_base_error_bodies_ARRAY_PBU05', 'plugin', '2017-11-20 06:08:53'),
(37, 'plugin_base_error_titles_ARRAY_PBU06', 'arrays', 'plugin_base_error_titles_ARRAY_PBU06', 'plugin', '2017-11-20 06:09:12'),
(38, 'plugin_base_error_bodies_ARRAY_PBU06', 'arrays', 'plugin_base_error_bodies_ARRAY_PBU06', 'plugin', '2017-11-20 06:09:37'),
(39, 'plugin_base_backup_data_type', 'backend', 'Plugin Base / Backup / Data type', 'plugin', '2017-11-20 06:38:10'),
(40, 'plugin_base_backup_file_size', 'backend', 'Plugin Base / Backup / File size', 'plugin', '2017-11-20 06:39:51'),
(41, 'plugin_base_backup_delete_confirmation', 'backend', 'Plugin Base / Backup / Delete confirmation', 'plugin', '2017-11-20 06:40:51'),
(42, 'plugin_base_backup_delete_selected', 'backend', 'Plugin Base / Backup / Delete selected', 'plugin', '2017-11-20 06:41:14'),
(43, 'plugin_base_backup_backup_made', 'backend', 'Plugin Base / Backup / Back-up made', 'plugin', '2017-11-20 06:46:52'),
(44, 'plugin_base_backup_file_name', 'backend', 'Plugin Base / Backup / File name', 'plugin', '2017-11-20 06:52:45'),
(45, 'plugin_base_menu_sms_settings', 'backend', 'Plugin Base / Menu / SMS Settings', 'plugin', '2017-11-20 07:17:40'),
(46, 'plugin_base_infobox_sms_settings_title', 'backend', 'Plugin Base / Infobox / SMS Settings', 'plugin', '2017-11-20 07:23:03'),
(47, 'plugin_base_infobox_sms_settings_desc', 'backend', 'Plugin Base / Infobox / SMS Settings', 'plugin', '2017-11-20 07:23:28'),
(48, 'plugin_base_sms_tab_settings', 'backend', 'Plugin Base / Tab / Settings', 'plugin', '2017-11-20 07:37:12'),
(49, 'plugin_base_sms_tab_messages_sent', 'backend', 'Plugin Base / Tab / Messages sent', 'plugin', '2017-11-20 07:37:42'),
(50, 'plugin_base_sms_infobox_api_settings', 'backend', 'Plugin Base / Tab / API settings infobox', 'plugin', '2017-11-20 07:43:30'),
(51, 'plugin_base_btn_send_test_message', 'backend', 'Plugin Base / Buttons / Send a test message', 'plugin', '2017-11-20 07:45:56'),
(52, 'plugin_base_sms_api_key', 'backend', 'Plugin Base / Label / SMS API Key', 'plugin', '2017-11-20 07:46:39'),
(53, 'plugin_base_btn_verify_your_key', 'backend', 'Plugin Base / Label / Verify your key', 'plugin', '2017-11-20 07:47:31'),
(54, 'plugin_base_this_field_is_required', 'backend', 'Plugin Base / Label / This field is required.', 'plugin', '2017-11-20 07:56:31'),
(55, 'plugin_base_error_titles_ARRAY_PSS01', 'arrays', 'plugin_base_error_titles_ARRAY_PSS01', 'plugin', '2017-11-20 08:07:08'),
(56, 'plugin_base_error_bodies_ARRAY_PSS01', 'arrays', 'plugin_base_error_bodies_ARRAY_PSS01', 'plugin', '2017-11-20 08:07:37'),
(57, 'plugin_base_sms_statuses_ARRAY_0', 'arrays', 'plugin_base_sms_statuses_ARRAY_0', 'plugin', '2017-11-20 08:11:03'),
(58, 'plugin_base_sms_statuses_ARRAY_1', 'arrays', 'plugin_base_sms_statuses_ARRAY_1', 'plugin', '2017-11-20 08:11:26'),
(59, 'plugin_base_sms_statuses_ARRAY_2', 'arrays', 'plugin_base_sms_statuses_ARRAY_2', 'plugin', '2017-11-20 08:11:42'),
(60, 'plugin_base_sms_statuses_ARRAY_3', 'arrays', 'plugin_base_sms_statuses_ARRAY_3', 'plugin', '2017-11-20 08:11:54'),
(61, 'plugin_base_sms_statuses_ARRAY_4', 'arrays', 'plugin_base_sms_statuses_ARRAY_4', 'plugin', '2017-11-20 08:12:05'),
(62, 'plugin_base_sms_statuses_ARRAY_6', 'arrays', 'plugin_base_sms_statuses_ARRAY_6', 'plugin', '2017-11-20 08:12:26'),
(63, 'plugin_base_btn_search', 'backend', 'Plugin Base / Button / Search', 'plugin', '2017-11-20 08:23:42'),
(64, 'plugin_base_sms_date_time_sent', 'backend', 'Plugin Base / Date/time sent', 'plugin', '2017-11-20 08:27:46'),
(65, 'plugin_base_sms_number', 'backend', 'Plugin Base / Labe / Number', 'plugin', '2017-11-20 08:27:58'),
(66, 'plugin_base_sms_message', 'backend', 'Plugin Base / Labe / Message', 'plugin', '2017-11-20 08:28:13'),
(67, 'plugin_base_sms_status', 'backend', 'Plugin Base / Labe / Status', 'plugin', '2017-11-20 08:28:24'),
(68, 'plugin_base_sms_key_is_correct', 'backend', 'Plugin Base / Labe / Key is correct.', 'plugin', '2017-11-20 08:43:27'),
(69, 'plugin_base_sms_key_is_invalid', 'backend', 'Plugin Base / Labe / Key is not valid.', 'plugin', '2017-11-20 08:45:06'),
(70, 'plugin_base_sms_test_message', 'backend', 'Plugin Base / Labe / Test message', 'plugin', '2017-11-20 08:58:25'),
(71, 'plugin_base_sms_test_sms_sent_to', 'backend', 'Plugin Base / Labe / Test SMS has been sent to', 'plugin', '2017-11-20 09:15:33'),
(72, 'plugin_base_sms_test_sms_title', 'backend', 'Plugin Base / Labe / Send Test SMS', 'plugin', '2017-11-20 09:05:43'),
(73, 'plugin_base_sms_test_sms_text', 'backend', 'Plugin Base / Labe / Send Test SMS text', 'plugin', '2017-11-20 09:06:30'),
(74, 'plugin_base_btn_send_sms', 'backend', 'Plugin Base / Button / Send SMS', 'plugin', '2017-11-20 09:10:31'),
(75, 'plugin_base_btn_cancel', 'backend', 'Plugin Base / Button / Cancel', 'plugin', '2017-11-20 09:10:42'),
(76, 'plugin_base_sms_sent', 'backend', 'Plugin Base / Label / SMS sent!', 'plugin', '2017-11-20 09:16:06'),
(77, 'plugin_base_sms_failed_to_send', 'backend', 'Plugin Base / Label / SMS failed to send!', 'plugin', '2017-11-20 09:17:15'),
(78, 'plugin_base_menu_visual_branding', 'backend', 'Plugin Base / Label / Visual & Branding', 'plugin', '2017-11-21 06:19:04'),
(79, 'plugin_base_error_titles_ARRAY_PBS02', 'arrays', 'plugin_base_error_titles_ARRAY_PBS02', 'plugin', '2017-11-21 06:21:04'),
(80, 'plugin_base_error_bodies_ARRAY_PBS02', 'arrays', 'plugin_base_error_bodies_ARRAY_PBS02', 'plugin', '2017-11-21 06:21:36'),
(81, 'plugin_base_infobox_visual_branding_title', 'backend', 'Plugin Base / Infobox / Visual & Branding', 'plugin', '2017-11-21 06:22:11'),
(82, 'plugin_base_infobox_visual_branding_desc', 'backend', 'Plugin Base / Infobox / Visual & Branding', 'plugin', '2017-11-21 06:22:50'),
(83, 'plugin_base_opt_o_theme', 'backend', 'Plugin Base / Options / Color theme', 'plugin', '2017-11-21 06:24:48'),
(84, 'plugin_base_opt_o_hide_phpjabbers_logo', 'backend', 'Plugin Base / Options / Hide PHPJabbers.com logo', 'plugin', '2017-11-21 06:25:11'),
(85, 'plugin_base_opt_o_hide_footer', 'backend', 'Plugin Base / Options / Hide footer script version', 'plugin', '2017-11-21 06:25:28'),
(86, 'plugin_base_opt_o_footer_text', 'backend', 'Plugin Base / Options / Footer text', 'plugin', '2017-11-21 06:25:44'),
(87, 'plugin_base_menu_email_settings', 'backend', 'Plugin Base / Label / Email Settings', 'plugin', '2017-11-21 07:34:20'),
(88, 'plugin_base_error_titles_ARRAY_PBS03', 'arrays', 'plugin_base_error_titles_ARRAY_PBS03', 'plugin', '2017-11-21 07:42:05'),
(89, 'plugin_base_error_bodies_ARRAY_PBS03', 'arrays', 'plugin_base_error_bodies_ARRAY_PBS03', 'plugin', '2017-11-21 07:42:33'),
(90, 'plugin_base_infobox_email_settings_title', 'backend', 'Plugin Base / Infobox / Email Settings', 'plugin', '2017-11-21 07:43:18'),
(91, 'plugin_base_infobox_email_settings_desc', 'backend', 'Plugin Base / Infobox / Email Settings', 'plugin', '2017-11-21 07:44:01'),
(92, 'plugin_base_opt_o_send_email', 'backend', 'Plugin Base / Options / Sending method', 'plugin', '2017-11-21 07:46:03'),
(93, 'plugin_base_opt_o_smtp_host', 'backend', 'Plugin Base / Options / SMTP Host', 'plugin', '2017-11-21 07:46:20'),
(94, 'plugin_base_opt_o_smtp_port', 'backend', 'Plugin Base / Options / SMTP Port', 'plugin', '2017-11-21 07:46:33'),
(95, 'plugin_base_opt_o_smtp_user', 'backend', 'Plugin Base / Options / SMTP Username', 'plugin', '2017-11-21 07:46:53'),
(96, 'plugin_base_opt_o_smtp_pass', 'backend', 'Plugin Base / Options / SMTP Password', 'plugin', '2017-11-21 07:47:14'),
(97, 'plugin_base_opt_o_smtp_auth', 'backend', 'Plugin Base / Options / SMTP Auth Type', 'plugin', '2017-11-21 07:47:32'),
(98, 'plugin_base_opt_o_sender_email', 'backend', 'Plugin Base / Options / Email address (\"From\" header)', 'plugin', '2017-11-21 07:47:49'),
(99, 'plugin_base_test_connection', 'backend', 'Plugin Base / Label / Test connection', 'plugin', '2017-11-21 07:51:08'),
(100, 'plugin_base_send_test_email', 'backend', 'Plugin Base / Label / Send test email', 'plugin', '2017-11-21 07:51:52'),
(101, 'plugin_base_test_smtp_title', 'backend', 'Plugin Base / Label / Test SMTP', 'plugin', '2017-11-21 08:08:47'),
(102, 'plugin_base_test_smtp_text', 'backend', 'Plugin Base / Label / Are you sure you want to test the SMTP connection?', 'plugin', '2017-11-21 08:09:02'),
(103, 'plugin_base_btn_yes_connect', 'backend', 'Plugin Base / Button / Yes, connect', 'plugin', '2017-11-21 08:09:20'),
(104, 'plugin_base_opt_o_smtp_secure', 'backend', 'Plugin Base / Options / SMTP Secure', 'plugin', '2017-11-21 08:18:07'),
(105, 'plugin_base_send_test_email_title', 'backend', 'Plugin Base / Label / Send Test Email', 'plugin', '2017-11-21 08:42:24'),
(106, 'plugin_base_btn_send_email', 'backend', 'Plugin Base / Button / Send Email', 'plugin', '2017-11-21 08:43:22'),
(107, 'plugin_base_send_test_email_text', 'backend', 'Plugin Base / Label / Send Test Email text', 'plugin', '2017-11-21 08:44:28'),
(108, 'plugin_base_send_test_email_address', 'backend', 'Plugin Base / Label / Email Address', 'plugin', '2017-11-21 08:45:39'),
(109, 'plugin_base_test_email_subject', 'backend', 'Plugin Base / Label / Test email subject', 'plugin', '2017-11-21 09:06:21'),
(110, 'plugin_base_test_email_message', 'backend', 'Plugin Base / Label / Test email message', 'plugin', '2017-11-21 09:09:09'),
(111, 'plugin_base_menu_languages', 'backend', 'Plugin Base / Menu / Languages', 'plugin', '2017-11-22 04:36:31'),
(112, 'plugin_base_locale_infobox_languages_title', 'backend', 'Plugin Base / Infobox / Languages', 'plugin', '2017-11-22 06:00:58'),
(113, 'plugin_base_locale_infobox_languages_desc', 'backend', 'Plugin Base / Infobox / Languages', 'plugin', '2017-11-22 06:01:19'),
(114, 'plugin_base_languages_tab_languages', 'backend', 'Plugin Base / Tab / Languages', 'plugin', '2017-11-22 06:05:23'),
(115, 'plugin_base_languages_tab_labels', 'backend', 'Plugin Base / Tab / Labels', 'plugin', '2017-11-22 06:05:40'),
(116, 'plugin_base_btn_add_language', 'backend', 'Plugin Base / Buttons / Add Language', 'plugin', '2017-11-22 06:08:31'),
(117, 'plugin_base_locale_lbl_language', 'backend', 'Plugin Base / Label / Language', 'plugin', '2017-11-22 06:13:17'),
(118, 'plugin_base_locale_lbl_frontend_title', 'backend', 'Plugin Base / Label / Front-end title', 'plugin', '2017-11-22 06:14:07'),
(119, 'plugin_base_locale_lbl_flag', 'backend', 'Plugin Base / Label / Flag', 'plugin', '2017-11-22 06:14:29'),
(120, 'plugin_base_locale_lbl_text_direction', 'backend', 'Plugin Base / Label / Text direction', 'plugin', '2017-11-22 06:15:06'),
(121, 'plugin_base_locale_dir_ARRAY_ltr', 'arrays', 'plugin_base_locale_dir_ARRAY_ltr', 'plugin', '2017-11-22 06:16:49'),
(122, 'plugin_base_locale_dir_ARRAY_rtl', 'arrays', 'plugin_base_locale_dir_ARRAY_rtl', 'plugin', '2017-11-22 06:17:04'),
(123, 'plugin_base_locale_lbl_is_default', 'backend', 'Plugin Base / Label / Is default', 'plugin', '2017-11-22 06:17:34'),
(124, 'plugin_base_locale_lbl_order', 'backend', 'Plugin Base / Label / Order', 'plugin', '2017-11-22 06:17:53'),
(125, 'plugin_base_locale_btn_reset', 'backend', 'Plugin Base / Button / Reset', 'plugin', '2017-11-22 06:18:13'),
(126, 'plugin_base_btn_close', 'backend', 'Plugin Base / Button / Close', 'plugin', '2017-11-22 06:18:47'),
(127, 'plugin_base_locale_tooltip_reset', 'backend', 'Plugin Base / Label / Click to reset', 'plugin', '2017-11-22 06:19:22'),
(128, 'plugin_base_locale_tooltip_upload', 'backend', 'Plugin Base / Label / Upload tooltip', 'plugin', '2017-11-22 06:19:52'),
(129, 'plugin_base_locale_infobox_labels_title', 'backend', 'Plugin Base / Infobox / Labels', 'plugin', '2017-11-22 07:07:48'),
(130, 'plugin_base_locale_infobox_labels_desc', 'backend', 'Plugin Base / Infobox / Labels', 'plugin', '2017-11-22 07:09:01'),
(131, 'plugin_base_lbl_search', 'backend', 'Plugin Base / Label / Search', 'plugin', '2017-11-22 07:12:32'),
(132, 'plugin_base_languages_advanced_on', 'backend', 'Plugin Base / Label / Advanced Translation is ON', 'plugin', '2017-11-22 07:14:48'),
(133, 'plugin_base_languages_advanced_off', 'backend', 'Plugin Base / Label / Advanced Translation is OFF', 'plugin', '2017-11-22 07:15:03'),
(134, 'plugin_base_languages_advanced_title', 'backend', 'Plugin Base / Label / Info', 'plugin', '2017-11-22 07:20:16'),
(135, 'plugin_base_languages_advanced_desc', 'backend', 'Plugin Base / Label / Info', 'plugin', '2017-11-22 07:20:31'),
(136, 'plugin_base_languages_advanced_show_id', 'backend', 'Plugin Base / Label / Show labels ID', 'plugin', '2017-11-22 07:20:57'),
(137, 'plugin_base_btn_confirm', 'backend', 'Plugin Base / Button / Confirm', 'plugin', '2017-11-22 07:21:34'),
(138, 'plugin_base_locale_showid_dialog_title', 'backend', 'Plugin Base / Label / Show IDs', 'plugin', '2017-11-22 07:22:18'),
(139, 'plugin_base_locale_showid_dialog_desc', 'backend', 'Plugin Base / Label / Show IDs', 'plugin', '2017-11-22 07:22:37'),
(140, 'plugin_base_locale_translate_to', 'backend', 'Plugin Base / Label / Translate to', 'plugin', '2017-11-22 07:52:07'),
(141, 'plugin_base_locale_id', 'backend', 'Plugin Base / Label / ID', 'plugin', '2017-11-22 07:53:51'),
(142, 'plugin_base_default_language', 'backend', 'Plugin Base / Label / Default language', 'plugin', '2017-11-22 08:14:26'),
(143, 'plugin_base_opt_o_hide_page', 'backend', 'Plugin Base / Options / Hide this page', 'plugin', '2017-11-22 08:34:46'),
(144, 'plugin_base_menu_login_protection', 'backend', 'Plugin Base / Menu / Login & Protection', 'plugin', '2017-11-22 09:02:04'),
(145, 'plugin_base_infobox_login_protection_title', 'backend', 'Plugin Base / Infobox / Login & Protection', 'plugin', '2017-11-22 09:36:13'),
(146, 'plugin_base_infobox_login_protection_desc', 'backend', 'Plugin Base / Infobox / Login & Protection', 'plugin', '2017-11-22 09:36:32'),
(147, 'plugin_base_error_titles_ARRAY_PBS04', 'arrays', 'plugin_base_error_titles_ARRAY_PBS04', 'plugin', '2017-11-22 09:37:02'),
(148, 'plugin_base_error_bodies_ARRAY_PBS04', 'arrays', 'plugin_base_error_bodies_ARRAY_PBS04', 'plugin', '2017-11-22 09:37:28'),
(149, 'plugin_base_options_password_title', 'backend', 'Plugin Base / Infobox / Password', 'plugin', '2017-11-22 09:43:24'),
(150, 'plugin_base_options_password_desc', 'backend', 'Plugin Base / Infobox / Password', 'plugin', '2017-11-22 09:43:56'),
(151, 'plugin_base_options_secure_login_title', 'backend', 'Plugin Base / Infobox / Secure Login', 'plugin', '2017-11-22 09:44:54'),
(152, 'plugin_base_options_secure_login_desc', 'backend', 'Plugin Base / Infobox / Secure Login description', 'plugin', '2017-11-22 09:45:08'),
(153, 'plugin_base_options_failed_login_title', 'backend', 'Plugin Base / Infobox / Failed Login', 'plugin', '2017-11-22 09:45:50'),
(154, 'plugin_base_options_failed_login_desc', 'backend', 'Plugin Base / Infobox / Failed Login description', 'plugin', '2017-11-22 09:46:01'),
(155, 'plugin_base_options_forgot_password_title', 'backend', 'Plugin Base / Infobox / Forgot Password', 'plugin', '2017-11-22 09:46:49'),
(156, 'plugin_base_options_forgot_password_desc', 'backend', 'Plugin Base / Infobox / Forgot Pasword description', 'plugin', '2017-11-22 09:47:05'),
(157, 'plugin_base_opt_o_password_min_length', 'backend', 'Plugin Base / Options / Minimum length', 'plugin', '2017-11-22 09:50:47'),
(158, 'plugin_base_opt_o_password_chars_used', 'backend', 'Plugin Base / Options / Characters used', 'plugin', '2017-11-22 09:51:04'),
(159, 'plugin_base_opt_o_password_special_symbol', 'backend', 'Plugin Base / Options / Require special symbol', 'plugin', '2017-11-22 10:02:37'),
(160, 'plugin_base_opt_o_password_capital_letter', 'backend', 'Plugin Base / Options / Require capital letter', 'plugin', '2017-11-22 10:02:54'),
(161, 'plugin_base_opt_o_password_change_every', 'backend', 'Plugin Base / Options / Require users to change password every', 'plugin', '2017-11-22 10:03:27'),
(162, 'plugin_base_password_every_ARRAY_days', 'arrays', 'plugin_base_password_every_ARRAY_days', 'plugin', '2017-11-22 10:17:01'),
(163, 'plugin_base_password_every_ARRAY_weeks', 'arrays', 'plugin_base_password_every_ARRAY_weeks', 'plugin', '2017-11-22 10:17:12'),
(164, 'plugin_base_password_every_ARRAY_months', 'arrays', 'plugin_base_password_every_ARRAY_months', 'plugin', '2017-11-22 10:17:19'),
(165, 'plugin_base_opt_o_secure_login_use_captcha', 'backend', 'Plugin Base / Options / Use captcha', 'plugin', '2017-11-22 10:18:25'),
(166, 'plugin_base_opt_o_secure_login_1_active_login', 'backend', 'Plugin Base / Options / Allow only 1 active login per user', 'plugin', '2017-11-22 10:18:53'),
(167, 'plugin_base_opt_o_secure_login_2factor_auth', 'backend', 'Plugin Base / Options / Two-Factor Authentication', 'plugin', '2017-11-22 10:19:13'),
(168, 'plugin_base_opt_o_secure_login_send_password_to', 'backend', 'Plugin Base / Options / Send temporary password to', 'plugin', '2017-11-22 10:21:09'),
(169, 'plugin_base_enum_send_to_ARRAY_email', 'arrays', 'plugin_base_password_every_ARRAY_email', 'plugin', '2017-11-22 10:24:09'),
(170, 'plugin_base_enum_send_to_ARRAY_sms', 'arrays', 'plugin_base_password_every_ARRAY_sms', 'plugin', '2017-11-22 10:24:22'),
(171, 'plugin_base_opt_o_failed_login_lock_after', 'backend', 'Plugin Base / Options / Lock account after', 'plugin', '2017-11-22 10:27:12'),
(172, 'plugin_base_opt_o_failed_login_disable_form', 'backend', 'Plugin Base / Options / Disable login form for', 'plugin', '2017-11-22 10:27:40'),
(173, 'plugin_base_opt_o_failed_login_required_captcha_after', 'backend', 'Plugin Base / Options / Temporary require Captcha after', 'plugin', '2017-11-22 10:28:16'),
(174, 'plugin_base_opt_o_failed_login_send_email_after', 'backend', 'Plugin Base / Options / Send email to account owner after', 'plugin', '2017-11-22 10:28:39'),
(175, 'plugin_base_opt_o_failed_login_send_sms_after', 'backend', 'Plugin Base / Options / Send SMS to account owner after', 'plugin', '2017-11-22 10:28:55'),
(176, 'plugin_base_failed_login_attempts', 'backend', 'Plugin Base / Label / failed login attempts', 'plugin', '2017-11-22 10:34:30'),
(177, 'plugin_base_enum_disable_units_ARRAY_hours', 'arrays', 'plugin_base_enum_disable_units_ARRAY_hours', 'plugin', '2017-11-22 10:37:33'),
(178, 'plugin_base_enum_disable_units_ARRAY_minutes', 'arrays', 'plugin_base_enum_disable_units_ARRAY_minutes', 'plugin', '2017-11-22 10:37:57'),
(179, 'plugin_base_enum_disable_units_ARRAY_days', 'arrays', 'plugin_base_enum_disable_units_ARRAY_days', 'plugin', '2017-11-22 10:38:06'),
(180, 'plugin_base_enum_disable_units_ARRAY_weeks', 'arrays', 'plugin_base_enum_disable_units_ARRAY_weeks', 'plugin', '2017-11-22 10:38:19'),
(181, 'plugin_base_enum_disable_units_ARRAY_months', 'arrays', 'plugin_base_enum_disable_units_ARRAY_months', 'plugin', '2017-11-22 10:38:33'),
(182, 'plugin_base_label_after', 'backend', 'Plugin Base / Label / after', 'plugin', '2017-11-22 10:39:40'),
(183, 'plugin_base_opt_o_forgot_email_confirmation', 'backend', 'Plugin Base / Options / Email confirmation', 'plugin', '2017-11-22 10:43:38'),
(184, 'plugin_base_opt_o_forgot_sms_confirmation', 'backend', 'Plugin Base / Options / SMS confirmation', 'plugin', '2017-11-22 10:43:54'),
(185, 'plugin_base_opt_o_forgot_contact_admin', 'backend', 'Plugin Base / Options / Contact admin', 'plugin', '2017-11-22 10:44:30'),
(186, 'plugin_base_opt_o_forgot_use_captcha', 'backend', 'Plugin Base / Options / Use captcha on forgot password page', 'plugin', '2017-11-22 10:44:52'),
(187, 'plugin_base_menu_captcha_spam', 'backend', 'Plugin Base / Menu / Captcha &  Spam', 'plugin', '2017-11-23 02:42:16'),
(188, 'plugin_base_error_titles_ARRAY_PBS05', 'arrays', 'plugin_base_error_titles_ARRAY_PBS05', 'plugin', '2017-11-23 02:45:25'),
(189, 'plugin_base_error_bodies_ARRAY_PBS05', 'arrays', 'plugin_base_error_bodies_ARRAY_PBS05', 'plugin', '2017-11-23 02:45:55'),
(190, 'plugin_base_opt_o_captcha_location', 'backend', 'Plugin Base / Options / Captcha Location', 'plugin', '2017-11-23 03:02:40'),
(191, 'plugin_base_opt_o_captcha_type', 'backend', 'Plugin Base / Options / Type', 'plugin', '2017-11-23 03:02:54'),
(192, 'plugin_base_opt_o_captcha_background', 'backend', 'Plugin Base / Options / Background', 'plugin', '2017-11-23 03:03:14'),
(193, 'plugin_base_opt_o_captcha_mode', 'backend', 'Plugin Base / Options / Mode', 'plugin', '2017-11-23 03:03:27'),
(194, 'plugin_base_opt_o_captcha_length', 'backend', 'Plugin Base / Options / Length', 'plugin', '2017-11-23 03:03:43'),
(195, 'plugin_base_opt_o_spam_banned_words', 'backend', 'Plugin Base / Options / Banned words', 'plugin', '2017-11-23 03:03:59'),
(196, 'plugin_base_opt_o_spam_banned_ip', 'backend', 'Plugin Base / Options / Banned IP addresses', 'plugin', '2017-11-23 03:04:16'),
(197, 'plugin_base_options_captcha_title', 'backend', 'Plugin Base / Infobox / Captcha', 'plugin', '2017-11-23 03:06:24'),
(198, 'plugin_base_options_captcha_desc', 'backend', 'Plugin Base / Infobox / Captcha description', 'plugin', '2017-11-23 03:06:42'),
(199, 'plugin_base_options_spam_title', 'backend', 'Plugin Base / Infobox / SPAM Protection', 'plugin', '2017-11-23 03:07:20'),
(200, 'plugin_base_options_spam_desc', 'backend', 'Plugin Base / Infobox / SPAM Protection description', 'plugin', '2017-11-23 03:07:36'),
(201, 'plugin_base_lbl_symbols', 'backend', 'Plugin Base / Label / symbols', 'plugin', '2017-11-23 03:11:46'),
(202, 'plugin_base_infobox_captcha_spam_title', 'backend', 'Plugin Base / Infobox / Captcha & SPAM', 'plugin', '2017-11-23 03:12:34'),
(203, 'plugin_base_infobox_captcha_spam_desc', 'backend', 'Plugin Base / Infobox / Captcha & SPAM description', 'plugin', '2017-11-23 03:12:50'),
(204, 'plugin_base_enum_captcha_location_ARRAY_admin', 'arrays', 'plugin_base_enum_captcha_location_ARRAY_admin', 'plugin', '2017-11-23 03:21:24'),
(205, 'plugin_base_enum_captcha_location_ARRAY_front', 'arrays', 'plugin_base_enum_captcha_location_ARRAY_front', 'plugin', '2017-11-23 03:21:40'),
(206, 'plugin_base_enum_captcha_types_ARRAY_system', 'arrays', 'plugin_base_enum_captcha_location_ARRAY_system', 'plugin', '2017-11-23 03:22:34'),
(207, 'plugin_base_enum_captcha_types_ARRAY_google', 'arrays', 'plugin_base_enum_captcha_location_ARRAY_google', 'plugin', '2017-11-23 03:22:58'),
(208, 'plugin_base_enum_background_ARRAY_plain', 'arrays', 'plugin_base_enum_background_ARRAY_plain', 'plugin', '2017-11-23 03:23:36'),
(209, 'plugin_base_enum_background_ARRAY_pattern', 'arrays', 'plugin_base_enum_background_ARRAY_pattern', 'plugin', '2017-11-23 03:23:56'),
(210, 'plugin_base_enum_modes_ARRAY_string', 'arrays', 'plugin_base_enum_modes_ARRAY_string', 'plugin', '2017-11-23 03:24:32'),
(211, 'plugin_base_enum_modes_ARRAY_addition', 'arrays', 'plugin_base_enum_modes_ARRAY_addition', 'plugin', '2017-11-23 03:24:55'),
(212, 'plugin_base_enum_modes_ARRAY_subtraction', 'arrays', 'plugin_base_enum_modes_ARRAY_subtraction', 'plugin', '2017-11-23 03:25:11'),
(213, 'plugin_base_enum_modes_ARRAY_random_math', 'arrays', 'plugin_base_enum_modes_ARRAY_random_math', 'plugin', '2017-11-23 03:25:27'),
(214, 'plugin_base_opt_o_captcha_site_key', 'backend', 'Plugin Base / Options / Google reCaptcha site key', 'plugin', '2017-11-23 04:21:34'),
(215, 'plugin_base_opt_o_captcha_secret_key', 'backend', 'Plugin Base / Options / Google reCaptcha secret key', 'plugin', '2017-11-23 04:21:49'),
(216, 'plugin_base_login_email', 'backend', 'Plugin Base / Label / Email', 'plugin', '2017-11-24 04:22:15'),
(217, 'plugin_base_login_password', 'backend', 'Plugin Base / Label / Password', 'plugin', '2017-11-24 04:22:27'),
(218, 'plugin_base_email_invalid', 'backend', 'Plugin Base / Label / Email address is not valid.', 'plugin', '2017-11-24 04:22:50'),
(219, 'plugin_base_btn_login', 'backend', 'Plugin Base / Buttons / Login', 'plugin', '2017-11-24 04:23:07'),
(220, 'plugin_base_link_forgot_password', 'backend', 'Plugin Base / Links / Forgot password', 'plugin', '2017-11-24 04:23:25'),
(221, 'plugin_base_login_err_ARRAY_4', 'arrays', 'plugin_base_login_err_ARRAY_4', 'plugin', '2017-11-24 06:22:08'),
(222, 'plugin_base_login_err_ARRAY_5', 'arrays', 'plugin_base_login_err_ARRAY_5', 'plugin', '2017-11-24 06:22:57'),
(223, 'plugin_base_login_err_ARRAY_6', 'arrays', 'plugin_base_login_err_ARRAY_6', 'plugin', '2017-11-24 07:36:59'),
(224, 'plugin_base_login_err_ARRAY_7', 'arrays', 'plugin_base_login_err_ARRAY_7', 'plugin', '2017-11-24 07:38:59'),
(225, 'plugin_base_disable_form_message', 'backend', 'Plugin Base / Label / Disable form message', 'plugin', '2017-11-24 09:10:52'),
(226, 'plugin_base_login_captcha', 'backend', 'Plugin Base / Label / Captcha', 'plugin', '2017-11-24 09:25:57'),
(227, 'plugin_base_captcha_incorrect', 'backend', 'Plugin Base / Label / Captcha is not correct.', 'plugin', '2017-11-24 09:26:40'),
(228, 'plugin_base_menu_users', 'backend', 'Plugin Base / Menu / Users', 'plugin', '2017-11-30 06:11:28'),
(229, 'plugin_base_infobox_users_title', 'backend', 'Plugin Base / Infobox / Users', 'plugin', '2017-11-30 06:16:47'),
(230, 'plugin_base_infobox_users_desc', 'backend', 'Plugin Base / Infobox / Users description', 'plugin', '2017-11-30 06:17:46'),
(231, 'plugin_base_error_titles_ARRAY_PU01', 'arrays', 'plugin_base_error_titles_ARRAY_PU01', 'plugin', '2017-11-30 06:23:37'),
(232, 'plugin_base_error_bodies_ARRAY_PU01', 'arrays', 'plugin_base_error_bodies_ARRAY_PU01', 'plugin', '2017-11-30 06:24:14'),
(233, 'plugin_base_error_titles_ARRAY_PU03', 'arrays', 'plugin_base_error_titles_ARRAY_PU03', 'plugin', '2017-11-30 06:24:27'),
(234, 'plugin_base_error_bodies_ARRAY_PU03', 'arrays', 'plugin_base_error_bodies_ARRAY_PU03', 'plugin', '2017-11-30 06:25:16'),
(235, 'plugin_base_error_titles_ARRAY_PU04', 'arrays', 'plugin_base_error_titles_ARRAY_PU04', 'plugin', '2017-11-30 06:25:35'),
(236, 'plugin_base_error_bodies_ARRAY_PU04', 'arrays', 'plugin_base_error_bodies_ARRAY_PU04', 'plugin', '2017-11-30 06:26:01'),
(237, 'plugin_base_error_titles_ARRAY_PU08', 'arrays', 'plugin_base_error_titles_ARRAY_PU08', 'plugin', '2017-11-30 06:26:13'),
(238, 'plugin_base_error_bodies_ARRAY_PU08', 'arrays', 'plugin_base_error_bodies_ARRAY_PU08', 'plugin', '2017-11-30 06:26:32'),
(239, 'plugin_base_btn_add_user', 'backend', 'Plugin Base / Buttons / Add user', 'plugin', '2017-11-30 06:28:00'),
(240, 'plugin_base_lbl_all', 'backend', 'Plugin Base / Label / All', 'plugin', '2017-11-30 06:29:31'),
(241, 'plugin_base_filter_ARRAY_active', 'arrays', 'plugin_base_filter_ARRAY_active', 'plugin', '2017-11-30 06:30:09'),
(242, 'plugin_base_filter_ARRAY_inactive', 'arrays', 'plugin_base_filter_ARRAY_inactive', 'plugin', '2017-11-30 06:30:22'),
(243, 'plugin_base_name', 'backend', 'Plugin Base / Label / Name', 'plugin', '2017-11-30 06:41:49'),
(244, 'plugin_base_email', 'backend', 'Plugin Base / Label / Email', 'plugin', '2017-11-30 06:41:59'),
(245, 'plugin_base_last_login', 'backend', 'Plugin Base / Label / Last login', 'plugin', '2017-11-30 06:42:11'),
(246, 'plugin_base_role', 'backend', 'Plugin Base / Label / Role', 'plugin', '2017-11-30 06:42:23'),
(247, 'plugin_base_status', 'backend', 'Plugin Base / Label / Status', 'plugin', '2017-11-30 06:42:33'),
(248, 'plugin_base_revert_status', 'backend', 'Plugin Base / Label / Revert status', 'plugin', '2017-11-30 06:42:46'),
(249, 'plugin_base_export', 'backend', 'Plugin Base / Label / Export', 'plugin', '2017-11-30 06:43:03'),
(250, 'plugin_base_delete_selected', 'backend', 'Plugin Base / Label / Delete selected', 'plugin', '2017-11-30 06:43:22'),
(251, 'plugin_base_delete_confirmation', 'backend', 'Plugin Base / Label / Delete confirmation', 'plugin', '2017-11-30 06:43:51'),
(252, 'plugin_base_infobox_add_user_title', 'backend', 'Plugin Base / Infobox / Add User', 'plugin', '2017-11-30 08:13:30'),
(253, 'plugin_base_infobox_add_user_desc', 'backend', 'Plugin Base / Infobox / Add User', 'plugin', '2017-11-30 08:14:10'),
(254, 'plugin_base_choose', 'backend', 'Plugin Base / Label / Choose', 'plugin', '2017-11-30 08:20:04'),
(255, 'plugin_base_password', 'backend', 'Plugin Base / Label / Password', 'plugin', '2017-11-30 08:22:42'),
(256, 'plugin_base_phone', 'backend', 'Plugin Base / Label / Phone', 'plugin', '2017-11-30 08:27:22'),
(257, 'plugin_base_email_in_used', 'backend', 'Plugin Base / Label / Email address was already used.', 'plugin', '2017-11-30 08:29:44'),
(258, 'plugin_base_invalid_password_title', 'backend', 'Plugin Base / Label / Invalid Password', 'plugin', '2017-11-30 09:05:05'),
(259, 'plugin_base_btn_ok', 'backend', 'Plugin Base / Buttons / OK', 'plugin', '2017-11-30 09:07:59'),
(260, 'plugin_base_infobox_update_user_title', 'backend', 'Plugin Base / Infobox / Update User', 'plugin', '2017-11-30 09:16:57'),
(261, 'plugin_base_infobox_update_user_desc', 'backend', 'Plugin Base / Infobox / Update User', 'plugin', '2017-11-30 09:17:29'),
(262, 'plugin_base_registration_date_time', 'backend', 'Plugin Base / Label / Registration date/time', 'plugin', '2017-11-30 09:23:19'),
(263, 'plugin_base_ip_address', 'backend', 'Plugin Base / Label / IP address', 'plugin', '2017-11-30 09:23:46'),
(264, 'plugin_base_error_titles_ARRAY_PPR01', 'arrays', 'plugin_base_error_titles_ARRAY_PPR01', 'plugin', '2017-12-01 05:07:21'),
(265, 'plugin_base_error_bodies_ARRAY_PPR01', 'arrays', 'plugin_base_error_bodies_ARRAY_PPR01', 'plugin', '2017-12-01 05:07:57'),
(266, 'plugin_base_infobox_permissions_title', 'backend', 'Plugin Base / Infobox / Permissions', 'plugin', '2017-12-01 05:09:21'),
(267, 'plugin_base_infobox_permissions_desc', 'backend', 'Plugin Base / Infobox / Permissions', 'plugin', '2017-12-01 05:10:05'),
(268, 'plugin_base_permission_title', 'backend', 'Plugin Base / Infobox / Title', 'plugin', '2017-12-01 05:10:53'),
(269, 'plugin_base_permission_key', 'backend', 'Plugin Base / Infobox / Key', 'plugin', '2017-12-01 05:11:14'),
(270, 'plugin_base_btn_set_role_permission', 'backend', 'Plugin Base / Buttons / Set permissions for role', 'plugin', '2017-12-01 05:16:09'),
(271, 'plugin_base_infobox_role_permissions_title', 'backend', 'Plugin Base / Infobox / Set permissions for role', 'plugin', '2017-12-01 05:23:34'),
(272, 'plugin_base_infobox_role_permissions_desc', 'backend', 'Plugin Base / Infobox / Set permissions for role', 'plugin', '2017-12-01 05:24:31'),
(273, 'plugin_base_set_permissions', 'backend', 'Plugin Base / Buttons / Set permissions', 'plugin', '2017-12-01 08:25:51'),
(274, 'plugin_base_reset_permissions', 'backend', 'Plugin Base / Buttons / Reset permissions', 'plugin', '2017-12-01 05:16:09'),
(275, 'plugin_base_reset_user_permissions_title', 'backend', 'Plugin Base / Reset user permissions title', 'plugin', '2017-12-01 05:16:09'),
(276, 'plugin_base_reset_user_permissions_text', 'backend', 'Plugin Base / Reset user permissions text', 'plugin', '2017-12-01 05:16:09'),
(277, 'plugin_base_infobox_user_permissions_title', 'backend', 'Plugin Base / Infobox / Set permissions for user', 'plugin', '2017-12-01 08:33:19'),
(278, 'plugin_base_infobox_user_permissions_desc', 'backend', 'Plugin Base / Infobox / Set permissions for user', 'plugin', '2017-12-01 08:33:32'),
(279, 'plugin_base_access_denied_title', 'backend', 'Plugin Base / Label / Access denied', 'plugin', '2017-12-01 09:28:37'),
(280, 'plugin_base_access_denied_desc', 'backend', 'Plugin Base / Label / Access denied', 'plugin', '2017-12-01 09:30:07'),
(281, 'plugin_base_opt_o_captcha_type_front', 'backend', 'Plugin Base / Options / Type', 'plugin', '2017-12-04 07:15:22'),
(282, 'plugin_base_opt_o_captcha_background_front', 'backend', 'Plugin Base / Options / Background', 'plugin', '2017-12-04 07:15:39'),
(283, 'plugin_base_opt_o_captcha_mode_front', 'backend', 'Plugin Base / Options / Mode', 'plugin', '2017-12-04 07:15:51'),
(284, 'plugin_base_opt_o_captcha_length_front', 'backend', 'Plugin Base / Options / Length', 'plugin', '2017-12-04 07:16:03'),
(285, 'plugin_base_opt_o_captcha_site_key_front', 'backend', 'Plugin Base / Options / Google reCaptcha site key', 'plugin', '2017-12-04 07:16:40'),
(286, 'plugin_base_opt_o_captcha_secret_key_front', 'backend', 'Plugin Base / Options / Google reCaptcha secret key', 'plugin', '2017-12-04 07:16:51'),
(287, 'plugin_base_backup_enable_auto_backup', 'backend', 'Plugin Base / Label / Enable auto-backup', 'plugin', '2017-12-04 09:15:04'),
(288, 'plugin_base_error_titles_ARRAY_PBS06', 'arrays', 'plugin_base_error_titles_ARRAY_PBS06', 'plugin', '2017-12-04 09:31:27'),
(289, 'plugin_base_error_bodies_ARRAY_PBS06', 'arrays', 'plugin_base_error_bodies_ARRAY_PBS06', 'plugin', '2017-12-04 09:32:09'),
(290, 'plugin_base_menu_api_keys', 'backend', 'Plugin Base / Label / API Keys', 'plugin', '2017-12-04 09:36:46'),
(291, 'plugin_base_infobox_api_keys_title', 'backend', 'Plugin Base / Infobox / API Keys', 'plugin', '2017-12-04 09:37:11'),
(292, 'plugin_base_infobox_api_keys_desc', 'backend', 'Plugin Base / Infobox / API Keys', 'plugin', '2017-12-04 09:38:43'),
(293, 'plugin_base_no_api_keys_added', 'backend', 'Plugin Base / Label / No API keys added!', 'plugin', '2017-12-04 09:43:57'),
(294, 'plugin_base_btn_verify_key', 'backend', 'Plugin Base / Button / Verify Key', 'plugin', '2017-12-04 09:50:13'),
(295, 'plugin_base_menu_cron_jobs', 'backend', 'Plugin Base / Menu / Cron jobs', 'plugin', '2017-12-05 07:08:33'),
(296, 'plugin_base_infobox_cron_jobs_title', 'backend', 'Plugin Base / Infobox / Cron Jobs', 'plugin', '2017-12-05 07:12:22'),
(297, 'plugin_base_infobox_cron_jobs_desc', 'backend', 'Plugin Base / Infobox / Cron Jobs', 'plugin', '2017-12-05 07:12:51'),
(298, 'plugin_base_cron_url', 'backend', 'Plugin Base / Menu / Cron URL', 'plugin', '2017-12-05 07:23:53'),
(299, 'plugin_base_cron_type', 'backend', 'Plugin Base / Menu / Cron Type', 'plugin', '2017-12-05 07:27:12'),
(300, 'plugin_base_cron_interval', 'backend', 'Plugin Base / Menu / Interval', 'plugin', '2017-12-05 07:27:39'),
(301, 'plugin_base_cron_next_run', 'backend', 'Plugin Base / Label / Next run', 'plugin', '2017-12-05 07:28:27'),
(302, 'plugin_base_cron_last_run', 'backend', 'Plugin Base / Label / Last run', 'plugin', '2017-12-05 07:28:41'),
(303, 'plugin_base_cron_status', 'backend', 'Plugin Base / Label / Status', 'plugin', '2017-12-05 07:29:03'),
(304, 'plugin_base_cron_no_cron_jobs', 'backend', 'Plugin Base / Label / There are no cron jobs found.', 'plugin', '2017-12-05 07:52:10'),
(305, 'plugin_base_cron_periods_ARRAY_minute', 'arrays', 'plugin_base_cron_periods_ARRAY_minute', 'plugin', '2017-12-05 07:54:54'),
(306, 'plugin_base_cron_periods_ARRAY_hour', 'arrays', 'plugin_base_cron_periods_ARRAY_hour', 'plugin', '2017-12-05 07:55:05'),
(307, 'plugin_base_cron_periods_ARRAY_day', 'arrays', 'plugin_base_cron_periods_ARRAY_day', 'plugin', '2017-12-05 07:55:15'),
(308, 'plugin_base_cron_periods_ARRAY_week', 'arrays', 'plugin_base_cron_periods_ARRAY_week', 'plugin', '2017-12-05 07:55:25'),
(309, 'plugin_base_cron_periods_ARRAY_month', 'arrays', 'plugin_base_cron_periods_ARRAY_month', 'plugin', '2017-12-05 07:55:37'),
(310, 'plugin_base_cron_run_now', 'backend', 'Plugin Base / Label / Run now', 'plugin', '2017-12-05 07:56:13'),
(311, 'plugin_base_lbl_na', 'backend', 'Plugin Base / Label / N/A', 'plugin', '2017-12-05 08:04:19'),
(312, 'plugin_base_cront_alert_title', 'backend', 'Plugin Base / Label / Run cron job?', 'plugin', '2017-12-05 08:27:16'),
(313, 'plugin_base_cront_alert_text', 'backend', 'Plugin Base / Label / Are you sure that you want to run this cron job?', 'plugin', '2017-12-05 08:28:08'),
(314, 'plugin_base_languages_tab_import_export', 'backend', 'Plugin Base / Tab / Import / Export', 'plugin', '2017-12-06 08:32:18'),
(315, 'plugin_base_locale_infobox_ie_title', 'backend', 'Plugin Base / Infobox / Import / Export', 'plugin', '2017-12-06 08:37:29'),
(316, 'plugin_base_locale_infobox_ie_desc', 'backend', 'Plugin Base / Infobox / Import / Export', 'plugin', '2017-12-06 08:37:51'),
(317, 'plugin_base_locale_lbl_import', 'backend', 'Plugin Base / Label / Import', 'plugin', '2017-12-06 08:50:43'),
(318, 'plugin_base_locale_delimiter', 'backend', 'Plugin Base / Label / Delimiter', 'plugin', '2017-12-06 08:53:38'),
(319, 'plugin_base_locale_separators_ARRAY_comma', 'arrays', 'plugin_base_locale_separators_ARRAY_comma', 'plugin', '2017-12-06 08:54:12'),
(320, 'plugin_base_locale_separators_ARRAY_semicolon', 'arrays', 'plugin_base_locale_separators_ARRAY_semicolon', 'plugin', '2017-12-06 08:54:34'),
(321, 'plugin_base_locale_separators_ARRAY_tab', 'arrays', 'plugin_base_locale_separators_ARRAY_tab', 'plugin', '2017-12-06 08:54:44'),
(322, 'plugin_base_locale_browse_csv_file', 'backend', 'Plugin Base / Label / Browse CSV file', 'plugin', '2017-12-06 08:58:50'),
(323, 'plugin_base_locale_select_file', 'backend', 'Plugin Base / Label / Select File', 'plugin', '2017-12-06 08:59:09'),
(324, 'plugin_base_locale_change_file', 'backend', 'Plugin Base / Label / Change File', 'plugin', '2017-12-06 08:59:40'),
(325, 'plugin_base_btn_import', 'backend', 'Plugin Base / Buttons / Import', 'plugin', '2017-12-06 09:02:30'),
(326, 'plugin_base_locale_lbl_export', 'backend', 'Plugin Base / Label / Export', 'plugin', '2017-12-06 09:04:59'),
(327, 'plugin_base_btn_export', 'backend', 'Plugin Base / Buttons / Export', 'plugin', '2017-12-06 09:05:11'),
(328, 'plugin_base_error_titles_ARRAY_PAL01', 'arrays', 'Locale plugin / Status title', 'plugin', NULL),
(329, 'plugin_base_error_bodies_ARRAY_PAL01', 'arrays', 'Locale plugin / Status body', 'plugin', NULL),
(330, 'plugin_base_error_titles_ARRAY_PAL02', 'arrays', 'Locale plugin / Status title', 'plugin', NULL),
(331, 'plugin_base_error_bodies_ARRAY_PAL02', 'arrays', 'Locale plugin / Status body', 'plugin', NULL),
(332, 'plugin_base_error_titles_ARRAY_PAL03', 'arrays', 'Locale plugin / Status title', 'plugin', NULL),
(333, 'plugin_base_error_bodies_ARRAY_PAL03', 'arrays', 'Locale plugin / Status body', 'plugin', NULL),
(334, 'plugin_base_error_titles_ARRAY_PAL04', 'arrays', 'Locale plugin / Status title', 'plugin', NULL),
(335, 'plugin_base_error_bodies_ARRAY_PAL04', 'arrays', 'Locale plugin / Status body', 'plugin', NULL),
(336, 'plugin_base_error_titles_ARRAY_PAL05', 'arrays', 'Locale plugin / Status title', 'plugin', NULL),
(337, 'plugin_base_error_bodies_ARRAY_PAL05', 'arrays', 'Locale plugin / Status body', 'plugin', NULL),
(338, 'plugin_base_error_bodies_ARRAY_PAL20', 'arrays', 'plugin_base_error_bodies_ARRAY_PAL20', 'plugin', '2014-07-21 07:54:40'),
(339, 'plugin_base_error_titles_ARRAY_PAL20', 'arrays', 'plugin_base_error_titles_ARRAY_PAL20', 'plugin', '2014-07-21 07:55:25'),
(340, 'plugin_base_error_titles_ARRAY_PAL11', 'arrays', 'plugin_base_error_titles_ARRAY_PAL11', 'plugin', '2014-07-21 07:58:06'),
(341, 'plugin_base_error_bodies_ARRAY_PAL11', 'arrays', 'plugin_base_error_bodies_ARRAY_PAL11', 'plugin', '2014-07-21 07:58:37'),
(342, 'plugin_base_error_titles_ARRAY_PAL12', 'arrays', 'plugin_base_error_titles_ARRAY_PAL12', 'plugin', '2014-07-21 07:59:00'),
(343, 'plugin_base_error_bodies_ARRAY_PAL12', 'arrays', 'plugin_base_error_bodies_ARRAY_PAL12', 'plugin', '2014-07-21 07:59:46'),
(344, 'plugin_base_error_titles_ARRAY_PAL13', 'arrays', 'plugin_base_error_titles_ARRAY_PAL13', 'plugin', '2014-07-21 08:00:05'),
(345, 'plugin_base_error_bodies_ARRAY_PAL13', 'arrays', 'plugin_base_error_bodies_ARRAY_PAL13', 'plugin', '2014-07-21 08:01:02'),
(346, 'plugin_base_error_titles_ARRAY_PAL14', 'arrays', 'plugin_base_error_titles_ARRAY_PAL14', 'plugin', '2014-07-21 08:01:15'),
(347, 'plugin_base_error_bodies_ARRAY_PAL14', 'arrays', 'plugin_base_error_bodies_ARRAY_PAL14', 'plugin', '2014-07-21 08:01:37'),
(348, 'plugin_base_error_titles_ARRAY_PAL15', 'arrays', 'plugin_base_error_titles_ARRAY_PAL15', 'plugin', '2014-07-21 08:01:51'),
(349, 'plugin_base_error_bodies_ARRAY_PAL15', 'arrays', 'plugin_base_error_bodies_ARRAY_PAL15', 'plugin', '2014-07-21 08:04:05'),
(350, 'plugin_base_error_titles_ARRAY_PAL16', 'arrays', 'plugin_base_error_titles_ARRAY_PAL16', 'plugin', '2014-07-21 08:04:13'),
(351, 'plugin_base_error_bodies_ARRAY_PAL16', 'arrays', 'plugin_base_error_bodies_ARRAY_PAL16', 'plugin', '2014-07-21 08:05:29'),
(352, 'plugin_base_error_titles_ARRAY_PAL17', 'arrays', 'plugin_base_error_titles_ARRAY_PAL17', 'plugin', '2014-07-21 08:06:10'),
(353, 'plugin_base_error_bodies_ARRAY_PAL17', 'arrays', 'plugin_base_error_bodies_ARRAY_PAL17', 'plugin', '2014-07-21 08:06:27'),
(354, 'plugin_base_error_titles_ARRAY_PAL18', 'arrays', 'plugin_base_error_titles_ARRAY_PAL18', 'plugin', '2014-07-21 08:26:34'),
(355, 'plugin_base_error_bodies_ARRAY_PAL18', 'arrays', 'plugin_base_error_bodies_ARRAY_PAL18', 'plugin', '2014-07-21 08:27:01'),
(356, 'plugin_base_error_titles_ARRAY_PAL19', 'arrays', 'plugin_base_error_titles_ARRAY_PAL19', 'plugin', '2014-07-21 08:27:15'),
(357, 'plugin_base_error_bodies_ARRAY_PAL19', 'arrays', 'plugin_base_error_bodies_ARRAY_PAL19', 'plugin', '2014-07-21 08:27:27'),
(358, 'plugin_base_locale_error_line', 'backend', 'Plugin Base / Label / Error line', 'plugin', '2017-12-06 09:25:58'),
(359, 'plugin_base_menu_profile', 'backend', 'Plugin Base / Menu Profile', 'plugin', NULL),
(360, 'plugin_base_menu_logout', 'backend', 'Plugin Base / Menu Logout', 'plugin', NULL),
(361, 'plugin_base_header_welcome', 'backend', 'Plugin Base / Header / Welcome', 'plugin', NULL),
(362, 'plugin_base_admin_login', 'backend', 'Plugin Base / Admin Login', 'plugin', NULL),
(363, 'plugin_base_opt_o_dashboard', 'backend', 'Plugin Base / Options / Dashboard page URL', 'plugin', NULL),
(364, 'plugin_base_log_menu_log', 'backend', 'Plugin Base / Menu Log', 'plugin', NULL),
(365, 'plugin_base_log_menu_config', 'backend', 'Plugin Base / Menu Config', 'plugin', NULL),
(366, 'plugin_base_log_btn_empty', 'backend', 'Plugin Base / Empty button', 'plugin', NULL),
(367, 'plugin_base_error_titles_ARRAY_PLG01', 'arrays', 'plugin_base_error_titles_ARRAY_PLG01', 'plugin', NULL),
(368, 'plugin_base_error_bodies_ARRAY_PLG01', 'arrays', 'plugin_base_error_bodies_ARRAY_PLG01', 'plugin', NULL),
(369, 'plugin_base_api_key', 'backend', 'Plugin Base / API key', 'plugin', NULL),
(370, 'plugin_base_editor_phone_portrait', 'backend', 'Plugin Base / Editor / Phone portrait', 'plugin', NULL),
(371, 'plugin_base_editor_phone_landscape', 'backend', 'Plugin Base / Editor / Phone landscape', 'plugin', NULL),
(372, 'plugin_base_editor_tablet_portrait', 'backend', 'Plugin Base / Editor / Tablet portrait', 'plugin', NULL),
(373, 'plugin_base_editor_tablet_landscape', 'backend', 'Plugin Base / Editor / Tablet landscape', 'plugin', NULL),
(374, 'plugin_base_editor_phone_portrait_info', 'backend', 'Plugin Base / Editor / Phone portrait info', 'plugin', NULL),
(375, 'plugin_base_editor_phone_landscape_info', 'backend', 'Plugin Base / Editor / Phone landscape info', 'plugin', NULL),
(376, 'plugin_base_editor_tablet_portrait_info', 'backend', 'Plugin Base / Editor / Tablet portrait info', 'plugin', NULL),
(377, 'plugin_base_editor_tablet_landscape_info', 'backend', 'Plugin Base / Editor / Tablet landscape info', 'plugin', NULL),
(378, 'plugin_base_opt_o_hide_page_text', 'backend', 'Plugin Base / Options / Hide this page text', 'plugin', NULL),
(379, 'plugin_base_backup_enable_auto_backup_text', 'backend', 'Plugin Base / Label / Enable auto-backup text', 'plugin', NULL),
(380, 'plugin_base_server_path', 'backend', 'Plugin Base / Label / Server path', 'plugin', NULL),
(381, 'plugin_base_account_locked', 'backend', 'Plugin Base / Account locked', 'plugin', NULL),
(382, 'plugin_base_available_tokens', 'backend', 'Plugin Base / Available tokens', 'plugin', NULL),
(383, 'plugin_base_opt_o_failed_login_send_email_subject', 'backend', 'Plugin Base / Options / Failed login email subject', 'plugin', NULL),
(384, 'plugin_base_opt_o_failed_login_send_email_message', 'backend', 'Plugin Base / Options / Failed login email message', 'plugin', NULL),
(385, 'plugin_base_opt_o_failed_login_send_sms_message', 'backend', 'Plugin Base / Options / Failed login SMS message', 'plugin', NULL),
(386, 'plugin_base_link_resend_password', 'backend', 'Plugin Base / Links / Resend password', 'plugin', NULL),
(387, 'plugin_base_two_factor_auth_email_title', 'backend', 'Plugin Base / Label / Two factor authentication title (email)', 'plugin', NULL),
(388, 'plugin_base_two_factor_auth_sms_title', 'backend', 'Plugin Base / Label / Two factor authentication title (SMS)', 'plugin', NULL),
(389, 'plugin_base_opt_o_secure_login_send_password_to_email_subject', 'backend', 'Plugin Base / Options / Temporary password email subject', 'plugin', NULL),
(390, 'plugin_base_opt_o_secure_login_send_password_to_email_message', 'backend', 'Plugin Base / Options / Temporary password email message', 'plugin', NULL),
(391, 'plugin_base_opt_o_secure_login_send_password_to_sms_message', 'backend', 'Plugin Base / Options / Temporary password SMS message', 'plugin', NULL),
(392, 'plugin_base_disabled_login_form_text', 'backend', 'Plugin Base / Disabled login form text', 'plugin', NULL),
(393, 'plugin_base_admin_forgot', 'backend', 'Plugin Base / Forgot Password?', 'plugin', NULL),
(394, 'plugin_base_link_login', 'backend', 'Plugin Base / User login', 'plugin', NULL),
(395, 'plugin_base_opt_o_forgot_email_subject', 'backend', 'Plugin Base / Options / Forgot password email subject', 'plugin', NULL),
(396, 'plugin_base_opt_o_forgot_email_message', 'backend', 'Plugin Base / Options / Forgot password email message', 'plugin', NULL),
(397, 'plugin_base_opt_o_forgot_sms_message', 'backend', 'Plugin Base / Options / Forgot password SMS message', 'plugin', NULL),
(398, 'plugin_base_login_err_ARRAY_8', 'arrays', 'plugin_base_login_err_ARRAY_8', 'plugin', NULL),
(399, 'plugin_base_login_err_ARRAY_9', 'arrays', 'plugin_base_login_err_ARRAY_9', 'plugin', NULL),
(400, 'plugin_base_login_err_ARRAY_10', 'arrays', 'plugin_base_login_err_ARRAY_10', 'plugin', NULL),
(401, 'plugin_base_locale_field_type', 'backend', 'Plugin Base / Field type', 'plugin', NULL),
(402, 'plugin_base_locale_type_backend', 'backend', 'Plugin Base / Back-end', 'plugin', NULL),
(403, 'plugin_base_locale_type_frontend', 'backend', 'Plugin Base / Front-end', 'plugin', NULL),
(404, 'plugin_base_locale_type_arrays', 'backend', 'Plugin Base / Special title (Array)', 'plugin', NULL),
(405, 'plugin_base_locale_type_script', 'backend', 'Plugin Base / Script', 'plugin', NULL),
(406, 'plugin_base_locale_type_plugin', 'backend', 'Plugin Base / Plugin', 'plugin', NULL);
INSERT INTO `transfer_plugin_base_fields` (`id`, `key`, `type`, `label`, `source`, `modified`) VALUES
(407, 'plugin_base_opt_o_forgot_contact_admin_message', 'backend', 'Plugin Base / Options / Contact admin email message', 'plugin', NULL),
(408, 'plugin_base_login_err_ARRAY_11', 'arrays', 'plugin_base_login_err_ARRAY_11', 'plugin', NULL),
(409, 'plugin_base_login_err_ARRAY_12', 'arrays', 'plugin_base_login_err_ARRAY_12', 'plugin', NULL),
(410, 'plugin_base_login_err_ARRAY_13', 'arrays', 'plugin_base_login_err_ARRAY_13', 'plugin', NULL),
(411, 'plugin_base_login_err_ARRAY_14', 'arrays', 'plugin_base_login_err_ARRAY_14', 'plugin', NULL),
(412, 'plugin_base_opt_o_google_maps_api_key', 'backend', 'Plugin Base / Options / Google Maps', 'plugin', NULL),
(413, 'plugin_base_opt_o_google_maps_api_key_text', 'backend', 'Plugin Base / Options / Google Maps', 'plugin', NULL),
(414, 'plugin_base_login_err_ARRAY_15', 'arrays', 'plugin_base_login_err_ARRAY_15', 'plugin', NULL),
(415, 'plugin_base_login_err_ARRAY_16', 'arrays', 'plugin_base_login_err_ARRAY_16', 'plugin', NULL),
(416, 'plugin_base_login_err_ARRAY_17', 'arrays', 'plugin_base_login_err_ARRAY_17', 'plugin', NULL),
(417, 'plugin_base_login_err_ARRAY_18', 'arrays', 'plugin_base_login_err_ARRAY_18', 'plugin', NULL),
(418, 'plugin_base_login_err_ARRAY_19', 'arrays', 'plugin_base_login_err_ARRAY_19', 'plugin', NULL),
(419, 'plugin_base_login_err_ARRAY_30', 'arrays', 'plugin_base_login_err_ARRAY_30', 'plugin', NULL),
(420, 'plugin_base_opt_o_forgot_contact_admin_subject', 'backend', 'Plugin Base / Options / Contact admin email subject', 'plugin', NULL),
(421, 'plugin_base_btn_send_password_reminder', 'backend', 'Plugin Base / Label / Send Password Reminder', 'plugin', NULL),
(422, 'plugin_base_opt_o_failed_login_send_email', 'backend', 'Plugin Base / Options / Send notification to account owner', 'plugin', NULL),
(423, 'plugin_base_opt_o_failed_login_send_sms', 'backend', 'Plugin Base / Options / Send SMS to account owner', 'plugin', NULL),
(424, 'plugin_base_create_backup_title', 'backend', 'Plugin Base / Label / Manually make a back-up', 'plugin', NULL),
(425, 'plugin_base_new_password', 'backend', 'Plugin Base / Label / New password', 'plugin', NULL),
(426, 'plugin_base_login_err_ARRAY_33', 'arrays', 'plugin_base_login_err_ARRAY_33', 'plugin', NULL),
(427, 'plugin_base_login_err_ARRAY_32', 'arrays', 'plugin_base_login_err_ARRAY_32', 'plugin', NULL),
(428, 'plugin_base_login_err_ARRAY_31', 'arrays', 'plugin_base_login_err_ARRAY_31', 'plugin', NULL),
(429, 'plugin_base_admin_reset_success', 'backend', 'Plugin Base / New password generated', 'plugin', NULL),
(430, 'plugin_base_options_captcha_desc_front', 'backend', 'Plugin Base / Infobox / Captcha description (front-end)', 'plugin', NULL),
(431, 'plugin_base_options_captcha_title_front', 'backend', 'Plugin Base / Infobox / Captcha (front-end)', 'plugin', NULL),
(432, 'plugin_base_opt_o_base_theme', 'backend', 'Plugin Base / Options / Color theme', 'plugin', NULL),
(433, 'plugin_base_sms_warning', 'backend', 'Plugin Base / Options / SMS warning', 'plugin', NULL),
(434, 'plugin_base_change_pswd_title', 'backend', 'Plugin Base / Infobox / Change password', 'plugin', NULL),
(435, 'plugin_base_change_pswd_desc', 'backend', 'Plugin Base / Infobox / Change password', 'plugin', NULL),
(436, 'plugin_base_opt_o_sender_name', 'backend', 'Plugin Base / Options / Name (\"From\" header)', 'plugin', NULL),
(437, 'plugin_base_captcha_reload', 'backend', 'Plugin Base / Captcha / Reload', 'plugin', '2018-06-11 10:40:37'),
(438, 'plugin_base_login_welcome', 'backend', 'Plugin Base / Login / Welcome', 'plugin', NULL),
(439, 'plugin_base_login_welcome_prefix', 'backend', 'Plugin Base / Login / Welcome prefix', 'plugin', '2018-06-11 10:51:43'),
(440, 'plugin_base_login_welcome_suffix', 'backend', 'Plugin Base / Login / Welcome suffix', 'plugin', '2018-06-11 10:52:02'),
(441, 'plugin_base_login_err_ARRAY_44', 'arrays', 'plugin_base_login_err_ARRAY_44', 'plugin', NULL),
(442, 'opt_o_secure_login_send_password_to_email_message_text', 'backend', 'Plugin Base / Options / Temporary password email message text', 'plugin', NULL),
(443, 'opt_o_secure_login_send_password_to_sms_message_text', 'backend', 'Plugin Base / Options / Temporary password SMS message text', 'plugin', NULL),
(444, 'opt_o_failed_login_send_email_message_text', 'backend', 'Plugin Base / Options / Failed login email message text', 'plugin', NULL),
(445, 'opt_o_failed_login_send_sms_message_text', 'backend', 'Plugin Base / Options / Failed login SMS message text', 'plugin', NULL),
(446, 'opt_o_forgot_email_message_text', 'backend', 'Plugin Base / Options / Forgot password email message text', 'plugin', NULL),
(447, 'plugin_base_send_test_swal_success_title', 'backend', 'Success!', 'plugin', NULL),
(448, 'plugin_base_send_test_swal_smg_title', 'backend', 'Email sent!', 'plugin', NULL),
(449, 'plugin_base_send_test_swal_error_title', 'backend', 'Error!', 'plugin', NULL),
(450, 'plugin_base_email_text_ARRAY_1', 'arrays', 'plugin_base_email_text_ARRAY_1', 'plugin', NULL),
(451, 'plugin_base_email_text_ARRAY_2', 'arrays', 'plugin_base_email_text_ARRAY_2', 'plugin', NULL),
(452, 'plugin_base_email_text_ARRAY_3', 'arrays', 'plugin_base_email_text_ARRAY_3', 'plugin', NULL),
(453, 'plugin_base_email_text_ARRAY_4', 'arrays', 'plugin_base_email_text_ARRAY_4', 'plugin', NULL),
(454, 'plugin_base_email_text_ARRAY_5', 'arrays', 'plugin_base_email_text_ARRAY_5', 'plugin', NULL),
(455, 'plugin_base_email_text_ARRAY_6', 'arrays', 'plugin_base_email_text_ARRAY_6', 'plugin', NULL),
(456, 'plugin_base_email_text_ARRAY_7', 'arrays', 'plugin_base_email_text_ARRAY_7', 'plugin', NULL),
(457, 'plugin_base_email_text_ARRAY_8', 'arrays', 'plugin_base_email_text_ARRAY_8', 'plugin', NULL),
(458, 'plugin_base_email_text_ARRAY_9', 'arrays', 'plugin_base_email_text_ARRAY_9', 'plugin', NULL),
(459, 'plugin_base_api_key_text_ARRAY_100', 'arrays', 'plugin_base_api_key_text_ARRAY_100', 'plugin', NULL),
(460, 'plugin_base_api_key_text_ARRAY_101', 'arrays', 'plugin_base_api_key_text_ARRAY_101', 'plugin', NULL),
(461, 'plugin_base_api_key_text_ARRAY_102', 'arrays', 'plugin_base_api_key_text_ARRAY_102', 'plugin', NULL),
(462, 'plugin_base_api_key_text_ARRAY_103', 'arrays', 'plugin_base_api_key_text_ARRAY_103', 'plugin', NULL),
(463, 'plugin_base_api_key_text_ARRAY_200', 'arrays', 'plugin_base_api_key_text_ARRAY_200', 'plugin', NULL),
(464, 'plugin_base_sms_key_text_ARRAY_100', 'arrays', 'plugin_base_sms_key_text_ARRAY_100', 'plugin', NULL),
(465, 'plugin_base_sms_key_text_ARRAY_101', 'arrays', 'plugin_base_sms_key_text_ARRAY_101', 'plugin', NULL),
(466, 'plugin_base_sms_key_text_ARRAY_4', 'arrays', 'plugin_base_sms_key_text_ARRAY_4', 'plugin', NULL),
(467, 'plugin_base_validate_select_file', 'backend', 'plugin_base_validate_select_file', 'plugin', NULL),
(468, 'plugin_base_ajax_error', 'backend', 'Plugin Base / Label / Ajax request error', 'plugin', '2018-11-22 01:49:22'),
(469, 'plugin_base_login_err_ARRAY_3', 'arrays', 'plugin_base_login_err_ARRAY_3', 'plugin', NULL),
(470, 'plugin_base_menu_countries', 'backend', 'Plugin Base / Menu / Countries', 'plugin', NULL),
(471, 'plugin_base_infobox_countries_title', 'backend', 'Plugin Base / Infobox / Countries', 'plugin', NULL),
(472, 'plugin_base_infobox_countries_desc', 'backend', 'Plugin Base / Infobox / Countries', 'plugin', NULL),
(473, 'plugin_base_infobox_add_country_title', 'backend', 'Plugin Base / Infobox / Add country', 'plugin', NULL),
(474, 'plugin_base_infobox_add_country_desc', 'backend', 'Plugin Base / Infobox / Add country desc', 'plugin', NULL),
(475, 'plugin_base_infobox_update_country_title', 'backend', 'Plugin Base / Infobox / Update country', 'plugin', NULL),
(476, 'plugin_base_infobox_update_country_desc', 'backend', 'Plugin Base / Infobox / Update country desc', 'plugin', NULL),
(477, 'plugin_base_error_titles_ARRAY_PCY01', 'arrays', 'plugin_base_error_titles_ARRAY_PCY01', 'plugin', NULL),
(478, 'plugin_base_error_titles_ARRAY_PCY03', 'arrays', 'plugin_base_error_titles_ARRAY_PCY03', 'plugin', NULL),
(479, 'plugin_base_error_titles_ARRAY_PCY04', 'arrays', 'plugin_base_error_titles_ARRAY_PCY04', 'plugin', NULL),
(480, 'plugin_base_error_titles_ARRAY_PCY08', 'arrays', 'plugin_base_error_titles_ARRAY_PCY08', 'plugin', NULL),
(481, 'plugin_base_error_bodies_ARRAY_PCY01', 'arrays', 'plugin_base_error_bodies_ARRAY_PCY01', 'plugin', NULL),
(482, 'plugin_base_error_bodies_ARRAY_PCY03', 'arrays', 'plugin_base_error_bodies_ARRAY_PCY03', 'plugin', NULL),
(483, 'plugin_base_error_bodies_ARRAY_PCY04', 'arrays', 'plugin_base_error_bodies_ARRAY_PCY04', 'plugin', NULL),
(484, 'plugin_base_error_bodies_ARRAY_PCY08', 'arrays', 'plugin_base_error_bodies_ARRAY_PCY08', 'plugin', NULL),
(485, 'plugin_base_btn_add_country', 'backend', 'Plugin Base / Buttons / Add country', 'plugin', NULL),
(486, 'plugin_base_country_name', 'backend', 'Plugin Base / Label / Country name', 'plugin', NULL),
(487, 'plugin_base_alpha_2', 'backend', 'Plugin Base / Label / Alpha 2', 'plugin', NULL),
(488, 'plugin_base_alpha_3', 'backend', 'Plugin Base / Label / Alpha 3', 'plugin', NULL),
(489, 'plugin_base_duplicated_alpha_2', 'backend', 'Plugin Base / Label / Duplicated alpha 2', 'plugin', NULL),
(490, 'plugin_base_duplicated_alpha_3', 'backend', 'Plugin Base / Label / Duplicated alpha 3', 'plugin', NULL),
(491, 'plugin_base_infobox_user_profile_title', 'backend', 'Plugin Base / Infobox / User Profile', 'plugin', NULL),
(492, 'plugin_base_infobox_user_profile_desc', 'backend', 'Plugin Base / Infobox / User Profile', 'plugin', NULL),
(493, 'plugin_base_menu_role_permissions', 'backend', 'Plugin Base / Menu / Role permissions', 'plugin', NULL),
(494, 'opt_o_forgot_sms_message_text', 'backend', 'Plugin Base / Options / Forgot password SMS message text', 'plugin', NULL),
(495, 'opt_o_forgot_contact_admin_message_text', 'backend', 'Plugin Base / Options / Contact admin email message text', 'plugin', NULL),
(496, 'plugin_base_grid_choose_action', 'backend', 'Plugin Base / Choose Action', 'plugin', NULL),
(497, 'plugin_base_grid_go_to_page', 'backend', 'Plugin Base / Go to page', 'plugin', NULL),
(498, 'plugin_base_grid_total_items', 'backend', 'Plugin Base / Total items', 'plugin', NULL),
(499, 'plugin_base_grid_items_per_page', 'backend', 'Plugin Base / Items per page', 'plugin', NULL),
(500, 'plugin_base_grid_prev_page', 'backend', 'Plugin Base / Prev page', 'plugin', NULL),
(501, 'plugin_base_grid_prev', 'backend', 'Plugin Base / Prev', 'plugin', NULL),
(502, 'plugin_base_grid_next_page', 'backend', 'Plugin Base / Next page', 'plugin', NULL),
(503, 'plugin_base_grid_next', 'backend', 'Plugin Base / Next', 'plugin', NULL),
(504, 'plugin_base_grid_delete_confirmation', 'backend', 'Plugin Base / Delete confirmation', 'plugin', NULL),
(505, 'plugin_base_grid_confirmation_title', 'backend', 'Plugin Base / Confirmation Title', 'plugin', NULL),
(506, 'plugin_base_grid_action_title', 'backend', 'Plugin Base / Action Title', 'plugin', NULL),
(507, 'plugin_base_grid_btn_ok', 'backend', 'Plugin Base / Button OK', 'plugin', NULL),
(508, 'plugin_base_grid_btn_cancel', 'backend', 'Plugin Base / Button Cancel', 'plugin', NULL),
(509, 'plugin_base_grid_btn_delete', 'backend', 'Plugin Base / Button Delete', 'plugin', NULL),
(510, 'plugin_base_grid_empty_result', 'backend', 'Plugin Base / Empty resultset', 'plugin', NULL),
(511, 'plugin_base_grid_total_prefix', 'backend', 'Plugin Base / of', 'plugin', NULL),
(512, 'plugin_base_grid_total_suffix', 'backend', 'Plugin Base / total', 'plugin', NULL),
(513, 'plugin_base_grid_show', 'backend', 'Plugin Base / Show', 'plugin', NULL),
(514, 'plugin_base_grid_empty_date', 'backend', 'Plugin Base / (empty date)', 'plugin', NULL),
(515, 'plugin_base_grid_invalid_date', 'backend', 'Plugin Base / (invalid date)', 'plugin', NULL),
(516, 'plugin_base_role_arr_ARRAY_1', 'arrays', 'Plugin Base / Administrator', 'plugin', NULL),
(517, 'plugin_base_role_arr_ARRAY_2', 'arrays', 'Plugin Base / Regular User', 'plugin', NULL),
(518, 'plugin_base_enum_arr_ARRAY_letters', 'arrays', 'Plugin Base / Letters only', 'plugin', NULL),
(519, 'plugin_base_enum_arr_ARRAY_digits', 'arrays', 'Plugin Base / Letters only', 'plugin', NULL),
(520, 'plugin_base_enum_arr_ARRAY_both', 'arrays', 'Plugin Base / Letters only', 'plugin', NULL),
(521, 'plugin_base_enum_arr_ARRAY_system', 'arrays', 'Plugin Base / System', 'plugin', NULL),
(522, 'plugin_base_enum_arr_ARRAY_google', 'arrays', 'Plugin Base / Google', 'plugin', NULL),
(523, 'plugin_base_enum_arr_ARRAY_string', 'arrays', 'Plugin Base / String', 'plugin', NULL),
(524, 'plugin_base_enum_arr_ARRAY_addition', 'arrays', 'Plugin Base / Addition', 'plugin', NULL),
(525, 'plugin_base_enum_arr_ARRAY_subtraction', 'arrays', 'Plugin Base / Subtraction', 'plugin', NULL),
(526, 'plugin_base_enum_arr_ARRAY_random_math', 'arrays', 'Plugin Base / Random math', 'plugin', NULL),
(527, 'plugin_base_grid_action_empty_title', 'backend', 'Plugin Base / No records selected', 'plugin', NULL),
(528, 'plugin_base_grid_action_empty_body', 'backend', 'Plugin Base / You need to select at least a single record', 'plugin', NULL),
(529, 'plugin_base_opt_o_google_geocoding_api_key', 'backend', 'Plugin Base / Options / Google Geocoding API Key', 'plugin', NULL),
(530, 'plugin_base_opt_o_google_geocoding_api_key_text', 'backend', 'Plugin Base / Options / Google Geocoding API Key', 'plugin', NULL),
(531, 'plugin_base_sms_test_invalid_method', 'backend', 'plugin_base_sms_test_invalid_method', 'plugin', NULL),
(532, 'plugin_base_sms_test_empty_api_key', 'backend', 'plugin_base_sms_test_empty_api_key', 'plugin', NULL),
(533, 'plugin_base_sms_test_empty_number', 'backend', 'plugin_base_sms_test_empty_number', 'plugin', NULL),
(534, 'plugin_base_opt_o_smtp_sender', 'backend', 'plugin_base_opt_o_smtp_sender', 'plugin', NULL),
(535, 'opt_plugin_sms_message_bird_access_key', 'backend', 'Label / Message bird originator', 'script', '2018-05-31 06:44:09'),
(536, 'opt_plugin_sms_message_bird_originator', 'backend', 'Label / Message bird access key', 'script', '2018-05-31 06:44:09'),
(537, 'plugin_auth_pwd_error_ARRAY_100', 'arrays', 'plugin_auth_pwd_error_ARRAY_100', 'plugin', '2017-11-30 10:27:11'),
(538, 'plugin_auth_pwd_error_ARRAY_101', 'arrays', 'plugin_auth_pwd_error_ARRAY_101', 'plugin', '2017-11-30 10:28:43'),
(539, 'plugin_auth_pwd_error_ARRAY_105', 'arrays', 'plugin_auth_pwd_error_ARRAY_105', 'plugin', '2017-11-30 10:29:23'),
(540, 'plugin_auth_pwd_error_ARRAY_102', 'arrays', 'plugin_auth_pwd_error_ARRAY_102', 'plugin', '2017-11-30 10:29:39'),
(541, 'plugin_auth_pwd_error_ARRAY_103', 'arrays', 'plugin_auth_pwd_error_ARRAY_103', 'plugin', '2017-11-30 10:30:05'),
(542, 'plugin_auth_pwd_error_ARRAY_104', 'arrays', 'plugin_auth_pwd_error_ARRAY_104', 'plugin', '2017-11-30 10:30:39'),
(543, 'pjBaseBackup_pjActionBackup', 'backend', 'pjBaseBackup_pjActionBackup', 'plugin', NULL),
(544, 'pjBaseBackup_pjActionDelete', 'backend', 'pjBaseBackup_pjActionDelete', 'plugin', NULL),
(545, 'pjBaseBackup_pjActionDeleteBulk', 'backend', 'pjBaseBackup_pjActionDeleteBulk', 'plugin', NULL),
(546, 'pjBaseBackup_pjActionDownload', 'backend', 'pjBaseBackup_pjActionDownload', 'plugin', NULL),
(547, 'pjBaseBackup_pjActionIndex', 'backend', 'pjBaseBackup_pjActionIndex', 'plugin', NULL),
(548, 'pjBaseCountries', 'backend', 'pjBaseCountries', 'plugin', NULL),
(549, 'pjBaseCountries_pjActionCreate', 'backend', 'pjBaseCountries_pjActionCreate', 'plugin', NULL),
(550, 'pjBaseCountries_pjActionDeleteCountry', 'backend', 'pjBaseCountries_pjActionDeleteCountry', 'plugin', NULL),
(551, 'pjBaseCountries_pjActionDeleteCountryBulk', 'backend', 'pjBaseCountries_pjActionDeleteCountryBulk', 'plugin', NULL),
(552, 'pjBaseCountries_pjActionIndex', 'backend', 'pjBaseCountries_pjActionIndex', 'plugin', NULL),
(553, 'pjBaseCountries_pjActionStatusCountry', 'backend', 'pjBaseCountries_pjActionStatusCountry', 'plugin', NULL),
(554, 'pjBaseCountries_pjActionUpdate', 'backend', 'pjBaseCountries_pjActionUpdate', 'plugin', NULL),
(555, 'pjBaseCron_pjActionExecute', 'backend', 'pjBaseCron_pjActionExecute', 'plugin', NULL),
(556, 'pjBaseCron_pjActionIndex', 'backend', 'pjBaseCron_pjActionIndex', 'plugin', NULL),
(557, 'pjBaseLocale', 'backend', 'pjBaseLocale', 'plugin', NULL),
(558, 'pjBaseLocale_pjActionDeleteLocale', 'backend', 'pjBaseLocale_pjActionDeleteLocale', 'plugin', NULL),
(559, 'pjBaseLocale_pjActionImportExport', 'backend', 'pjBaseLocale_pjActionImportExport', 'plugin', NULL),
(560, 'pjBaseLocale_pjActionImportExport_export', 'backend', 'pjBaseLocale_pjActionImportExport_export', 'plugin', NULL),
(561, 'pjBaseLocale_pjActionImportExport_import', 'backend', 'pjBaseLocale_pjActionImportExport_import', 'plugin', NULL),
(562, 'pjBaseLocale_pjActionIndex', 'backend', 'pjBaseLocale_pjActionIndex', 'plugin', NULL),
(563, 'pjBaseLocale_pjActionLabels', 'backend', 'pjBaseLocale_pjActionLabels', 'plugin', NULL),
(564, 'pjBaseLocale_pjActionLabels_showIds', 'backend', 'pjBaseLocale_pjActionLabels_showIds', 'plugin', NULL),
(565, 'pjBaseLocale_pjActionSaveLocale', 'backend', 'pjBaseLocale_pjActionSaveLocale', 'plugin', NULL),
(566, 'pjBaseOptions_pjActionApiKeys', 'backend', 'pjBaseOptions_pjActionApiKeys', 'plugin', NULL),
(567, 'pjBaseOptions_pjActionCaptchaSpam', 'backend', 'pjBaseOptions_pjActionCaptchaSpam', 'plugin', NULL),
(568, 'pjBaseOptions_pjActionCaptchaSpam_captcha', 'backend', 'pjBaseOptions_pjActionCaptchaSpam_captcha', 'plugin', NULL),
(569, 'pjBaseOptions_pjActionCaptchaSpam_spam', 'backend', 'pjBaseOptions_pjActionCaptchaSpam_spam', 'plugin', NULL),
(570, 'pjBaseOptions_pjActionEmailSettings', 'backend', 'pjBaseOptions_pjActionEmailSettings', 'plugin', NULL),
(571, 'pjBaseOptions', 'backend', 'pjBaseOptions', 'plugin', NULL),
(572, 'pjBaseOptions_pjActionIndex', 'backend', 'pjBaseOptions_pjActionIndex', 'plugin', NULL),
(573, 'pjBaseOptions_pjActionLoginProtection', 'backend', 'pjBaseOptions_pjActionLoginProtection', 'plugin', NULL),
(574, 'pjBaseOptions_pjActionLoginProtection_failed_login', 'backend', 'pjBaseOptions_pjActionLoginProtection_failed_login', 'plugin', NULL),
(575, 'pjBaseOptions_pjActionLoginProtection_forgot', 'backend', 'pjBaseOptions_pjActionLoginProtection_forgot', 'plugin', NULL),
(576, 'pjBaseOptions_pjActionLoginProtection_password', 'backend', 'pjBaseOptions_pjActionLoginProtection_password', 'plugin', NULL),
(577, 'pjBaseOptions_pjActionLoginProtection_secure_login', 'backend', 'pjBaseOptions_pjActionLoginProtection_secure_login', 'plugin', NULL),
(578, 'pjBaseOptions_pjActionVisual', 'backend', 'pjBaseOptions_pjActionVisual', 'plugin', NULL),
(579, 'pjBasePermissions_pjActionUserPermission', 'backend', 'pjBasePermissions_pjActionUserPermission', 'plugin', NULL),
(580, 'pjBaseSms', 'backend', 'pjBaseSms', 'plugin', NULL),
(581, 'pjBaseSms_pjActionIndex_list', 'backend', 'pjBaseSms_pjActionIndex_list', 'plugin', NULL),
(582, 'pjBaseSms_pjActionIndex_settings', 'backend', 'pjBaseSms_pjActionIndex_settings', 'plugin', NULL),
(583, 'pjBaseUsers', 'backend', 'pjBaseUsers', 'plugin', NULL),
(584, 'pjBaseUsers_pjActionCreate', 'backend', 'pjBaseUsers_pjActionCreate', 'plugin', NULL),
(585, 'pjBaseUsers_pjActionDeleteUser', 'backend', 'pjBaseUsers_pjActionDeleteUser', 'plugin', NULL),
(586, 'pjBaseUsers_pjActionDeleteUserBulk', 'backend', 'pjBaseUsers_pjActionDeleteUserBulk', 'plugin', NULL),
(587, 'pjBaseUsers_pjActionExportUser', 'backend', 'pjBaseUsers_pjActionExportUser', 'plugin', NULL),
(588, 'pjBaseUsers_pjActionIndex', 'backend', 'pjBaseUsers_pjActionIndex', 'plugin', NULL),
(589, 'pjBaseUsers_pjActionProfile', 'backend', 'pjBaseUsers_pjActionProfile', 'plugin', NULL),
(590, 'pjBaseUsers_pjActionStatusUser', 'backend', 'pjBaseUsers_pjActionStatusUser', 'plugin', NULL),
(591, 'pjBaseUsers_pjActionUnlockAccount', 'backend', 'pjBaseUsers_pjActionUnlockAccount', 'plugin', NULL),
(592, 'pjBaseUsers_pjActionUpdate', 'backend', 'pjBaseUsers_pjActionUpdate', 'plugin', NULL),
(593, 'pjVouchers', 'backend', 'pjVouchers', 'plugin', NULL),
(594, 'pjVouchers_pjActionCreate', 'backend', 'pjVouchers_pjActionCreate', 'plugin', NULL),
(595, 'pjVouchers_pjActionDeleteVoucher', 'backend', 'pjVouchers_pjActionDeleteVoucher', 'plugin', NULL),
(596, 'pjVouchers_pjActionDeleteVoucherBulk', 'backend', 'pjVouchers_pjActionDeleteVoucherBulk', 'plugin', NULL),
(597, 'pjVouchers_pjActionExportVoucher', 'backend', 'pjVouchers_pjActionExportVoucher', 'plugin', NULL),
(598, 'pjVouchers_pjActionUpdate', 'backend', 'pjVouchers_pjActionUpdate', 'plugin', NULL),
(599, 'user', 'backend', 'Username', 'script', '2018-05-31 06:44:09'),
(600, 'pass', 'backend', 'Password', 'script', '2018-05-31 06:44:09'),
(601, 'email', 'backend', 'E-Mail', 'script', '2018-05-31 06:44:09'),
(602, 'url', 'backend', 'URL', 'script', '2018-05-31 06:44:09'),
(603, 'created', 'backend', 'Created', 'script', '2018-05-31 06:44:09'),
(604, 'btnSave', 'backend', 'Save', 'script', '2018-05-31 06:44:09'),
(605, 'btnReset', 'backend', 'Reset', 'script', '2018-05-31 06:44:09'),
(606, 'addLocale', 'backend', 'Add language', 'script', '2018-05-31 06:44:09'),
(607, 'menuLang', 'backend', 'Menu Multi lang', 'script', '2018-05-31 06:44:09'),
(608, 'menuPlugins', 'backend', 'Menu Plugins', 'script', '2018-05-31 06:44:09'),
(609, 'menuUsers', 'backend', 'Menu Users', 'script', '2018-05-31 06:44:09'),
(610, 'menuOptions', 'backend', 'Menu Options', 'script', '2018-05-31 06:44:09'),
(611, 'menuLogout', 'backend', 'Menu Logout', 'script', '2018-05-31 06:44:09'),
(612, 'btnUpdate', 'backend', 'Update', 'script', '2018-05-31 06:44:09'),
(613, 'lblChoose', 'backend', 'Choose', 'script', '2018-05-31 06:44:09'),
(614, 'btnSearch', 'backend', 'Search', 'script', '2018-05-31 06:44:09'),
(615, 'backend', 'backend', 'Backend titles', 'script', '2018-05-31 06:44:09'),
(616, 'frontend', 'backend', 'Front-end titles', 'script', '2018-05-31 06:44:09'),
(617, 'locales', 'backend', 'Languages', 'script', '2018-05-31 06:44:09'),
(618, 'adminLogin', 'backend', 'Admin Login', 'script', '2018-05-31 06:44:09'),
(619, 'btnLogin', 'backend', 'Login', 'script', '2018-05-31 06:44:09'),
(620, 'menuDashboard', 'backend', 'Menu Dashboard', 'script', '2018-05-31 06:44:09'),
(621, 'lblOptionList', 'backend', 'Option list', 'script', '2018-05-31 06:44:09'),
(622, 'btnAdd', 'backend', 'Button Add', 'script', '2018-05-31 06:44:09'),
(623, 'lblDelete', 'backend', 'Delete', 'script', '2018-05-31 06:44:09'),
(624, 'lblType', 'backend', 'Type', 'script', '2018-05-31 06:44:09'),
(625, 'lblName', 'backend', 'Name', 'script', '2018-05-31 06:44:09'),
(626, 'lblRole', 'backend', 'Role', 'script', '2018-05-31 06:44:09'),
(627, 'lblStatus', 'backend', 'Status', 'script', '2018-05-31 06:44:09'),
(628, 'lblIsActive', 'backend', 'Is Active', 'script', '2018-05-31 06:44:09'),
(629, 'lblUpdateUser', 'backend', 'Update user', 'script', '2018-05-31 06:44:09'),
(630, 'lblAddUser', 'backend', 'Add user', 'script', '2018-05-31 06:44:09'),
(631, 'lblValue', 'backend', 'Value', 'script', '2018-05-31 06:44:09'),
(632, 'lblOption', 'backend', 'Option', 'script', '2018-05-31 06:44:09'),
(633, 'lblDays', 'backend', 'Days', 'script', '2018-05-31 06:44:09'),
(634, 'menuLocales', 'backend', 'Menu Languages', 'script', '2018-05-31 06:44:09'),
(635, 'lblYes', 'backend', 'Yes', 'script', '2018-05-31 06:44:09'),
(636, 'lblNo', 'backend', 'No', 'script', '2018-05-31 06:44:09'),
(637, 'lblError', 'backend', 'Error', 'script', '2018-05-31 06:44:09'),
(638, 'btnBack', 'backend', 'Button Back', 'script', '2018-05-31 06:44:09'),
(639, 'btnCancel', 'backend', 'Button Cancel', 'script', '2018-05-31 06:44:09'),
(640, 'lblForgot', 'backend', 'Forgot password', 'script', '2018-05-31 06:44:09'),
(641, 'adminForgot', 'backend', 'Forgot password', 'script', '2018-05-31 06:44:09'),
(642, 'btnSend', 'backend', 'Button Send', 'script', '2018-05-31 06:44:09'),
(643, 'emailForgotSubject', 'backend', 'Email / Forgot Subject', 'script', '2018-05-31 06:44:09'),
(644, 'emailForgotBody', 'backend', 'Email / Forgot Body', 'script', '2018-05-31 06:44:09'),
(645, 'menuProfile', 'backend', 'Menu Profile', 'script', '2018-05-31 06:44:09'),
(646, 'infoLocalesTitle', 'backend', 'Infobox / Locales Title', 'script', '2018-05-31 06:44:09'),
(647, 'infoLocalesBody', 'backend', 'Infobox / Locales Body', 'script', '2018-05-31 06:44:09'),
(648, 'infoLocalesBackendTitle', 'backend', 'Infobox / Locales Backend Title', 'script', '2018-05-31 06:44:09'),
(649, 'infoLocalesBackendBody', 'backend', 'Infobox / Locales Backend Body', 'script', '2018-05-31 06:44:09'),
(650, 'infoLocalesFrontendTitle', 'backend', 'Infobox / Locales Frontend Title', 'script', '2018-05-31 06:44:09'),
(651, 'infoLocalesFrontendBody', 'backend', 'Infobox / Locales Frontend Body', 'script', '2018-05-31 06:44:09'),
(652, 'infoListingPricesTitle', 'backend', 'Infobox / Listing Prices Title', 'script', '2018-05-31 06:44:09'),
(653, 'infoListingPricesBody', 'backend', 'Infobox / Listing Prices Body', 'script', '2018-05-31 06:44:09'),
(654, 'infoListingBookingsTitle', 'backend', 'Infobox / Listing Bookings Title', 'script', '2018-05-31 06:44:09'),
(655, 'infoListingBookingsBody', 'backend', 'Infobox / Listing Bookings Body', 'script', '2018-05-31 06:44:09'),
(656, 'infoListingContactTitle', 'backend', 'Infobox / Listing Contact Title', 'script', '2018-05-31 06:44:09'),
(657, 'infoListingContactBody', 'backend', 'Infobox / Listing Contact Body', 'script', '2018-05-31 06:44:09'),
(658, 'infoListingAddressTitle', 'backend', 'Infobox / Listing Address Title', 'script', '2018-05-31 06:44:09'),
(659, 'infoListingAddressBody', 'backend', 'Infobox / Listing Address Body', 'script', '2018-05-31 06:44:09'),
(660, 'infoListingExtendTitle', 'backend', 'Infobox / Extend exp.date Title', 'script', '2018-05-31 06:44:09'),
(661, 'infoListingExtendBody', 'backend', 'Infobox / Extend exp.date Body', 'script', '2018-05-31 06:44:09'),
(662, 'menuBackup', 'backend', 'Menu Backup', 'script', '2018-05-31 06:44:09'),
(663, 'btnBackup', 'backend', 'Button Backup', 'script', '2018-05-31 06:44:09'),
(664, 'lblBackupDatabase', 'backend', 'Backup / Database', 'script', '2018-05-31 06:44:09'),
(665, 'lblBackupFiles', 'backend', 'Backup / Files', 'script', '2018-05-31 06:44:09'),
(666, 'gridChooseAction', 'backend', 'Grid / Choose Action', 'script', '2018-05-31 06:44:09'),
(667, 'gridGotoPage', 'backend', 'Grid / Go to page', 'script', '2018-05-31 06:44:09'),
(668, 'gridTotalItems', 'backend', 'Grid / Total items', 'script', '2018-05-31 06:44:09'),
(669, 'gridItemsPerPage', 'backend', 'Grid / Items per page', 'script', '2018-05-31 06:44:09'),
(670, 'gridPrevPage', 'backend', 'Grid / Prev page', 'script', '2018-05-31 06:44:09'),
(671, 'gridPrev', 'backend', 'Grid / Prev', 'script', '2018-05-31 06:44:09'),
(672, 'gridNextPage', 'backend', 'Grid / Next page', 'script', '2018-05-31 06:44:09'),
(673, 'gridNext', 'backend', 'Grid / Next', 'script', '2018-05-31 06:44:09'),
(674, 'gridDeleteConfirmation', 'backend', 'Grid / Delete confirmation', 'script', '2018-05-31 06:44:09'),
(675, 'gridConfirmationTitle', 'backend', 'Grid / Confirmation Title', 'script', '2018-05-31 06:44:09'),
(676, 'gridActionTitle', 'backend', 'Grid / Action Title', 'script', '2018-05-31 06:44:09'),
(677, 'gridBtnOk', 'backend', 'Grid / Button OK', 'script', '2018-05-31 06:44:09'),
(678, 'gridBtnCancel', 'backend', 'Grid / Button Cancel', 'script', '2018-05-31 06:44:09'),
(679, 'gridBtnDelete', 'backend', 'Grid / Button Delete', 'script', '2018-05-31 06:44:09'),
(680, 'gridEmptyResult', 'backend', 'Grid / Empty resultset', 'script', '2018-05-31 06:44:09'),
(681, 'multilangTooltip', 'backend', 'MultiLang / Tooltip', 'script', '2018-05-31 06:44:09'),
(682, 'lblIp', 'backend', 'IP address', 'script', '2018-05-31 06:44:09'),
(683, 'lblUserCreated', 'backend', 'User / Registration Date & Time', 'script', '2018-05-31 06:44:09'),
(684, 'opt_o_currency', 'backend', 'Options / Currency', 'script', '2018-05-31 06:44:09'),
(685, 'opt_o_date_format', 'backend', 'Options / Date format', 'script', '2018-05-31 06:44:09'),
(686, 'opt_o_timezone', 'backend', 'Options / Timezone', 'script', '2018-05-31 06:44:09'),
(687, 'opt_o_week_start', 'backend', 'Options / First day of the week', 'script', '2018-05-31 06:44:09'),
(688, 'u_statarr_ARRAY_T', 'arrays', 'u_statarr_ARRAY_T', 'script', '2018-05-31 06:44:09'),
(689, 'u_statarr_ARRAY_F', 'arrays', 'u_statarr_ARRAY_F', 'script', '2018-05-31 06:44:09'),
(690, 'filter_ARRAY_active', 'arrays', 'filter_ARRAY_active', 'script', '2018-05-31 06:44:09'),
(691, 'filter_ARRAY_inactive', 'arrays', 'filter_ARRAY_inactive', 'script', '2018-05-31 06:44:09'),
(692, '_yesno_ARRAY_T', 'arrays', '_yesno_ARRAY_T', 'script', '2018-05-31 06:44:09'),
(693, '_yesno_ARRAY_F', 'arrays', '_yesno_ARRAY_F', 'script', '2018-05-31 06:44:09'),
(694, 'personal_titles_ARRAY_mr', 'arrays', 'personal_titles_ARRAY_mr', 'script', '2018-05-31 06:44:09'),
(695, 'personal_titles_ARRAY_mrs', 'arrays', 'personal_titles_ARRAY_mrs', 'script', '2018-05-31 06:44:09'),
(696, 'personal_titles_ARRAY_miss', 'arrays', 'personal_titles_ARRAY_miss', 'script', '2018-05-31 06:44:09'),
(697, 'personal_titles_ARRAY_ms', 'arrays', 'personal_titles_ARRAY_ms', 'script', '2018-05-31 06:44:09'),
(698, 'personal_titles_ARRAY_dr', 'arrays', 'personal_titles_ARRAY_dr', 'script', '2018-05-31 06:44:09'),
(699, 'personal_titles_ARRAY_prof', 'arrays', 'personal_titles_ARRAY_prof', 'script', '2018-05-31 06:44:09'),
(700, 'personal_titles_ARRAY_rev', 'arrays', 'personal_titles_ARRAY_rev', 'script', '2018-05-31 06:44:09'),
(701, 'personal_titles_ARRAY_other', 'arrays', 'personal_titles_ARRAY_other', 'script', '2018-05-31 06:44:09'),
(702, 'timezones_ARRAY_-43200', 'arrays', 'timezones_ARRAY_-43200', 'script', '2018-05-31 06:44:09'),
(703, 'timezones_ARRAY_-39600', 'arrays', 'timezones_ARRAY_-39600', 'script', '2018-05-31 06:44:09'),
(704, 'timezones_ARRAY_-36000', 'arrays', 'timezones_ARRAY_-36000', 'script', '2018-05-31 06:44:09'),
(705, 'timezones_ARRAY_-32400', 'arrays', 'timezones_ARRAY_-32400', 'script', '2018-05-31 06:44:09'),
(706, 'timezones_ARRAY_-28800', 'arrays', 'timezones_ARRAY_-28800', 'script', '2018-05-31 06:44:09'),
(707, 'timezones_ARRAY_-25200', 'arrays', 'timezones_ARRAY_-25200', 'script', '2018-05-31 06:44:09'),
(708, 'timezones_ARRAY_-21600', 'arrays', 'timezones_ARRAY_-21600', 'script', '2018-05-31 06:44:09'),
(709, 'timezones_ARRAY_-18000', 'arrays', 'timezones_ARRAY_-18000', 'script', '2018-05-31 06:44:09'),
(710, 'timezones_ARRAY_-14400', 'arrays', 'timezones_ARRAY_-14400', 'script', '2018-05-31 06:44:09'),
(711, 'timezones_ARRAY_-10800', 'arrays', 'timezones_ARRAY_-10800', 'script', '2018-05-31 06:44:09'),
(712, 'timezones_ARRAY_-7200', 'arrays', 'timezones_ARRAY_-7200', 'script', '2018-05-31 06:44:09'),
(713, 'timezones_ARRAY_-3600', 'arrays', 'timezones_ARRAY_-3600', 'script', '2018-05-31 06:44:09'),
(714, 'timezones_ARRAY_0', 'arrays', 'timezones_ARRAY_0', 'script', '2018-05-31 06:44:09'),
(715, 'timezones_ARRAY_3600', 'arrays', 'timezones_ARRAY_3600', 'script', '2018-05-31 06:44:09'),
(716, 'timezones_ARRAY_7200', 'arrays', 'timezones_ARRAY_7200', 'script', '2018-05-31 06:44:09'),
(717, 'timezones_ARRAY_10800', 'arrays', 'timezones_ARRAY_10800', 'script', '2018-05-31 06:44:09'),
(718, 'timezones_ARRAY_14400', 'arrays', 'timezones_ARRAY_14400', 'script', '2018-05-31 06:44:09'),
(719, 'timezones_ARRAY_18000', 'arrays', 'timezones_ARRAY_18000', 'script', '2018-05-31 06:44:09'),
(720, 'timezones_ARRAY_21600', 'arrays', 'timezones_ARRAY_21600', 'script', '2018-05-31 06:44:09'),
(721, 'timezones_ARRAY_25200', 'arrays', 'timezones_ARRAY_25200', 'script', '2018-05-31 06:44:09'),
(722, 'timezones_ARRAY_28800', 'arrays', 'timezones_ARRAY_28800', 'script', '2018-05-31 06:44:09'),
(723, 'timezones_ARRAY_32400', 'arrays', 'timezones_ARRAY_32400', 'script', '2018-05-31 06:44:09'),
(724, 'timezones_ARRAY_36000', 'arrays', 'timezones_ARRAY_36000', 'script', '2018-05-31 06:44:09'),
(725, 'timezones_ARRAY_39600', 'arrays', 'timezones_ARRAY_39600', 'script', '2018-05-31 06:44:09'),
(726, 'timezones_ARRAY_43200', 'arrays', 'timezones_ARRAY_43200', 'script', '2018-05-31 06:44:09'),
(727, 'timezones_ARRAY_46800', 'arrays', 'timezones_ARRAY_46800', 'script', '2018-05-31 06:44:09'),
(728, 'error_titles_ARRAY_AU01', 'arrays', 'error_titles_ARRAY_AU01', 'script', '2018-05-31 06:44:09'),
(729, 'error_titles_ARRAY_AU03', 'arrays', 'error_titles_ARRAY_AU03', 'script', '2018-05-31 06:44:09'),
(730, 'error_titles_ARRAY_AU04', 'arrays', 'error_titles_ARRAY_AU04', 'script', '2018-05-31 06:44:09'),
(731, 'error_titles_ARRAY_AU08', 'arrays', 'error_titles_ARRAY_AU08', 'script', '2018-05-31 06:44:09'),
(732, 'error_titles_ARRAY_AO01', 'arrays', 'error_titles_ARRAY_AO01', 'script', '2018-05-31 06:44:09'),
(733, 'error_titles_ARRAY_AB01', 'arrays', 'error_titles_ARRAY_AB01', 'script', '2018-05-31 06:44:09'),
(734, 'error_titles_ARRAY_AB02', 'arrays', 'error_titles_ARRAY_AB02', 'script', '2018-05-31 06:44:09'),
(735, 'error_titles_ARRAY_AB03', 'arrays', 'error_titles_ARRAY_AB03', 'script', '2018-05-31 06:44:09'),
(736, 'error_titles_ARRAY_AB04', 'arrays', 'error_titles_ARRAY_AB04', 'script', '2018-05-31 06:44:09'),
(737, 'error_titles_ARRAY_AA10', 'arrays', 'error_titles_ARRAY_AA10', 'script', '2018-05-31 06:44:09'),
(738, 'error_titles_ARRAY_AA11', 'arrays', 'error_titles_ARRAY_AA11', 'script', '2018-05-31 06:44:09'),
(739, 'error_titles_ARRAY_AA12', 'arrays', 'error_titles_ARRAY_AA12', 'script', '2018-05-31 06:44:09'),
(740, 'error_titles_ARRAY_AA13', 'arrays', 'error_titles_ARRAY_AA13', 'script', '2018-05-31 06:44:09'),
(741, 'error_bodies_ARRAY_AU01', 'arrays', 'error_bodies_ARRAY_AU01', 'script', '2018-05-31 06:44:09'),
(742, 'error_bodies_ARRAY_AU03', 'arrays', 'error_bodies_ARRAY_AU03', 'script', '2018-05-31 06:44:09'),
(743, 'error_bodies_ARRAY_AU04', 'arrays', 'error_bodies_ARRAY_AU04', 'script', '2018-05-31 06:44:09'),
(744, 'error_bodies_ARRAY_AU08', 'arrays', 'error_bodies_ARRAY_AU08', 'script', '2018-05-31 06:44:09'),
(745, 'error_bodies_ARRAY_AO01', 'arrays', 'error_bodies_ARRAY_AO01', 'script', '2018-05-31 06:44:09'),
(746, 'error_bodies_ARRAY_ALC01', 'arrays', 'error_bodies_ARRAY_ALC01', 'script', '2018-05-31 06:44:09'),
(747, 'error_bodies_ARRAY_AB01', 'arrays', 'error_bodies_ARRAY_AB01', 'script', '2018-05-31 06:44:09'),
(748, 'error_bodies_ARRAY_AB02', 'arrays', 'error_bodies_ARRAY_AB02', 'script', '2018-05-31 06:44:09'),
(749, 'error_bodies_ARRAY_AB03', 'arrays', 'error_bodies_ARRAY_AB03', 'script', '2018-05-31 06:44:09'),
(750, 'error_bodies_ARRAY_AB04', 'arrays', 'error_bodies_ARRAY_AB04', 'script', '2018-05-31 06:44:09'),
(751, 'error_bodies_ARRAY_AA10', 'arrays', 'error_bodies_ARRAY_AA10', 'script', '2018-05-31 06:44:09'),
(752, 'error_bodies_ARRAY_AA11', 'arrays', 'error_bodies_ARRAY_AA11', 'script', '2018-05-31 06:44:09'),
(753, 'error_bodies_ARRAY_AA12', 'arrays', 'error_bodies_ARRAY_AA12', 'script', '2018-05-31 06:44:09'),
(754, 'error_bodies_ARRAY_AA13', 'arrays', 'error_bodies_ARRAY_AA13', 'script', '2018-05-31 06:44:09'),
(755, 'months_ARRAY_1', 'arrays', 'months_ARRAY_1', 'script', '2018-05-31 06:44:09'),
(756, 'months_ARRAY_2', 'arrays', 'months_ARRAY_2', 'script', '2018-05-31 06:44:09'),
(757, 'months_ARRAY_3', 'arrays', 'months_ARRAY_3', 'script', '2018-05-31 06:44:09'),
(758, 'months_ARRAY_4', 'arrays', 'months_ARRAY_4', 'script', '2018-05-31 06:44:09'),
(759, 'months_ARRAY_5', 'arrays', 'months_ARRAY_5', 'script', '2018-05-31 06:44:09'),
(760, 'months_ARRAY_6', 'arrays', 'months_ARRAY_6', 'script', '2018-05-31 06:44:09'),
(761, 'months_ARRAY_7', 'arrays', 'months_ARRAY_7', 'script', '2018-05-31 06:44:09'),
(762, 'months_ARRAY_8', 'arrays', 'months_ARRAY_8', 'script', '2018-05-31 06:44:09'),
(763, 'months_ARRAY_9', 'arrays', 'months_ARRAY_9', 'script', '2018-05-31 06:44:09'),
(764, 'months_ARRAY_10', 'arrays', 'months_ARRAY_10', 'script', '2018-05-31 06:44:09'),
(765, 'months_ARRAY_11', 'arrays', 'months_ARRAY_11', 'script', '2018-05-31 06:44:09'),
(766, 'months_ARRAY_12', 'arrays', 'months_ARRAY_12', 'script', '2018-05-31 06:44:09'),
(767, 'days_ARRAY_0', 'arrays', 'days_ARRAY_0', 'script', '2018-05-31 06:44:09'),
(768, 'days_ARRAY_1', 'arrays', 'days_ARRAY_1', 'script', '2018-05-31 06:44:09'),
(769, 'days_ARRAY_2', 'arrays', 'days_ARRAY_2', 'script', '2018-05-31 06:44:09'),
(770, 'days_ARRAY_3', 'arrays', 'days_ARRAY_3', 'script', '2018-05-31 06:44:09'),
(771, 'days_ARRAY_4', 'arrays', 'days_ARRAY_4', 'script', '2018-05-31 06:44:09'),
(772, 'days_ARRAY_5', 'arrays', 'days_ARRAY_5', 'script', '2018-05-31 06:44:09'),
(773, 'days_ARRAY_6', 'arrays', 'days_ARRAY_6', 'script', '2018-05-31 06:44:09'),
(774, 'day_names_ARRAY_0', 'arrays', 'day_names_ARRAY_0', 'script', '2018-05-31 06:44:09'),
(775, 'day_names_ARRAY_1', 'arrays', 'day_names_ARRAY_1', 'script', '2018-05-31 06:44:09'),
(776, 'day_names_ARRAY_2', 'arrays', 'day_names_ARRAY_2', 'script', '2018-05-31 06:44:09'),
(777, 'day_names_ARRAY_3', 'arrays', 'day_names_ARRAY_3', 'script', '2018-05-31 06:44:09'),
(778, 'day_names_ARRAY_4', 'arrays', 'day_names_ARRAY_4', 'script', '2018-05-31 06:44:09'),
(779, 'day_names_ARRAY_5', 'arrays', 'day_names_ARRAY_5', 'script', '2018-05-31 06:44:09'),
(780, 'day_names_ARRAY_6', 'arrays', 'day_names_ARRAY_6', 'script', '2018-05-31 06:44:09'),
(781, 'short_months_ARRAY_1', 'arrays', 'short_months_ARRAY_1', 'script', '2018-05-31 06:44:09'),
(782, 'short_months_ARRAY_2', 'arrays', 'short_months_ARRAY_2', 'script', '2018-05-31 06:44:09'),
(783, 'short_months_ARRAY_3', 'arrays', 'short_months_ARRAY_3', 'script', '2018-05-31 06:44:09'),
(784, 'short_months_ARRAY_4', 'arrays', 'short_months_ARRAY_4', 'script', '2018-05-31 06:44:09'),
(785, 'short_months_ARRAY_5', 'arrays', 'short_months_ARRAY_5', 'script', '2018-05-31 06:44:09'),
(786, 'short_months_ARRAY_6', 'arrays', 'short_months_ARRAY_6', 'script', '2018-05-31 06:44:09'),
(787, 'short_months_ARRAY_7', 'arrays', 'short_months_ARRAY_7', 'script', '2018-05-31 06:44:09'),
(788, 'short_months_ARRAY_8', 'arrays', 'short_months_ARRAY_8', 'script', '2018-05-31 06:44:09'),
(789, 'short_months_ARRAY_9', 'arrays', 'short_months_ARRAY_9', 'script', '2018-05-31 06:44:09'),
(790, 'short_months_ARRAY_10', 'arrays', 'short_months_ARRAY_10', 'script', '2018-05-31 06:44:09'),
(791, 'short_months_ARRAY_11', 'arrays', 'short_months_ARRAY_11', 'script', '2018-05-31 06:44:09'),
(792, 'short_months_ARRAY_12', 'arrays', 'short_months_ARRAY_12', 'script', '2018-05-31 06:44:09'),
(793, 'status_ARRAY_1', 'arrays', 'status_ARRAY_1', 'script', '2018-05-31 06:44:09'),
(794, 'status_ARRAY_2', 'arrays', 'status_ARRAY_2', 'script', '2018-05-31 06:44:09'),
(795, 'status_ARRAY_3', 'arrays', 'status_ARRAY_3', 'script', '2018-05-31 06:44:09'),
(796, 'status_ARRAY_7', 'arrays', 'status_ARRAY_7', 'script', '2018-05-31 06:44:09'),
(797, 'status_ARRAY_123', 'arrays', 'status_ARRAY_123', 'script', '2018-05-31 06:44:09'),
(798, 'status_ARRAY_999', 'arrays', 'status_ARRAY_999', 'script', '2018-05-31 06:44:09'),
(799, 'status_ARRAY_998', 'arrays', 'status_ARRAY_998', 'script', '2018-05-31 06:44:09'),
(800, 'status_ARRAY_997', 'arrays', 'status_ARRAY_997', 'script', '2018-05-31 06:44:09'),
(801, 'status_ARRAY_996', 'arrays', 'status_ARRAY_996', 'script', '2018-05-31 06:44:09'),
(802, 'status_ARRAY_9999', 'arrays', 'status_ARRAY_9999', 'script', '2018-05-31 06:44:09'),
(803, 'status_ARRAY_9998', 'arrays', 'status_ARRAY_9998', 'script', '2018-05-31 06:44:09'),
(804, 'status_ARRAY_9997', 'arrays', 'status_ARRAY_9997', 'script', '2018-05-31 06:44:09'),
(805, 'login_err_ARRAY_1', 'arrays', 'login_err_ARRAY_1', 'script', '2018-05-31 06:44:09'),
(806, 'login_err_ARRAY_2', 'arrays', 'login_err_ARRAY_2', 'script', '2018-05-31 06:44:09'),
(807, 'login_err_ARRAY_3', 'arrays', 'login_err_ARRAY_3', 'script', '2018-05-31 06:44:09'),
(808, 'localeArrays', 'backend', 'Locale / Arrays titles', 'script', '2018-05-31 06:44:09'),
(809, 'infoLocalesArraysTitle', 'backend', 'Locale / Languages Array Title', 'script', '2018-05-31 06:44:09'),
(810, 'infoLocalesArraysBody', 'backend', 'Locale / Languages Array Body', 'script', '2018-05-31 06:44:09'),
(811, 'lnkBack', 'backend', 'Link Back', 'script', '2018-05-31 06:44:09'),
(812, 'locale_order', 'backend', 'Locale / Order', 'script', '2018-05-31 06:44:09'),
(813, 'locale_is_default', 'backend', 'Locale / Is default', 'script', '2018-05-31 06:44:09'),
(814, 'locale_flag', 'backend', 'Locale / Flag', 'script', '2018-05-31 06:44:09'),
(815, 'locale_title', 'backend', 'Locale / Title', 'script', '2018-05-31 06:44:09'),
(816, 'btnDelete', 'backend', 'Button Delete', 'script', '2018-05-31 06:44:09'),
(817, 'btnContinue', 'backend', 'Button Continue', 'script', '2018-05-31 06:44:09'),
(818, 'vr_email_taken', 'backend', 'Users / Email already taken', 'script', '2018-05-31 06:44:09'),
(819, 'revert_status', 'backend', 'Revert status', 'script', '2018-05-31 06:44:09'),
(820, 'lblExport', 'backend', 'Export', 'script', '2018-05-31 06:44:09'),
(821, 'opt_o_send_email', 'backend', 'opt_o_send_email', 'script', '2018-05-31 06:44:09'),
(822, 'opt_o_smtp_host', 'backend', 'opt_o_smtp_host', 'script', '2018-05-31 06:44:09'),
(823, 'opt_o_smtp_port', 'backend', 'opt_o_smtp_port', 'script', '2018-05-31 06:44:09'),
(824, 'opt_o_smtp_user', 'backend', 'opt_o_smtp_user', 'script', '2018-05-31 06:44:09'),
(825, 'opt_o_smtp_pass', 'backend', 'opt_o_smtp_pass', 'script', '2018-05-31 06:44:09'),
(826, 'opt_o_datetime_format', 'backend', 'Options / Date Time format', 'script', '2018-05-31 06:44:09'),
(827, 'opt_o_deposit_payment', 'backend', 'Options / Deposit payment', 'script', '2018-05-31 06:44:09'),
(828, 'opt_o_deposit_payment_text', 'backend', 'Options / Deposit payment text', 'script', '2018-05-31 06:44:09'),
(829, 'opt_o_tax_payment_text', 'backend', 'Options / Tax payment text', 'script', '2018-05-31 06:44:09'),
(830, 'opt_o_tax_payment', 'backend', 'Options / Tax payment', 'script', '2018-05-31 06:44:09'),
(831, 'opt_o_security_payment', 'backend', 'Options / Security payment', 'script', '2018-05-31 06:44:09'),
(832, 'opt_o_security_payment_text', 'backend', 'Options / Security payment text', 'script', '2018-05-31 06:44:09'),
(833, 'opt_o_insurance_payment_text', 'backend', 'Options / Insurance payment text', 'script', '2018-05-31 06:44:09'),
(834, 'opt_o_insurance_payment', 'backend', 'Options / Insurance payment', 'script', '2018-05-31 06:44:09'),
(835, 'opt_o_booking_status', 'backend', 'Options / Booking status if not paid', 'script', '2018-05-31 06:44:09'),
(836, 'opt_o_payment_status', 'backend', 'Options / Booking status if paid', 'script', '2018-05-31 06:44:09'),
(837, 'opt_o_booking_status_text', 'backend', 'Options / Booking status if not paid text', 'script', '2018-05-31 06:44:09'),
(838, 'menuConfirmation', 'backend', 'Menus / Notifications', 'script', '2018-05-31 06:44:09'),
(839, 'infoConfirmationsTitle', 'backend', 'Infobox / Notifications Title', 'script', '2018-05-31 06:44:09'),
(840, 'infoConfirmationsBody', 'backend', 'Infobox / Confirmations Body', 'script', '2018-05-31 06:44:09'),
(841, '_titles_ARRAY_Mr', 'arrays', '_titles_ARRAY_Mr', 'script', '2018-05-31 06:44:09'),
(842, '_titles_ARRAY_Mrs', 'arrays', '_titles_ARRAY_Mrs', 'script', '2018-05-31 06:44:09'),
(843, '_titles_ARRAY_Ms', 'arrays', '_titles_ARRAY_Ms', 'script', '2018-05-31 06:44:09'),
(844, '_titles_ARRAY_Dr', 'arrays', '_titles_ARRAY_Dr', 'script', '2018-05-31 06:44:09'),
(845, '_titles_ARRAY_Prof', 'arrays', '_titles_ARRAY_Prof', 'script', '2018-05-31 06:44:09'),
(846, '_titles_ARRAY_Rev', 'arrays', '_titles_ARRAY_Rev', 'script', '2018-05-31 06:44:09'),
(847, '_titles_ARRAY_Other', 'arrays', '_titles_ARRAY_Other', 'script', '2018-05-31 06:44:09'),
(848, '_cc_types_ARRAY_Visa', 'arrays', '_titles_ARRAY_Visa', 'script', '2018-05-31 06:44:09'),
(849, '_cc_types_ARRAY_MasterCard', 'arrays', '_titles_ARRAY_MasterCard', 'script', '2018-05-31 06:44:09'),
(850, '_cc_types_ARRAY_Maestro', 'arrays', '_titles_ARRAY_Maestro', 'script', '2018-05-31 06:44:09'),
(851, '_cc_types_ARRAY_AmericanExpress', 'arrays', '_titles_ARRAY_AmericanExpress', 'script', '2018-05-31 06:44:09'),
(852, 'payment_methods_ARRAY_paypal', 'arrays', 'payment_methods_ARRAY_paypal', 'script', '2018-05-31 06:44:09'),
(853, 'payment_methods_ARRAY_creditcard', 'arrays', 'payment_methods_ARRAY_creditcard', 'script', '2018-05-31 06:44:09'),
(854, 'payment_methods_ARRAY_bank', 'arrays', 'payment_methods_ARRAY_bank', 'script', '2018-05-31 06:44:09'),
(855, 'payment_methods_ARRAY_cash', 'arrays', 'payment_methods_ARRAY_cash', 'script', '2018-05-31 06:44:09'),
(856, 'month_name_ARRAY_1', 'arrays', 'month_name_ARRAY_1', 'script', '2018-05-31 06:44:09'),
(857, 'month_name_ARRAY_2', 'arrays', 'month_name_ARRAY_2', 'script', '2018-05-31 06:44:09'),
(858, 'month_name_ARRAY_3', 'arrays', 'month_name_ARRAY_3', 'script', '2018-05-31 06:44:09'),
(859, 'month_name_ARRAY_4', 'arrays', 'month_name_ARRAY_4', 'script', '2018-05-31 06:44:09'),
(860, 'month_name_ARRAY_5', 'arrays', 'month_name_ARRAY_5', 'script', '2018-05-31 06:44:09'),
(861, 'month_name_ARRAY_6', 'arrays', 'month_name_ARRAY_6', 'script', '2018-05-31 06:44:09'),
(862, 'month_name_ARRAY_7', 'arrays', 'month_name_ARRAY_7', 'script', '2018-05-31 06:44:09'),
(863, 'month_name_ARRAY_8', 'arrays', 'month_name_ARRAY_8', 'script', '2018-05-31 06:44:09'),
(864, 'month_name_ARRAY_9', 'arrays', 'month_name_ARRAY_9', 'script', '2018-05-31 06:44:09'),
(865, 'month_name_ARRAY_10', 'arrays', 'month_name_ARRAY_10', 'script', '2018-05-31 06:44:09'),
(866, 'month_name_ARRAY_11', 'arrays', 'month_name_ARRAY_11', 'script', '2018-05-31 06:44:09'),
(867, 'month_name_ARRAY_12', 'arrays', 'month_name_ARRAY_12', 'script', '2018-05-31 06:44:09'),
(868, 'day_name_ARRAY_0', 'arrays', 'day_name_ARRAY_0', 'script', '2018-05-31 06:44:09'),
(869, 'day_name_ARRAY_1', 'arrays', 'day_name_ARRAY_1', 'script', '2018-05-31 06:44:09'),
(870, 'day_name_ARRAY_2', 'arrays', 'day_name_ARRAY_2', 'script', '2018-05-31 06:44:09'),
(871, 'day_name_ARRAY_3', 'arrays', 'day_name_ARRAY_3', 'script', '2018-05-31 06:44:09'),
(872, 'day_name_ARRAY_4', 'arrays', 'day_name_ARRAY_4', 'script', '2018-05-31 06:44:09'),
(873, 'day_name_ARRAY_5', 'arrays', 'day_name_ARRAY_5', 'script', '2018-05-31 06:44:09'),
(874, 'day_name_ARRAY_6', 'arrays', 'day_name_ARRAY_6', 'script', '2018-05-31 06:44:09'),
(875, '_payments_ARRAY_paypal', 'arrays', '_payments_ARRAY_paypal', 'script', '2018-05-31 06:44:09'),
(876, '_payments_ARRAY_authorize', 'arrays', '_payments_ARRAY_authorize', 'script', '2018-05-31 06:44:09'),
(877, '_payments_ARRAY_creditcard', 'arrays', '_payments_ARRAY_creditcard', 'script', '2018-05-31 06:44:09'),
(878, '_payments_ARRAY_bank', 'arrays', '_payments_ARRAY_bank', 'script', '2018-05-31 06:44:09'),
(879, '_payments_ARRAY_cash', 'arrays', '_payments_ARRAY_cash', 'script', '2018-05-31 06:44:09'),
(880, 'infoUsersTitle', 'backend', 'Infobox / Users Title', 'script', '2018-05-31 06:44:09'),
(881, 'infoUsersBody', 'backend', 'Infobox / Users Body', 'script', '2018-05-31 06:44:09'),
(882, 'infoAddUserTitle', 'backend', 'Infobox / Add User Title', 'script', '2018-05-31 06:44:09'),
(883, 'infoAddUserBody', 'backend', 'Infobox / Add User body', 'script', '2018-05-31 06:44:09'),
(884, 'infoUpdateUserTitle', 'backend', 'Infobox / Update  User Title', 'script', '2018-05-31 06:44:09'),
(885, 'infoUpdateUserBody', 'backend', 'Infobox / Update  User body', 'script', '2018-05-31 06:44:09'),
(886, 'lblNoRecordsFound', 'backend', 'Label / No record found.', 'script', '2018-05-31 06:44:09'),
(887, 'lblLegendEmails', 'backend', 'Lable / Emails', 'script', '2018-05-31 06:44:09'),
(888, 'lblLegendSMS', 'backend', 'Labe / SMS', 'script', '2018-05-31 06:44:09'),
(889, 'plugin_backup_size', 'backend', 'Plugin / Size', 'script', '2018-05-31 06:44:09'),
(890, 'plugin_backup_sizeXXXXXX', 'backend', 'Plugin / Size', 'script', '2018-05-31 06:44:09'),
(891, 'plugin_country_revert_status', 'backend', 'Plugin / Revert status', 'script', '2018-05-31 06:44:09'),
(892, 'short_days_ARRAY_0', 'arrays', 'short_days_ARRAY_0', 'script', NULL),
(893, 'short_days_ARRAY_1', 'arrays', 'short_days_ARRAY_1', 'script', NULL),
(894, 'short_days_ARRAY_2', 'arrays', 'short_days_ARRAY_2', 'script', NULL),
(895, 'short_days_ARRAY_3', 'arrays', 'short_days_ARRAY_3', 'script', NULL),
(896, 'short_days_ARRAY_4', 'arrays', 'short_days_ARRAY_4', 'script', NULL),
(897, 'short_days_ARRAY_5', 'arrays', 'short_days_ARRAY_5', 'script', NULL),
(898, 'short_days_ARRAY_6', 'arrays', 'short_days_ARRAY_6', 'script', NULL),
(899, 'lblLastUpdate', 'backend', 'Label / Last update', 'script', '2018-05-31 06:44:09'),
(900, 'menuVehicles', 'backend', 'Menu Vehicles', 'script', '2018-05-31 06:44:09'),
(901, 'infoVehiclesTitle', 'backend', 'Infobox / Vehicles Title', 'script', '2018-05-31 06:44:09'),
(902, 'infoVehiclesBody', 'backend', 'Infobox / Vehicles Body', 'script', '2018-05-31 06:44:09'),
(903, 'script_name', 'backend', 'Label / Script name', 'script', NULL),
(904, 'lblVehicleName', 'backend', 'Label / Name', 'script', '2018-05-31 06:44:09'),
(905, 'lblVehicleRegistrationNumber', 'backend', 'Label / Registration number', 'script', '2018-05-31 06:44:09'),
(906, 'lblVehicleSeats', 'backend', 'Label / Seats', 'script', '2018-05-31 06:44:09'),
(907, 'lblVehicleOrder', 'backend', 'Label / Order', 'script', '2018-05-31 06:44:09'),
(908, 'vehicle_same_reg', 'backend', 'Vehicle / Same Registration number', 'script', '2018-05-31 06:44:09'),
(909, 'pjAdminVehicles', 'backend', 'pjAdminVehicles', 'script', '2015-03-20 11:37:44'),
(910, 'pjAdminVehicles_pjActionIndex', 'backend', 'pjAdminVehicles_pjActionIndex', 'script', '2015-03-20 11:37:44'),
(911, 'pjAdminVehicles_pjActionCreate', 'backend', 'pjAdminVehicles_pjActionCreate', 'script', '2015-03-20 11:37:44'),
(912, 'pjAdminVehicles_pjActionUpdate', 'backend', 'pjAdminVehicles_pjActionUpdate', 'script', '2015-03-20 11:37:44'),
(913, 'pjAdminVehicles_pjActionDelete', 'backend', 'pjAdminVehicles_pjActionDelete', 'script', '2015-03-20 11:37:44'),
(914, 'pjAdminVehicles_pjActionDeleteBulk', 'backend', 'pjAdminVehicles_pjActionDeleteBulk', 'script', '2015-03-20 11:37:44'),
(915, 'infoAddVehicleTitle', 'backend', 'Infobox / Add Vehicle Title', 'script', '2018-05-31 06:44:09'),
(916, 'infoAddVehicleBody', 'backend', 'Infobox / Add Vehicle Body', 'script', '2018-05-31 06:44:09'),
(917, 'infoUpdateVehicleTitle', 'backend', 'Infobox / Update Vehicle Title', 'script', '2018-05-31 06:44:09'),
(918, 'infoUpdateVehicleBody', 'backend', 'Infobox / Update Vehicle Body', 'script', '2018-05-31 06:44:09'),
(919, 'delete_selected', 'backend', 'Grid / Delete selected', 'script', '2013-09-16 14:10:00'),
(920, 'delete_confirmation', 'backend', 'Grid / Confirmation Title', 'script', '2013-09-16 14:09:36');
INSERT INTO `transfer_plugin_base_fields` (`id`, `key`, `type`, `label`, `source`, `modified`) VALUES
(921, 'menuDrivers', 'backend', 'Menu Drivers', 'script', '2018-05-31 06:44:09'),
(922, 'infoDriversTitle', 'backend', 'Infobox / Drivers Title', 'script', '2018-05-31 06:44:09'),
(923, 'infoDriversBody', 'backend', 'Infobox / Drivers Body', 'script', '2018-05-31 06:44:09'),
(924, 'lblDriverName', 'backend', 'Label / Name', 'script', '2018-05-31 06:44:09'),
(925, 'lblDriverEmail', 'backend', 'Label / Email', 'script', '2018-05-31 06:44:09'),
(926, 'lblDriverPhone', 'backend', 'Label / Phone number', 'script', '2018-05-31 06:44:09'),
(927, 'lblDriverPassword', 'backend', 'Label / Password', 'script', '2018-05-31 06:44:09'),
(928, 'lblDriverLanguage', 'backend', 'Label / Language', 'script', '2018-05-31 06:44:09'),
(929, 'driver_same_phone', 'backend', 'Driver / Same Phone number', 'script', '2018-05-31 06:44:09'),
(930, 'pjAdminDrivers', 'backend', 'pjAdminDrivers', 'script', '2015-03-20 11:37:44'),
(931, 'pjAdminDrivers_pjActionIndex', 'backend', 'pjAdminDrivers_pjActionIndex', 'script', '2015-03-20 11:37:44'),
(932, 'pjAdminDrivers_pjActionCreate', 'backend', 'pjAdminDrivers_pjActionCreate', 'script', '2015-03-20 11:37:44'),
(933, 'pjAdminDrivers_pjActionUpdate', 'backend', 'pjAdminDrivers_pjActionUpdate', 'script', '2015-03-20 11:37:44'),
(934, 'pjAdminDrivers_pjActionDelete', 'backend', 'pjAdminDrivers_pjActionDelete', 'script', '2015-03-20 11:37:44'),
(935, 'pjAdminDrivers_pjActionDeleteBulk', 'backend', 'pjAdminDrivers_pjActionDeleteBulk', 'script', '2015-03-20 11:37:44'),
(936, 'infoAddDriverTitle', 'backend', 'Infobox / Add Driver Title', 'script', '2018-05-31 06:44:09'),
(937, 'infoAddDriverBody', 'backend', 'Infobox / Add Driver Body', 'script', '2018-05-31 06:44:09'),
(938, 'infoUpdateDriverTitle', 'backend', 'Infobox / Update Driver Title', 'script', '2018-05-31 06:44:09'),
(939, 'infoUpdateDriverBody', 'backend', 'Infobox / Update Driver Body', 'script', '2018-05-31 06:44:09'),
(940, 'sb_email_taken', 'backend', 'Users / Email already taken', 'script', '2018-05-31 06:44:09'),
(941, 'menuProviders', 'backend', 'Menu Providers', 'script', '2018-05-31 06:44:09'),
(942, 'infoProvidersTitle', 'backend', 'Infobox / Providers Title', 'script', '2018-05-31 06:44:09'),
(943, 'infoProvidersBody', 'backend', 'Infobox / Providers Body', 'script', '2018-05-31 06:44:09'),
(944, 'lblProviderName', 'backend', 'Label / Name', 'script', '2018-05-31 06:44:09'),
(945, 'lblProviderURL', 'backend', 'Label / URL', 'script', '2018-05-31 06:44:09'),
(946, 'lblProviderURLDesc', 'backend', 'Label / URL description', 'script', '2018-05-31 06:44:09'),
(947, 'pjAdminProviders', 'backend', 'pjAdminProviders', 'script', '2015-03-20 11:37:44'),
(948, 'pjAdminProviders_pjActionIndex', 'backend', 'pjAdminProviders_pjActionIndex', 'script', '2015-03-20 11:37:44'),
(949, 'pjAdminProviders_pjActionCreate', 'backend', 'pjAdminProviders_pjActionCreate', 'script', '2015-03-20 11:37:44'),
(950, 'pjAdminProviders_pjActionUpdate', 'backend', 'pjAdminProviders_pjActionUpdate', 'script', '2015-03-20 11:37:44'),
(951, 'pjAdminProviders_pjActionDelete', 'backend', 'pjAdminProviders_pjActionDelete', 'script', '2015-03-20 11:37:44'),
(952, 'pjAdminProviders_pjActionDeleteBulk', 'backend', 'pjAdminProviders_pjActionDeleteBulk', 'script', '2015-03-20 11:37:44'),
(953, 'infoAddProviderTitle', 'backend', 'Infobox / Add Provider Title', 'script', '2018-05-31 06:44:09'),
(954, 'infoAddProviderBody', 'backend', 'Infobox / Add Provider Body', 'script', '2018-05-31 06:44:09'),
(955, 'infoUpdateProviderTitle', 'backend', 'Infobox / Update Provider Title', 'script', '2018-05-31 06:44:09'),
(956, 'infoUpdateProviderBody', 'backend', 'Infobox / Update Provider Body', 'script', '2018-05-31 06:44:09'),
(957, 'menuSchedule', 'backend', 'Menu Schedule', 'script', '2018-05-31 06:44:09'),
(958, 'pjAdminSchedule', 'backend', 'pjAdminSchedule', 'script', '2015-03-20 11:37:44'),
(959, 'pjAdminSchedule_pjActionIndex', 'backend', 'pjAdminSchedule_pjActionIndex', 'script', '2015-03-20 11:37:44'),
(960, 'pjAdminSchedule_pjActionDeleteBooking', 'backend', 'pjAdminSchedule_pjActionDeleteBooking', 'script', '2015-03-20 11:37:44'),
(961, 'infoScheduleTitle', 'backend', 'Infobox / Schedule Title', 'script', '2018-05-31 06:44:09'),
(962, 'infoScheduleBody', 'backend', 'Infobox / Schedule Body', 'script', '2018-05-31 06:44:09'),
(963, 'btn_today', 'backend', 'Button / Today', 'script', '2018-05-31 06:44:09'),
(964, 'btn_tomorrow', 'backend', 'Button / Tomorrow', 'script', '2018-05-31 06:44:09'),
(965, 'lblChooseDriver', 'backend', 'Label / Choose a driver', 'script', '2018-05-31 06:44:09'),
(966, 'lblSelect', 'backend', 'Label / Select', 'script', '2018-05-31 06:44:09'),
(967, 'lblOrderFrom', 'backend', 'Label / From', 'script', '2018-05-31 06:44:09'),
(968, 'lblOrderTo', 'backend', 'Label / To', 'script', '2018-05-31 06:44:09'),
(969, 'lblOrderClient', 'backend', 'Label / Client', 'script', '2018-05-31 06:44:09'),
(970, 'lblOrderVehicle', 'backend', 'Label / Vehicle', 'script', '2018-05-31 06:44:09'),
(971, 'lblOrderPassengers', 'backend', 'Label / Passengers', 'script', '2018-05-31 06:44:09'),
(972, 'lblOrderExtras', 'backend', 'Label / Extras', 'script', '2018-05-31 06:44:09'),
(973, 'lblOrderInternalNotes', 'backend', 'Label / Internal notes', 'script', '2018-05-31 06:44:09'),
(974, 'lblOrderBookingUpdate', 'backend', 'Label / Booking update', 'script', '2018-05-31 06:44:09'),
(975, 'lblOrderNewPcikupTime', 'backend', 'Label / New pickup time', 'script', '2018-05-31 06:44:09'),
(976, '_schedule_pm_ARRAY_cash', 'arrays', '_schedule_pm_ARRAY_cash', 'script', '2018-05-31 06:44:09'),
(977, '_schedule_pm_ARRAY_creditcard_later', 'arrays', '_schedule_pm_ARRAY_creditcard_later', 'script', '2018-05-31 06:44:09'),
(978, '_schedule_pm_ARRAY_creditcard', 'arrays', '_schedule_pm_ARRAY_creditcard', 'script', '2018-05-31 06:44:09'),
(979, '_schedule_pm_ARRAY_bank', 'arrays', '_schedule_pm_ARRAY_bank', 'script', '2018-05-31 06:44:09'),
(980, 'btnSendSmsToDriver', 'backend', 'Button / Send SMS to Driver', 'script', '2018-05-31 06:44:09'),
(981, 'error_titles_ARRAY_AO25', 'arrays', 'error_titles_ARRAY_AO25', 'script', '2013-09-18 08:44:26'),
(982, 'error_bodies_ARRAY_AO25', 'arrays', 'error_bodies_ARRAY_AO25', 'script', '2013-12-12 19:55:12'),
(983, 'notifications_main_title', 'backend', 'Notifications', 'script', '2018-05-31 09:32:44'),
(984, 'notifications_main_subtitle', 'backend', 'Notifications (sub-title)', 'script', '2018-05-31 09:33:14'),
(985, 'notifications_recipient', 'backend', 'Notifications / Recipient', 'script', '2018-05-31 09:33:56'),
(986, 'recipients_ARRAY_driver', 'arrays', 'Recipients / Driver', 'script', '2018-05-31 09:39:03'),
(987, 'recipients_ARRAY_admin', 'arrays', 'Recipients / Administrator', 'script', '2018-05-31 09:39:23'),
(988, 'notifications_msg_to_driver', 'backend', 'Notifications / Messages sent to Drivers', 'script', '2018-05-31 09:27:01'),
(989, 'notifications_msg_to_admin', 'backend', 'Notifications / Messages sent to Admin', 'script', '2018-05-31 09:30:48'),
(990, 'notifications_msg_to_default', 'backend', 'Notifications / Messages sent to Default', 'script', '2018-05-31 09:31:04'),
(991, 'notifications_status', 'backend', 'Notifications / Status', 'script', '2018-05-31 09:26:20'),
(992, 'notifications_is_active', 'backend', 'Send this message', 'script', '2018-05-31 09:23:29'),
(993, 'notifications_sms_na', 'backend', 'SMS not available', 'script', '2018-05-31 09:24:36'),
(994, 'notifications_sms_na_here', 'backend', 'here', 'script', '2018-05-31 09:24:58'),
(995, 'notifications_send', 'backend', 'Notifications / Send', 'script', '2018-05-31 09:25:37'),
(996, 'notifications_do_not_send', 'backend', 'Notifications / Do not send', 'script', '2018-05-31 09:26:01'),
(997, 'notifications_titles_ARRAY_driver_sms_assign_vehicle', 'arrays', 'Notifications / Client SMS assign vehicle (title)', 'script', '2018-05-31 06:44:09'),
(998, 'notifications_subtitles_ARRAY_driver_sms_assign_vehicle', 'arrays', 'Notifications / Client SMS assign vehicle (sub-title)', 'script', '2018-05-31 07:02:47'),
(999, 'notifications_ARRAY_driver_sms_assign_vehicle', 'arrays', 'Notifications / Driver SMS assign vehicle', 'script', '2018-05-31 06:19:54'),
(1000, 'notifications_tokens_note', 'backend', 'Notifications / Tokens (note)', 'script', '2018-05-31 09:35:19'),
(1001, 'notifications_tokens', 'backend', 'Notifications / Tokens', 'script', '2018-05-31 09:38:00'),
(1002, 'opt_o_sms_body_text', 'backend', 'Options / SMS body text', 'script', NULL),
(1003, 'driver_sms_title', 'backend', 'Label / Send SMS', 'script', '2018-05-31 06:44:09'),
(1004, 'lblMessage', 'backend', 'Label / Message', 'script', '2018-05-31 06:44:09'),
(1005, 'btnUpdateBookings', 'backend', 'Button / Update Bookings', 'script', '2018-05-31 06:44:09'),
(1006, 'lblToday', 'backend', 'Label / Today', 'script', '2018-05-31 06:44:09'),
(1007, 'btnCancelledOK', 'backend', 'Button / Cancelled OK', 'script', '2018-05-31 06:44:09'),
(1008, 'del_booking_title', 'backend', 'Info / Modal delete booking title', 'script', '2018-05-31 06:44:09'),
(1009, 'del_booking_body', 'backend', 'Info / Modal delete booking body', 'script', '2018-05-31 06:44:09'),
(1010, '_booking_driver_statuses_ARRAY_1', 'arrays', '_booking_driver_statuses_ARRAY_1', 'script', '2018-05-31 06:44:09'),
(1011, '_booking_driver_statuses_ARRAY_2', 'arrays', '_booking_driver_statuses_ARRAY_2', 'script', '2018-05-31 06:44:09'),
(1012, '_booking_driver_statuses_ARRAY_3', 'arrays', '_booking_driver_statuses_ARRAY_3', 'script', '2018-05-31 06:44:09'),
(1013, '_booking_driver_statuses_ARRAY_4', 'arrays', '_booking_driver_statuses_ARRAY_4', 'script', '2018-05-31 06:44:09'),
(1014, '_booking_driver_statuses_ARRAY_5', 'arrays', '_booking_driver_statuses_ARRAY_5', 'script', '2018-05-31 06:44:09'),
(1015, 'pjAdminReports_pjActionIndex', 'backend', 'pjAdminReports_pjActionIndex', 'script', NULL),
(1016, 'menuReports', 'backend', 'menuReports', 'script', NULL),
(1017, 'infoReportsDesc', 'backend', 'infoReportsDesc', 'script', NULL),
(1018, 'infoReportsTitle', 'backend', 'infoReportsTitle', 'script', NULL),
(1019, 'lblFilterByDriver', 'backend', 'Label / Filter by driver', 'script', NULL),
(1020, 'lblFilterByVehicle', 'backend', 'Label / Filter by vehicle', 'script', NULL),
(1021, 'lblAll', 'backend', 'Label / All', 'script', NULL),
(1022, 'lblDate', 'backend', 'Label / Date', 'script', NULL),
(1023, 'btnPrint', 'backend', 'Button / Print', 'script', NULL),
(1024, 'lblTotalOrders', 'backend', 'Label / Total orders', 'script', NULL),
(1025, 'lblTotalAmount', 'backend', 'Label / Total amount', 'script', NULL),
(1026, 'report_unique_clients', 'backend', 'Label / Unique clients', 'script', NULL),
(1027, 'report_first_time_clients', 'backend', 'Label / First time clients', 'script', NULL),
(1028, 'report_vehicle', 'backend', 'Label / Vehicle', 'script', NULL),
(1029, 'lblReportTo', 'backend', 'Label / to', 'script', NULL),
(1030, 'report_number_vehicles_assigned', 'backend', 'Label / Number vehicles assigned', 'script', NULL),
(1031, 'lblTotalBookings', 'backend', 'Label / Total bookings', 'script', NULL),
(1032, 'opt_o_name_sign_logo', 'backend', 'Label / Logo to the name sign', 'script', '2015-03-20 11:37:44'),
(1033, '_driver_payment_status_ARRAY_1', 'arrays', '_driver_payment_status_ARRAY_1', 'script', '2013-10-07 11:42:11'),
(1034, '_driver_payment_status_ARRAY_2', 'arrays', '_driver_payment_status_ARRAY_2', 'script', '2013-10-07 11:42:11'),
(1035, '_driver_payment_status_ARRAY_3', 'arrays', '_driver_payment_status_ARRAY_3', 'script', '2013-10-07 11:42:11'),
(1036, '_driver_payment_status_ARRAY_4', 'arrays', '_driver_payment_status_ARRAY_4', 'script', '2013-10-07 11:42:11'),
(1037, '_driver_payment_status_ARRAY_5', 'arrays', '_driver_payment_status_ARRAY_5', 'script', '2013-10-07 11:42:11'),
(1038, '_driver_payment_status_ARRAY_6', 'arrays', '_driver_payment_status_ARRAY_6', 'script', '2013-10-07 11:42:11'),
(1039, 'pjAdminOptions', 'backend', 'pjAdminOptions', 'script', '2015-03-20 11:37:44'),
(1040, 'pjAdminOptions_pjActionIndex', 'backend', 'pjAdminOptions_pjActionIndex', 'script', '2015-03-20 11:37:44'),
(1041, 'pjAdminOptions_pjActionNotifications', 'backend', 'pjAdminOptions_pjActionNotifications', 'script', '2015-03-20 11:37:44'),
(1042, 'infoDriverScheduleTitle', 'backend', 'Info / Schedule title', 'script', '2015-03-20 11:37:44'),
(1043, 'infoDriverScheduleBody', 'backend', 'Info / Schedule body', 'script', '2015-03-20 11:37:44'),
(1044, 'lblScheduleDate', 'backend', 'Label / Date', 'script', '2015-03-20 11:37:44'),
(1045, 'lblScheduleVehicle', 'backend', 'Label / Vehicle', 'script', '2015-03-20 11:37:44'),
(1046, 'lblTransfersDetails', 'backend', 'Label / Transfers Details', 'script', '2015-03-20 11:37:44'),
(1047, 'lblReferenceId', 'backend', 'Label / Reference ID', 'script', '2015-03-20 11:37:44'),
(1048, 'lblFlightArrivalTime', 'backend', 'Label / Flight arrival time', 'script', '2015-03-20 11:37:44'),
(1049, 'lblPickupTime', 'backend', 'Label / Pick-up time', 'script', '2015-03-20 11:37:44'),
(1050, 'lblArrivalFlightNumber', 'backend', 'Label / Arrival flight number', 'script', '2015-03-20 11:37:44'),
(1051, 'lblAirlineName', 'backend', 'Label / Airline name', 'script', '2015-03-20 11:37:44'),
(1052, 'lblFlightDeparture', 'backend', 'Label / Flight departure', 'script', '2015-03-20 11:37:44'),
(1053, 'lblPickupLocation', 'backend', 'Label / Pick-up location', 'script', '2015-03-20 11:37:44'),
(1054, 'lblDropoffLocation', 'backend', 'Label / Drop-off location', 'script', '2015-03-20 11:37:44'),
(1055, 'btnOpenGoogleMaps', 'backend', 'Button / Open in Google Maps', 'script', '2015-03-20 11:37:44'),
(1056, 'lblPhoneNumber', 'backend', 'Label / Phone number', 'script', '2015-03-20 11:37:44'),
(1057, 'lblCountry', 'backend', 'Label / Country', 'script', '2015-03-20 11:37:44'),
(1058, 'btnOpenNameSign', 'backend', 'Button / Open Name Sign', 'script', '2015-03-20 11:37:44'),
(1059, '_extras_info_ARRAY_2', 'arrays', '_extras_info_ARRAY_2', 'script', '2015-03-20 11:37:44'),
(1060, '_extras_info_ARRAY_3', 'arrays', '_extras_info_ARRAY_3', 'script', '2015-03-20 11:37:44'),
(1061, '_extras_info_ARRAY_4', 'arrays', '_extras_info_ARRAY_4', 'script', '2015-03-20 11:37:44'),
(1062, 'lblFurtherInformation', 'backend', 'Label / Further Information or Requests', 'script', '2015-03-20 11:37:44'),
(1063, 'lblPayment', 'backend', 'Label / Payment', 'script', '2015-03-20 11:37:44'),
(1064, 'menuGeneralOptions', 'backend', 'Menu / General', 'script', '2015-03-20 11:37:44'),
(1065, 'infoGeneralOptionsTitle', 'backend', 'Info / General options title', 'script', '2015-03-20 11:37:44'),
(1066, 'infoGeneralOptionsDesc', 'backend', 'Info / General options body', 'script', '2015-03-20 11:37:44'),
(1067, 'btn_select_image', 'backend', 'Button / Select image', 'script', '2015-03-20 11:37:44'),
(1068, 'btn_change_image', 'backend', 'Button / Change image', 'script', '2015-03-20 11:37:44'),
(1069, 'error_bodies_ARRAY_AO06', 'arrays', 'error_bodies_ARRAY_AO06', 'script', '2013-10-07 11:42:11'),
(1070, 'error_titles_ARRAY_AO06', 'arrays', 'error_titles_ARRAY_AO06', 'script', '2013-10-07 11:42:21'),
(1071, 'btn_delete_logo', 'backend', 'Button / Delete logo', 'script', '2013-10-07 11:42:11'),
(1072, 'logo_image_dtitle', 'backend', 'Info / Delete logo title', 'script', '2013-10-07 11:42:11'),
(1073, 'logo_image_dbody', 'backend', 'Info / Delete logo body', 'script', '2013-10-07 11:42:11'),
(1074, '_driver_name_sign_ARRAY_1', 'arrays', '_driver_name_sign_ARRAY_1', 'script', '2013-10-07 11:42:11'),
(1075, '_driver_name_sign_ARRAY_2', 'arrays', '_driver_name_sign_ARRAY_2', 'script', '2013-10-07 11:42:11'),
(1076, 'notifications_titles_ARRAY_admin_email_change_payment_status', 'arrays', 'Notifications / Change payment status (title)', 'script', '2018-05-31 06:44:09'),
(1077, 'notifications_subtitles_ARRAY_admin_email_change_payment_status', 'arrays', 'Notifications / Change payment status (sub-title)', 'script', '2018-05-31 07:02:47'),
(1078, 'notifications_ARRAY_admin_email_change_payment_status', 'arrays', 'Notifications / Change payment status', 'script', '2018-05-31 06:19:54'),
(1079, 'opt_o_email_change_payment_status_body_text', 'backend', 'Options / Email body text', 'script', NULL),
(1080, 'lblBookingStatus', 'backend', 'Label / Booking status', 'script', '2013-10-07 11:42:11'),
(1081, 'lblTransferType', 'backend', 'Label / Transfer type', 'script', '2013-10-07 11:42:11'),
(1082, '_transfer_types_ARRAY_1', 'arrays', '_transfer_types_ARRAY_1', 'script', '2013-10-07 11:42:11'),
(1083, '_transfer_types_ARRAY_2', 'arrays', '_transfer_types_ARRAY_2', 'script', '2013-10-07 11:42:11'),
(1084, 'lblNotAssigned', 'backend', 'Label / Not assigned', 'script', '2013-10-07 11:42:11'),
(1085, 'lblOrderNewArrivalTime', 'backend', 'Label / New arrival time', 'script', '2013-10-07 11:42:11'),
(1086, 'btnViewTurnover', 'backend', 'Button / View Turnover', 'script', NULL),
(1087, 'btnClose', 'backend', 'Button / Close', 'script', NULL),
(1088, 'lblViewTurnoverTitle', 'backend', 'Label / Turnover', 'script', NULL),
(1089, 'lblTurnoverCash', 'backend', 'Label / Cash', 'script', NULL),
(1090, 'lblTurnoverCreditCard', 'backend', 'Label / Credit card', 'script', NULL),
(1091, 'lblTurnoverPrepaid', 'backend', 'Label / Prepaid', 'script', NULL),
(1092, 'lblTurnoverTotal', 'backend', 'Label / Total', 'script', NULL),
(1093, 'lblOrderNewNumPassengers', 'backend', 'Label / No. new passengers', 'script', NULL),
(1094, 'lblOrderNumUpdated', 'backend', 'Label / No. passengers updated', 'script', NULL),
(1095, 'btnRemoveDriverStatus', 'backend', 'Button / Remove status', 'script', NULL),
(1096, 'lblScheduleNumberOfOrder', 'backend', 'Label / Number of order', 'script', NULL),
(1097, 'lblScheduleNumberOfOrders', 'backend', 'Label / Number of orders', 'script', NULL),
(1098, 'lblBookingPickupGoogleMapsLink', 'backend', 'Label / Pick-up google maps link', 'script', NULL),
(1099, 'lblBookingDropoffGoogleMapsLink', 'backend', 'Label / Drop-off google maps link', 'script', NULL),
(1100, '_schedule_pm_ARRAY_saferpay', 'arrays', '_schedule_pm_ARRAY_saferpay', 'script', '2018-05-31 06:44:09'),
(1102, 'lblPaid', 'backend', 'Label / Paid', 'script', '2018-05-31 06:44:09'),
(1103, 'btnLock', 'backend', 'Button / Lock', 'script', '2018-05-31 06:44:09'),
(1104, 'btnUnlock', 'backend', 'Button / Unlock', 'script', '2018-05-31 06:44:09'),
(1105, 'lblOrderID', 'backend', 'Label / Order ID', 'script', '2018-05-31 06:44:09'),
(1106, 'lblOrderFlight', 'backend', 'Label / Flight', 'script', '2018-05-31 06:44:09'),
(1107, 'lblOrderNotesFromDriver', 'backend', 'Label / Notes from driver', 'script', '2018-05-31 06:44:09'),
(1108, 'btnAddNotesForDriver', 'backend', 'Button / Add notes for driver', 'script', '2018-05-31 06:44:09'),
(1109, 'lblOrderNotesForDriver', 'backend', 'Label / Notes for driver', 'script', '2018-05-31 06:44:09'),
(1110, 'lblOrderImportantNotesFromOffice', 'backend', 'Label / Important notes from office', 'script', '2018-05-31 06:44:09'),
(1111, 'lblDriverType', 'backend', 'Label / Type of driver', 'script', '2018-05-31 06:44:09'),
(1112, 'lblDriverGeneralInfo', 'backend', 'Label / General information for the driver', 'script', '2018-05-31 06:44:09'),
(1113, '_types_of_drive_ARRAY_own', 'arrays', '_types_of_drive_ARRAY_own', 'script', '2018-05-31 06:44:09'),
(1114, '_types_of_drive_ARRAY_partner', 'arrays', '_types_of_drive_ARRAY_partner', 'script', '2018-05-31 06:44:09'),
(1115, 'lblVehicleType', 'backend', 'Label / Type', 'script', '2018-05-31 06:44:09'),
(1116, 'lblVehicleMarkerModell', 'backend', 'Label / Marker / Modell', 'script', '2018-05-31 06:44:09'),
(1117, 'lblVehicleVin', 'backend', 'Label / Vin', 'script', '2018-05-31 06:44:09'),
(1118, 'lblVehicleModelYear', 'backend', 'Label / Model year', 'script', '2018-05-31 06:44:09'),
(1119, 'lblVehicleTuv', 'backend', 'Label / Tuv', 'script', '2018-05-31 06:44:09'),
(1120, 'btnAddServiceRepair', 'backend', 'Label / Add service/repair', 'script', '2018-05-31 06:44:09'),
(1121, 'lblVehicleServiceDate', 'backend', 'Label / Date', 'script', '2018-05-31 06:44:09'),
(1122, 'lblVehicleServiceKm', 'backend', 'Label / Km', 'script', '2018-05-31 06:44:09'),
(1123, 'lblVehicleServiceRepair', 'backend', 'Label / Service/repair', 'script', '2018-05-31 06:44:09'),
(1124, 'infoAddServiceRepair', 'backend', 'Info / Add service/repair', 'script', '2018-05-31 06:44:09'),
(1125, 'infoUpdateServiceRepair', 'backend', 'Info / Update service/repair', 'script', '2018-05-31 06:44:09'),
(1126, '_vehicle_types_ARRAY_own', 'arrays', '_vehicle_types_ARRAY_own', 'script', '2018-05-31 06:44:09'),
(1127, '_vehicle_types_ARRAY_partner', 'arrays', '_vehicle_types_ARRAY_partner', 'script', '2018-05-31 06:44:09'),
(1128, 'lblReportFilterByOwnVehicles', 'backend', 'Label / Own vehicles', 'script', '2018-05-31 06:44:09'),
(1129, 'report_paid', 'backend', 'Label / Paid', 'script', '2018-05-31 06:44:09'),
(1130, 'report_creditcard', 'backend', 'Label / Credit card', 'script', '2018-05-31 06:44:09'),
(1131, 'report_cash', 'backend', 'Label / Cash', 'script', '2018-05-31 06:44:09'),
(1132, 'report_date', 'backend', 'Label / Date', 'script', '2018-05-31 06:44:09'),
(1133, 'report_from_to', 'backend', 'Label / From - To', 'script', '2018-05-31 06:44:09'),
(1134, 'dash_total_bookings_today', 'backend', 'Label / Total bookings today', 'script', '2015-03-20 11:37:44'),
(1135, 'dash_total_bookings_tomorrow', 'backend', 'Label / Total bookings tomorrow', 'script', '2015-03-20 11:37:44'),
(1136, 'dash_total_amount_today', 'backend', 'Label / Total amount today', 'script', '2015-03-20 11:37:44'),
(1137, 'dash_total_bookings_own_vehicles', 'backend', 'Label / Total bookings own vehicles', 'script', '2015-03-20 11:37:44'),
(1138, 'dash_total_bookings_partner_vehicles', 'backend', 'Label / Total bookings partner vehicles', 'script', '2015-03-20 11:37:44'),
(1139, 'dash_paid', 'backend', 'Label / Paid', 'script', '2015-03-20 11:37:44'),
(1140, 'dash_credit_card', 'backend', 'Label / Credit card', 'script', '2015-03-20 11:37:44'),
(1141, 'dash_cash', 'backend', 'Label / Cash', 'script', '2015-03-20 11:37:44'),
(1142, 'dash_sms', 'backend', 'Label / SMS', 'script', '2015-03-20 11:37:44'),
(1143, 'dash_popup', 'backend', 'Label / Pop Up', 'script', '2015-03-20 11:37:44'),
(1144, 'dash_choose_driver', 'backend', 'Label / Choose a driver', 'script', '2015-03-20 11:37:44'),
(1145, 'dash_sms_own_drivers_today', 'backend', 'Label / SMS send to own drivers today', 'script', '2015-03-20 11:37:44'),
(1146, 'dash_sms_own_drivers_tomorrow', 'backend', 'Label / SMS send to own drivers tomorrow', 'script', '2015-03-20 11:37:44'),
(1147, 'dash_message', 'backend', 'Label / Message', 'script', '2015-03-20 11:37:44'),
(1148, 'dash_send_sms', 'backend', 'Label / Send SMS', 'script', '2015-03-20 11:37:44'),
(1149, 'dash_send_popup', 'backend', 'Label / Send Pop Up', 'script', '2015-03-20 11:37:44'),
(1150, 'dash_sms_sent_success', 'backend', 'Label / SMS has been sent.', 'script', '2015-03-20 11:37:44'),
(1151, 'dash_sms_sent_failed', 'backend', 'Label / SMS failed to send.', 'script', '2015-03-20 11:37:44'),
(1152, 'dash_popup_sent_success', 'backend', 'Label / Pop Up has been sent.', 'script', '2015-03-20 11:37:44'),
(1153, 'dash_popup_sent_failed', 'backend', 'Label / Pop Up failed to send.', 'script', '2015-03-20 11:37:44'),
(1154, 'dash_tab_upcoming', 'backend', 'Label / Upcoming bookings', 'script', '2015-03-20 11:37:44'),
(1155, 'dash_transfers', 'backend', 'Label / Transfers', 'script', '2015-03-20 11:37:44'),
(1156, 'pjAdmin_pjActionIndex', 'backend', 'pjAdmin_pjActionIndex', 'script', '2015-03-20 11:37:44'),
(1157, 'lblSyncProvider', 'backend', 'Label / Provider', 'script', '2013-10-07 11:42:11'),
(1158, '_driver_payment_status_ARRAY_8', 'arrays', '_driver_payment_status_ARRAY_8', 'script', '2013-10-07 11:42:11'),
(1159, 'lblSyncType', 'backend', 'Label / Type', 'script', '2013-10-07 11:42:11'),
(1160, 'btnSyncUpdate', 'backend', 'Button / Update', 'script', '2013-10-07 11:42:11'),
(1161, '_synch_types_ARRAY_client', 'arrays', '_synch_types_ARRAY_client', 'script', '2013-10-07 11:42:11'),
(1162, '_synch_types_ARRAY_driver', 'arrays', '_synch_types_ARRAY_driver', 'script', '2013-10-07 11:42:11'),
(1163, '_synch_types_ARRAY_voucher', 'arrays', '_synch_types_ARRAY_voucher', 'script', '2013-10-07 11:42:11'),
(1164, '_synch_types_ARRAY_extra', 'arrays', '_synch_types_ARRAY_extra', 'script', '2013-10-07 11:42:11'),
(1165, '_synch_types_ARRAY_fleet', 'arrays', '_synch_types_ARRAY_fleet', 'script', '2013-10-07 11:42:11'),
(1166, '_synch_types_ARRAY_location', 'arrays', '_synch_types_ARRAY_location', 'script', '2013-10-07 11:42:11'),
(1167, '_synch_types_ARRAY_price', 'arrays', '_synch_types_ARRAY_price', 'script', '2013-10-07 11:42:11'),
(1168, '_synch_types_ARRAY_booking', 'arrays', '_synch_types_ARRAY_booking', 'script', '2013-10-07 11:42:11'),
(1169, 'infoSyncDataTitle', 'backend', 'Info / Sync data title', 'script', '2013-10-07 11:42:11'),
(1170, 'infoSyncDataBody', 'backend', 'Info / Sync data body', 'script', '2013-10-07 11:42:11'),
(1171, 'btnSynchronizeData', 'backend', 'Button / Synchronize data', 'script', '2013-10-07 11:42:11'),
(1172, '_synch_types_ARRAY_area', 'arrays', '_synch_types_ARRAY_area', 'script', '2013-10-07 11:42:11'),
(1173, '_synch_types_ARRAY_station', 'arrays', '_synch_types_ARRAY_station', 'script', '2013-10-07 11:42:11'),
(1174, 'btnSchedule', 'backend', 'Button / Schedule', 'script', '2013-10-07 11:42:11'),
(1175, 'report_driver', 'backend', 'Label / Driver', 'script', NULL),
(1176, 'lblNameSignFile', 'backend', 'Label / Name sign file', 'script', NULL),
(1177, 'menuWhatsappMessages', 'backend', 'Label / Whatsapp Messages', 'script', NULL),
(1178, 'infoWhatsappMessagesTitle', 'backend', 'Infobox / Whatsapp Messages Title', 'script', '2018-05-31 06:44:09'),
(1179, 'infoWhatsappMessagesBody', 'backend', 'Infobox / Whatsapp Messages Body', 'script', '2018-05-31 06:44:09'),
(1180, 'lblWMSubject', 'backend', 'Label / Subject', 'script', '2018-05-31 06:44:09'),
(1181, 'lblWMMessage', 'backend', 'Label / Message', 'script', '2018-05-31 06:44:09'),
(1182, 'lblWMAvailableFor', 'backend', 'Label / Available for', 'script', '2018-05-31 06:44:09'),
(1183, 'lblWMStatus', 'backend', 'Label / Status', 'script', '2018-05-31 06:44:09'),
(1184, 'wm_available_for_ARRAY_driver', 'arrays', 'wm_available_for_ARRAY_driver', 'script', '2018-05-31 06:44:09'),
(1185, 'wm_available_for_ARRAY_admin', 'arrays', 'wm_available_for_ARRAY_admin', 'script', '2018-05-31 06:44:09'),
(1186, 'wm_available_for_ARRAY_both', 'arrays', 'wm_available_for_ARRAY_both', 'script', '2018-05-31 06:44:09'),
(1187, 'wm_statuses_ARRAY_T', 'arrays', 'wm_statuses_ARRAY_T', 'script', '2018-05-31 06:44:09'),
(1188, 'wm_statuses_ARRAY_F', 'arrays', 'wm_statuses_ARRAY_F', 'script', '2018-05-31 06:44:09'),
(1189, 'infoAddWhatsappMessageTitle', 'backend', 'Infobox / Add Whatsapp Message Title', 'script', '2018-05-31 06:44:09'),
(1190, 'infoAddWhatsappMessageBody', 'backend', 'Infobox / Add Whatsapp Message Body', 'script', '2018-05-31 06:44:09'),
(1191, 'infoUpdateWhatsappMessageTitle', 'backend', 'Infobox / Update Whatsapp Message Title', 'script', '2018-05-31 06:44:09'),
(1192, 'infoUpdateWhatsappMessageBody', 'backend', 'Infobox / Update Whatsapp Message Body', 'script', '2018-05-31 06:44:09'),
(1193, 'infoAddUpdateWhatsappMessageToken', 'backend', 'Infobox / Add/Update Whatsapp Message Token', 'script', '2018-05-31 06:44:09'),
(1194, 'pjAdminWhatsappMessages', 'backend', 'pjAdminWhatsappMessages', 'script', '2015-03-20 11:37:44'),
(1195, 'pjAdminWhatsappMessages_pjActionIndex', 'backend', 'pjAdminWhatsappMessages_pjActionIndex', 'script', '2015-03-20 11:37:44'),
(1196, 'pjAdminWhatsappMessages_pjActionCreate', 'backend', 'pjAdminWhatsappMessages_pjActionCreate', 'script', '2015-03-20 11:37:44'),
(1197, 'pjAdminWhatsappMessages_pjActionUpdate', 'backend', 'pjAdminWhatsappMessages_pjActionUpdate', 'script', '2015-03-20 11:37:44'),
(1198, 'pjAdminWhatsappMessages_pjActionDelete', 'backend', 'pjAdminWhatsappMessages_pjActionDelete', 'script', '2015-03-20 11:37:44'),
(1199, 'pjAdminWhatsappMessages_pjActionDeleteBulk', 'backend', 'pjAdminWhatsappMessages_pjActionDeleteBulk', 'script', '2015-03-20 11:37:44'),
(1200, 'btnWhatsApp', 'backend', 'Label / WhatsApp', 'script', '2015-03-20 11:37:44'),
(1201, 'btnSendWS', 'backend', 'Label / Send WhatsApp Message', 'script', '2015-03-20 11:37:44');

-- --------------------------------------------------------

--
-- Tabellenstruktur für Tabelle `transfer_plugin_base_locale`
--

CREATE TABLE `transfer_plugin_base_locale` (
  `id` int UNSIGNED NOT NULL,
  `language_iso` varchar(20) DEFAULT NULL,
  `name` varchar(255) DEFAULT NULL,
  `flag` varchar(255) DEFAULT NULL,
  `dir` enum('ltr','rtl') DEFAULT 'ltr',
  `sort` int UNSIGNED DEFAULT NULL,
  `is_default` tinyint UNSIGNED DEFAULT '0'
) ENGINE=InnoDB DEFAULT CHARSET=utf8mb3;

--
-- Daten für Tabelle `transfer_plugin_base_locale`
--

INSERT INTO `transfer_plugin_base_locale` (`id`, `language_iso`, `name`, `flag`, `dir`, `sort`, `is_default`) VALUES
(1, 'en-GB', 'English', NULL, 'ltr', 1, 1),
(2, 'de-AT', 'Deutsch (Österreich)', NULL, 'ltr', 2, 0);

-- --------------------------------------------------------

--
-- Tabellenstruktur für Tabelle `transfer_plugin_base_locale_languages`
--

CREATE TABLE `transfer_plugin_base_locale_languages` (
  `id` int UNSIGNED NOT NULL,
  `iso` varchar(20) DEFAULT NULL,
  `title` varchar(255) DEFAULT NULL,
  `region` varchar(255) DEFAULT NULL,
  `native` varchar(255) DEFAULT NULL,
  `dir` enum('ltr','rtl') DEFAULT 'ltr',
  `country_abbr` varchar(3) DEFAULT NULL,
  `language_abbr` varchar(3) DEFAULT NULL,
  `file` varchar(255) DEFAULT NULL
) ENGINE=InnoDB DEFAULT CHARSET=utf8mb3;

--
-- Daten für Tabelle `transfer_plugin_base_locale_languages`
--

INSERT INTO `transfer_plugin_base_locale_languages` (`id`, `iso`, `title`, `region`, `native`, `dir`, `country_abbr`, `language_abbr`, `file`) VALUES
(1, 'af-ZA', 'Afrikaans', 'South Africa', 'Afrikaans (Suid Afrika)', 'ltr', 'ZAF', 'AFK', 'za.png'),
(2, 'sq-AL', 'Albanian', 'Albania', 'shqipe (Shqipëria)', 'ltr', 'ALB', 'SQI', 'al.png'),
(3, 'gsw-FR', 'Alsatian', 'France', 'Elsässisch (Frànkrisch)', 'ltr', 'FRA', 'GSW', 'fr.png'),
(4, 'am-ET', 'Amharic', 'Ethiopia', 'አማርኛ (ኢትዮጵያ)', 'ltr', 'ETH', 'AMH', 'et.png'),
(5, 'ar', 'Arabic‎', NULL, 'العربية‏', 'rtl', 'SAU', 'ARA', 'empty.png'),
(6, 'ar-DZ', 'Arabic', 'Algeria', 'العربية (الجزائر)‏', 'rtl', 'DZA', 'ARG', 'dz.png'),
(7, 'ar-BH', 'Arabic', 'Bahrain', 'العربية (البحرين)‏', 'rtl', 'BHR', 'ARH', 'bh.png'),
(8, 'ar-EG', 'Arabic', 'Egypt', 'العربية (مصر)‏', 'rtl', 'EGY', 'ARE', 'eg.png'),
(9, 'ar-IQ', 'Arabic', 'Iraq', 'العربية (العراق)‏', 'rtl', 'IRQ', 'ARI', 'iq.png'),
(10, 'ar-JO', 'Arabic', 'Jordan', 'العربية (الأردن)‏', 'rtl', 'JOR', 'ARJ', 'jo.png'),
(11, 'ar-KW', 'Arabic', 'Kuwait', 'العربية (الكويت)‏', 'rtl', 'KWT', 'ARK', 'kw.png'),
(12, 'ar-LB', 'Arabic', 'Lebanon', 'العربية (لبنان)‏', 'rtl', 'LBN', 'ARB', 'lb.png'),
(13, 'ar-LY', 'Arabic', 'Libya', 'العربية (ليبيا)‏', 'rtl', 'LBY', 'ARL', 'ly.png'),
(14, 'ar-MA', 'Arabic', 'Morocco', 'العربية (المملكة المغربية)‏', 'rtl', 'MAR', 'ARM', 'ma.png'),
(15, 'ar-OM', 'Arabic', 'Oman', 'العربية (عمان)‏', 'rtl', 'OMN', 'ARO', 'om.png'),
(16, 'ar-QA', 'Arabic', 'Qatar', 'العربية (قطر)‏', 'rtl', 'QAT', 'ARQ', 'qa.png'),
(17, 'ar-SA', 'Arabic', 'Saudi Arabia', 'العربية (المملكة العربية السعودية)‏', 'rtl', 'SAU', 'ARA', 'sa.png'),
(18, 'ar-SY', 'Arabic', 'Syria', 'العربية (سوريا)‏', 'rtl', 'SYR', 'ARS', 'sy.png'),
(19, 'ar-TN', 'Arabic', 'Tunisia', 'العربية (تونس)‏', 'rtl', 'TUN', 'ART', 'tn.png'),
(20, 'ar-AE', 'Arabic', 'U.A.E.', 'العربية (الإمارات العربية المتحدة)‏', 'rtl', 'ARE', 'ARU', 'ae.png'),
(21, 'ar-YE', 'Arabic', 'Yemen', 'العربية (اليمن)‏', 'rtl', 'YEM', 'ARY', 'ye.png'),
(22, 'hy-AM', 'Armenian', 'Armenia', 'Հայերեն (Հայաստան)', 'ltr', 'ARM', 'HYE', 'am.png'),
(23, 'as-IN', 'Assamese', 'India', 'অসমীয়া (ভাৰত)', 'ltr', 'IND', 'ASM', 'in.png'),
(24, 'az', 'Azeri', NULL, 'Azərbaycan­ılı', 'rtl', 'AZE', 'AZE', 'empty.png'),
(25, 'az-Cyrl', 'Azeri', 'Cyrillic', 'Азәрбајҹан дили', 'rtl', 'AZE', 'AZC', 'az.png'),
(26, 'az-Cyrl-AZ', 'Azeri', 'Cyrillic, Azerbaijan', 'Азәрбајҹан (Азәрбајҹан)', 'rtl', 'AZE', 'AZC', 'az.png'),
(27, 'az-Latn', 'Azeri', 'Latin', 'Azərbaycan­ılı', 'rtl', 'AZE', 'AZE', 'az.png'),
(28, 'az-Latn-AZ', 'Azeri', 'Latin, Azerbaijan', 'Azərbaycan­ılı (Azərbaycan)', 'rtl', 'AZE', 'AZE', 'az.png'),
(29, 'ba-RU', 'Bashkir', 'Russia', 'Башҡорт (Россия)', 'ltr', 'RUS', 'BAS', 'ru.png'),
(30, 'eu-ES', 'Basque', 'Basque', 'euskara (euskara)', 'ltr', 'ESP', 'EUQ', 'es.png'),
(31, 'be-BY', 'Belarusian', 'Belarus', 'Беларускі (Беларусь)', 'ltr', 'BLR', 'BEL', 'by.png'),
(32, 'bn', 'Bengali', NULL, 'বাংলা', 'ltr', 'IND', 'BNG', 'empty.png'),
(33, 'bn-BD', 'Bengali', 'Bangladesh', 'বাংলা (বাংলাদেশ)', 'ltr', 'BGD', 'BNB', 'bd.png'),
(34, 'bn-IN', 'Bengali', 'India', 'বাংলা (ভারত)', 'ltr', 'IND', 'BNG', 'in.png'),
(35, 'bs', 'Bosnian', NULL, 'bosanski', 'ltr', 'BIH', 'BSB', 'empty.png'),
(36, 'bs-Cyrl', 'Bosnian', 'Cyrillic', 'босански (Ћирилица)', 'ltr', 'BIH', 'BSC', 'ba.png'),
(37, 'bs-Cyrl-BA', 'Bosnian', 'Cyrillic, Bosnia and Herzegovina', 'босански (Босна и Херцеговина)', 'ltr', 'BIH', 'BSC', 'ba.png'),
(38, 'bs-Latn', 'Bosnian', 'Latin', 'bosanski (Latinica)', 'ltr', 'BIH', 'BSB', 'ba.png'),
(39, 'bs-Latn-BA', 'Bosnian', 'Latin, Bosnia and Herzegovina', 'bosanski (Bosna i Hercegovina)', 'ltr', 'BIH', 'BSB', 'ba.png'),
(40, 'br-FR', 'Breton', 'France', 'brezhoneg (Frañs)', 'ltr', 'FRA', 'BRE', 'fr.png'),
(41, 'bg-BG', 'Bulgarian', 'Bulgaria', 'български (България)', 'ltr', 'BGR', 'BGR', 'bg.png'),
(42, 'ca-ES', 'Catalan', 'Catalan', 'català (català)', 'ltr', 'ESP', 'CAT', 'es.png'),
(43, 'zh', 'Chinese', NULL, '中文', 'ltr', 'CHN', 'CHS', 'empty.png'),
(44, 'zh-Hans', 'Chinese', 'Simplified', '中文(简体)', 'ltr', 'CHN', 'CHS', 'cn.png'),
(45, 'zh-CN', 'Chinese', 'Simplified, PRC', '中文(中华人民共和国)', 'ltr', 'CHN', 'CHS', 'cn.png'),
(46, 'zh-SG', 'Chinese', 'Simplified, Singapore', '中文(新加坡)', 'ltr', 'SGP', 'ZHI', 'sg.png'),
(47, 'zh-Hant', 'Chinese', 'Traditional', '中文(繁體)', 'ltr', 'HKG', 'ZHH', 'hk.png'),
(48, 'zh-HK', 'Chinese', 'Traditional, Hong Kong S.A.R.', '中文(香港特別行政區)', 'ltr', 'HKG', 'ZHH', 'hk.png'),
(49, 'zh-MO', 'Chinese', 'Traditional, Macao S.A.R.', '中文(澳門特別行政區)', 'ltr', 'MCO', 'ZHM', 'mc.png'),
(50, 'zh-TW', 'Chinese', 'Traditional, Taiwan', '中文(台灣)', 'ltr', 'TWN', 'CHT', 'tw.png'),
(51, 'co-FR', 'Corsican', 'France', 'Corsu (France)', 'ltr', 'FRA', 'COS', 'fr.png'),
(52, 'hr', 'Croatian', NULL, 'hrvatski', 'ltr', 'HRV', 'HRV', 'empty.png'),
(53, 'hr-HR', 'Croatian', 'Croatia', 'hrvatski (Hrvatska)', 'ltr', 'HRV', 'HRV', 'hr.png'),
(54, 'hr-BA', 'Croatian', 'Latin, Bosnia and Herzegovina', 'hrvatski (Bosna i Hercegovina)', 'ltr', 'BIH', 'HRB', 'ba.png'),
(55, 'cs-CZ', 'Czech', 'Czech Republic', 'čeština (Česká republika)', 'ltr', 'CZE', 'CSY', 'cz.png'),
(56, 'da-DK', 'Danish', 'Denmark', 'dansk (Danmark)', 'ltr', 'DNK', 'DAN', 'dk.png'),
(57, 'prs-AF', 'Dari', 'Afghanistan', 'درى (افغانستان)‏', 'ltr', 'AFG', 'PRS', 'af.png'),
(58, 'dv-MV', 'Divehi', 'Maldives', 'ދިވެހިބަސް (ދިވެހި ރާއްޖެ)‏', 'rtl', 'MDV', 'DIV', 'mv.png'),
(59, 'nl', 'Dutch', NULL, 'Nederlands', 'ltr', 'NLD', 'NLD', 'empty.png'),
(60, 'nl-BE', 'Dutch', 'Belgium', 'Nederlands (België)', 'ltr', 'BEL', 'NLB', 'be.png'),
(61, 'nl-NL', 'Dutch', 'Netherlands', 'Nederlands (Nederland)', 'ltr', 'NLD', 'NLD', 'nl.png'),
(62, 'en', 'English', NULL, 'English', 'ltr', 'USA', 'ENU', 'empty.png'),
(63, 'en-AU', 'English', 'Australia', 'English (Australia)', 'ltr', 'AUS', 'ENA', 'au.png'),
(64, 'en-BZ', 'English', 'Belize', 'English (Belize)', 'ltr', 'BLZ', 'ENL', 'bz.png'),
(65, 'en-CA', 'English', 'Canada', 'English (Canada)', 'ltr', 'CAN', 'ENC', 'ca.png'),
(66, 'en-029', 'English', 'Caribbean', 'English (Caribbean)', 'ltr', 'CAR', 'ENB', 'en.png'),
(67, 'en-IN', 'English', 'India', 'English (India)', 'ltr', 'IND', 'ENN', 'in.png'),
(68, 'en-IE', 'English', 'Ireland', 'English (Ireland)', 'ltr', 'IRL', 'ENI', 'ie.png'),
(69, 'en-JM', 'English', 'Jamaica', 'English (Jamaica)', 'ltr', 'JAM', 'ENJ', 'jm.png'),
(70, 'en-MY', 'English', 'Malaysia', 'English (Malaysia)', 'ltr', 'MYS', 'ENM', 'my.png'),
(71, 'en-NZ', 'English', 'New Zealand', 'English (New Zealand)', 'ltr', 'NZL', 'ENZ', 'nz.png'),
(72, 'en-PH', 'English', 'Republic of the Philippines', 'English (Philippines)', 'ltr', 'PHL', 'ENP', 'ph.png'),
(73, 'en-SG', 'English', 'Singapore', 'English (Singapore)', 'ltr', 'SGP', 'ENE', 'sg.png'),
(74, 'en-ZA', 'English', 'South Africa', 'English (South Africa)', 'ltr', 'ZAF', 'ENS', 'za.png'),
(75, 'en-TT', 'English', 'Trinidad and Tobago', 'English (Trinidad y Tobago)', 'ltr', 'TTO', 'ENT', 'tt.png'),
(76, 'en-GB', 'English', 'United Kingdom', 'English (United Kingdom)', 'ltr', 'GBR', 'ENG', 'gb.png'),
(77, 'en-US', 'English', 'United States', 'English (United States)', 'ltr', 'USA', 'ENU', 'us.png'),
(78, 'en-ZW', 'English', 'Zimbabwe', 'English (Zimbabwe)', 'ltr', 'ZWE', 'ENW', 'zw.png'),
(79, 'et-EE', 'Estonian', 'Estonia', 'eesti (Eesti)', 'ltr', 'EST', 'ETI', 'ee.png'),
(80, 'fo-FO', 'Faroese', 'Faroe Islands', 'føroyskt (Føroyar)', 'ltr', 'FRO', 'FOS', 'fo.png'),
(81, 'fil-PH', 'Filipino', 'Philippines', 'Filipino (Pilipinas)', 'ltr', 'PHL', 'FPO', 'ph.png'),
(82, 'fi-FI', 'Finnish', 'Finland', 'suomi (Suomi)', 'ltr', 'FIN', 'FIN', 'fi.png'),
(83, 'fr', 'French', NULL, 'français', 'ltr', 'FRA', 'FRA', 'empty.png'),
(84, 'fr-BE', 'French', 'Belgium', 'français (Belgique)', 'ltr', 'BEL', 'FRB', 'be.png'),
(85, 'fr-CA', 'French', 'Canada', 'français (Canada)', 'ltr', 'CAN', 'FRC', 'ca.png'),
(86, 'fr-FR', 'French', 'France', 'français (France)', 'ltr', 'FRA', 'FRA', 'fr.png'),
(87, 'fr-LU', 'French', 'Luxembourg', 'français (Luxembourg)', 'ltr', 'LUX', 'FRL', 'lu.png'),
(88, 'fr-MC', 'French', 'Monaco', 'français (Principauté de Monaco)', 'ltr', 'MCO', 'FRM', 'mc.png'),
(89, 'fr-CH', 'French', 'Switzerland', 'français (Suisse)', 'ltr', 'CHE', 'FRS', 'ch.png'),
(90, 'fy-NL', 'Frisian', 'Netherlands', 'Frysk (Nederlân)', 'ltr', 'NLD', 'FYN', 'nl.png'),
(91, 'gl-ES', 'Galician', 'Galician', 'galego (galego)', 'ltr', 'ESP', 'GLC', 'es.png'),
(92, 'ka-GE', 'Georgian', 'Georgia', 'ქართული (საქართველო)', 'ltr', 'GEO', 'KAT', 'ge.png'),
(93, 'de', 'German', NULL, 'Deutsch', 'ltr', 'DEU', 'DEU', 'empty.png'),
(94, 'de-AT', 'German', 'Austria', 'Deutsch (Österreich)', 'ltr', 'AUT', 'DEA', 'at.png'),
(95, 'de-DE', 'German', 'Germany', 'Deutsch (Deutschland)', 'ltr', 'DEU', 'DEU', 'de.png'),
(96, 'de-LI', 'German', 'Liechtenstein', 'Deutsch (Liechtenstein)', 'ltr', 'LIE', 'DEC', 'li.png'),
(97, 'de-LU', 'German', 'Luxembourg', 'Deutsch (Luxemburg)', 'ltr', 'LUX', 'DEL', 'lu.png'),
(98, 'de-CH', 'German', 'Switzerland', 'Deutsch (Schweiz)', 'ltr', 'CHE', 'DES', 'ch.png'),
(99, 'el-GR', 'Greek', 'Greece', 'Ελληνικά (Ελλάδα)', 'ltr', 'GRC', 'ELL', 'gr.png'),
(100, 'kl-GL', 'Greenlandic', 'Greenland', 'kalaallisut (Kalaallit Nunaat)', 'ltr', 'GRL', 'KAL', 'gl.png'),
(101, 'gu-IN', 'Gujarati', 'India', 'ગુજરાતી (ભારત)', 'ltr', 'IND', 'GUJ', 'in.png'),
(102, 'ha', 'Hausa', NULL, 'Hausa', 'ltr', 'NGA', 'HAU', 'empty.png'),
(103, 'ha-Latn', 'Hausa', 'Latin', 'Hausa (Latin)', 'ltr', 'NGA', 'HAU', 'ng.png'),
(104, 'ha-Latn-NG', 'Hausa', 'Latin, Nigeria', 'Hausa (Nigeria)', 'ltr', 'NGA', 'HAU', 'ng.png'),
(105, 'he-IL', 'Hebrew', 'Israel', 'עברית (ישראל)‏', 'rtl', 'ISR', 'HEB', 'il.png'),
(106, 'hi-IN', 'Hindi', 'India', 'हिंदी (भारत)', 'ltr', 'IND', 'HIN', 'in.png'),
(107, 'hu-HU', 'Hungarian', 'Hungary', 'magyar (Magyarország)', 'ltr', 'HUN', 'HUN', 'hu.png'),
(108, 'is-IS', 'Icelandic', 'Iceland', 'íslenska (Ísland)', 'ltr', 'ISL', 'ISL', 'is.png'),
(109, 'ig-NG', 'Igbo', 'Nigeria', 'Igbo (Nigeria)', 'ltr', 'NGA', 'IBO', 'ng.png'),
(110, 'id-ID', 'Indonesian', 'Indonesia', 'Bahasa Indonesia (Indonesia)', 'ltr', 'IDN', 'IND', 'id.png'),
(111, 'iu', 'Inuktitut', NULL, 'Inuktitut', 'ltr', 'CAN', 'IUK', 'empty.png'),
(112, 'iu-Latn', 'Inuktitut', 'Latin', 'Inuktitut (Qaliujaaqpait)', 'ltr', 'CAN', 'IUK', 'ca.png'),
(113, 'iu-Latn-CA', 'Inuktitut', 'Latin, Canada', 'Inuktitut', 'ltr', 'CAN', 'IUK', 'ca.png'),
(114, 'iu-Cans', 'Inuktitut', 'Syllabics', 'ᐃᓄᒃᑎᑐᑦ (ᖃᓂᐅᔮᖅᐸᐃᑦ)', 'ltr', 'CAN', 'IUS', 'ca.png'),
(115, 'iu-Cans-CA', 'Inuktitut', 'Syllabics, Canada', 'ᐃᓄᒃᑎᑐᑦ (ᑲᓇᑕᒥ)', 'ltr', 'CAN', 'IUS', 'ca.png'),
(116, 'ga-IE', 'Irish', 'Ireland', 'Gaeilge (Éire)', 'ltr', 'IRL', 'IRE', 'ie.png'),
(117, 'xh-ZA', 'isiXhosa', 'South Africa', 'isiXhosa (uMzantsi Afrika)', 'ltr', 'ZAF', 'XHO', 'za.png'),
(118, 'zu-ZA', 'isiZulu', 'South Africa', 'isiZulu (iNingizimu Afrika)', 'ltr', 'ZAF', 'ZUL', 'za.png'),
(119, 'it', 'Italian', NULL, 'italiano', 'ltr', 'ITA', 'ITA', 'empty.png'),
(120, 'it-IT', 'Italian', 'Italy', 'italiano (Italia)', 'ltr', 'ITA', 'ITA', 'it.png'),
(121, 'it-CH', 'Italian', 'Switzerland', 'italiano (Svizzera)', 'ltr', 'CHE', 'ITS', 'ch.png'),
(122, 'ja-JP', 'Japanese', 'Japan', '日本語 (日本)', 'ltr', 'JPN', 'JPN', 'jp.png'),
(123, 'kn-IN', 'Kannada', 'India', 'ಕನ್ನಡ (ಭಾರತ)', 'ltr', 'IND', 'KDI', 'in.png'),
(124, 'kk-KZ', 'Kazakh', 'Kazakhstan', 'Қазақ (Қазақстан)', 'rtl', 'KAZ', 'KKZ', 'kz.png'),
(125, 'km-KH', 'Khmer', 'Cambodia', 'ខ្មែរ (កម្ពុជា)', 'ltr', 'KHM', 'KHM', 'kh.png'),
(126, 'qut-GT', 'K\'iche', 'Guatemala', 'K\'iche (Guatemala)', 'ltr', 'GTM', 'QUT', 'gt.png'),
(127, 'rw-RW', 'Kinyarwanda', 'Rwanda', 'Kinyarwanda (Rwanda)', 'ltr', 'RWA', 'KIN', 'rw.png'),
(128, 'sw-KE', 'Kiswahili', 'Kenya', 'Kiswahili (Kenya)', 'ltr', 'KEN', 'SWK', 'ke.png'),
(129, 'kok-IN', 'Konkani', 'India', 'कोंकणी (भारत)', 'ltr', 'IND', 'KNK', 'in.png'),
(130, 'ko-KR', 'Korean', 'Korea', '한국어 (대한민국)', 'ltr', 'KOR', 'KOR', 'kr.png'),
(131, 'ky-KG', 'Kyrgyz', 'Kyrgyzstan', 'Кыргыз (Кыргызстан)', 'ltr', 'KGZ', 'KYR', 'kg.png'),
(132, 'lo-LA', 'Lao', 'Lao P.D.R.', 'ລາວ (ສ.ປ.ປ. ລາວ)', 'ltr', 'LAO', 'LAO', 'la.png'),
(133, 'lv-LV', 'Latvian', 'Latvia', 'latviešu (Latvija)', 'ltr', 'LVA', 'LVI', 'lv.png'),
(134, 'lt-LT', 'Lithuanian', 'Lithuania', 'lietuvių (Lietuva)', 'ltr', 'LTU', 'LTH', 'lt.png'),
(135, 'dsb-DE', 'Lower Sorbian', 'Germany', 'dolnoserbšćina (Nimska)', 'ltr', 'GER', 'DSB', 'de.png'),
(136, 'lb-LU', 'Luxembourgish', 'Luxembourg', 'Lëtzebuergesch (Luxembourg)', 'ltr', 'LUX', 'LBX', 'lu.png'),
(137, 'mk-MK', 'Macedonian', 'Former Yugoslav Republic of Macedonia', 'македонски јазик (Македонија)', 'ltr', 'MKD', 'MKI', 'mk.png'),
(138, 'mk', 'Macedonian', 'FYROM', 'македонски јазик', 'ltr', 'MKD', 'MKI', 'mk.png'),
(139, 'ms', 'Malay', NULL, 'Bahasa Melayu', 'ltr', 'MYS', 'MSL', 'empty.png'),
(140, 'ms-BN', 'Malay', 'Brunei Darussalam', 'Bahasa Melayu (Brunei Darussalam)', 'ltr', 'BRN', 'MSB', 'bn.png'),
(141, 'ms-MY', 'Malay', 'Malaysia', 'Bahasa Melayu (Malaysia)', 'ltr', 'MYS', 'MSL', 'my.png'),
(142, 'ml-IN', 'Malayalam', 'India', 'മലയാളം (ഭാരതം)', 'rtl', 'IND', 'MYM', 'in.png'),
(143, 'mt-MT', 'Maltese', 'Malta', 'Malti (Malta)', 'ltr', 'MLT', 'MLT', 'mt.png'),
(144, 'mi-NZ', 'Maori', 'New Zealand', 'Reo Māori (Aotearoa)', 'ltr', 'NZL', 'MRI', 'nz.png'),
(145, 'arn-CL', 'Mapudungun', 'Chile', 'Mapudungun (Chile)', 'ltr', 'CHL', 'MPD', 'cl.png'),
(146, 'mr-IN', 'Marathi', 'India', 'मराठी (भारत)', 'ltr', 'IND', 'MAR', 'in.png'),
(147, 'moh-CA', 'Mohawk', 'Mohawk', 'Kanien\'kéha', 'ltr', 'CAN', 'MWK', 'ca.png'),
(148, 'mn', 'Mongolian', 'Cyrillic', 'Монгол хэл', 'ltr', 'MNG', 'MNN', 'mn.png'),
(149, 'mn-Cyrl', 'Mongolian', 'Cyrillic', 'Монгол хэл', 'ltr', 'MNG', 'MNN', 'mn.png'),
(150, 'mn-MN', 'Mongolian', 'Cyrillic, Mongolia', 'Монгол хэл (Монгол улс)', 'ltr', 'MNG', 'MNN', 'mn.png'),
(151, 'mn-Mong', 'Mongolian', 'Traditional Mongolian', 'ᠮᠤᠨᠭᠭᠤᠯ ᠬᠡᠯᠡ', 'ltr', 'CHN', 'MNG', 'cn.png'),
(152, 'mn-Mong-CN', 'Mongolian', 'Traditional Mongolian, PRC', 'ᠮᠤᠨᠭᠭᠤᠯ ᠬᠡᠯᠡ (ᠪᠦᠭᠦᠳᠡ ᠨᠠᠢᠷᠠᠮᠳᠠᠬᠤ ᠳᠤᠮᠳᠠᠳᠤ ᠠᠷᠠᠳ ᠣᠯᠣᠰ)', 'ltr', 'CHN', 'MNG', 'cn.png'),
(153, 'ne-NP', 'Nepali', 'Nepal', 'नेपाली (नेपाल)', 'ltr', 'NEP', 'NEP', 'np.png'),
(154, 'no', 'Norwegian', NULL, 'norsk', 'ltr', 'NOR', 'NOR', 'empty.png'),
(155, 'nb', 'Norwegian', 'Bokmål', 'norsk (bokmål)', 'ltr', 'NOR', 'NOR', 'no.png'),
(156, 'nn', 'Norwegian', 'Nynorsk', 'norsk (nynorsk)', 'ltr', 'NOR', 'NON', 'no.png'),
(157, 'nb-NO', 'Norwegian, Bokmål', 'Norway', 'norsk, bokmål (Norge)', 'ltr', 'NOR', 'NOR', 'no.png'),
(158, 'nn-NO', 'Norwegian, Nynorsk', 'Norway', 'norsk, nynorsk (Noreg)', 'ltr', 'NOR', 'NON', 'no.png'),
(159, 'oc-FR', 'Occitan', 'France', 'Occitan (França)', 'ltr', 'FRA', 'OCI', 'fr.png'),
(160, 'or-IN', 'Oriya', 'India', 'ଓଡ଼ିଆ (ଭାରତ)', 'ltr', 'IND', 'ORI', 'in.png'),
(161, 'ps-AF', 'Pashto', 'Afghanistan', 'پښتو (افغانستان)‏', 'rtl', 'AFG', 'PAS', 'af.png'),
(162, 'fa-IR', 'Persian‎', NULL, 'فارسى (ایران)‏', 'rtl', 'IRN', 'FAR', 'empty.png'),
(163, 'pl-PL', 'Polish', 'Poland', 'polski (Polska)', 'ltr', 'POL', 'PLK', 'pl.png'),
(164, 'pt', 'Portuguese', NULL, 'Português', 'ltr', 'BRA', 'PTB', 'empty.png'),
(165, 'pt-BR', 'Portuguese', 'Brazil', 'Português (Brasil)', 'ltr', 'BRA', 'PTB', 'br.png'),
(166, 'pt-PT', 'Portuguese', 'Portugal', 'português (Portugal)', 'ltr', 'PRT', 'PTG', 'pt.png'),
(167, 'pa-IN', 'Punjabi', 'India', 'ਪੰਜਾਬੀ (ਭਾਰਤ)', 'rtl', 'IND', 'PAN', 'in.png'),
(168, 'quz', 'Quechua', NULL, 'runasimi', 'ltr', 'BOL', 'QUB', 'empty.png'),
(169, 'quz-BO', 'Quechua', 'Bolivia', 'runasimi (Qullasuyu)', 'ltr', 'BOL', 'QUB', 'bo.png'),
(170, 'quz-EC', 'Quechua', 'Ecuador', 'runasimi (Ecuador)', 'ltr', 'ECU', 'QUE', 'ec.png'),
(171, 'quz-PE', 'Quechua', 'Peru', 'runasimi (Piruw)', 'ltr', 'PER', 'QUP', 'pe.png'),
(172, 'ro-RO', 'Romanian', 'Romania', 'română (România)', 'ltr', 'ROM', 'ROM', 'ro.png'),
(173, 'rm-CH', 'Romansh', 'Switzerland', 'Rumantsch (Svizra)', 'ltr', 'CHE', 'RMC', 'ch.png'),
(174, 'ru-RU', 'Russian', 'Russia', 'русский (Россия)', 'ltr', 'RUS', 'RUS', 'ru.png'),
(175, 'smn', 'Sami', 'Inari', 'sämikielâ', 'ltr', 'FIN', 'SMN', 'fi.png'),
(176, 'smj', 'Sami', 'Lule', 'julevusámegiella', 'ltr', 'SWE', 'SMK', 'se.png'),
(177, 'se', 'Sami', 'Northern', 'davvisámegiella', 'ltr', 'NOR', 'SME', 'no.png'),
(178, 'sms', 'Sami', 'Skolt', 'sääm´ǩiõll', 'ltr', 'FIN', 'SMS', 'fi.png'),
(179, 'sma', 'Sami', 'Southern', 'åarjelsaemiengiele', 'ltr', 'SWE', 'SMB', 'se.png'),
(180, 'smn-FI', 'Sami, Inari', 'Finland', 'sämikielâ (Suomâ)', 'ltr', 'FIN', 'SMN', 'fi.png'),
(181, 'smj-NO', 'Sami, Lule', 'Norway', 'julevusámegiella (Vuodna)', 'ltr', 'NOR', 'SMJ', 'no.png'),
(182, 'smj-SE', 'Sami, Lule', 'Sweden', 'julevusámegiella (Svierik)', 'ltr', 'SWE', 'SMK', 'se.png'),
(183, 'se-FI', 'Sami, Northern', 'Finland', 'davvisámegiella (Suopma)', 'ltr', 'FIN', 'SMG', 'fi.png'),
(184, 'se-NO', 'Sami, Northern', 'Norway', 'davvisámegiella (Norga)', 'ltr', 'NOR', 'SME', 'no.png'),
(185, 'se-SE', 'Sami, Northern', 'Sweden', 'davvisámegiella (Ruoŧŧa)', 'ltr', 'SWE', 'SMF', 'se.png'),
(186, 'sms-FI', 'Sami, Skolt', 'Finland', 'sääm´ǩiõll (Lää´ddjânnam)', 'ltr', 'FIN', 'SMS', 'fi.png'),
(187, 'sma-NO', 'Sami, Southern', 'Norway', 'åarjelsaemiengiele (Nöörje)', 'ltr', 'NOR', 'SMA', 'no.png'),
(188, 'sma-SE', 'Sami, Southern', 'Sweden', 'åarjelsaemiengiele (Sveerje)', 'ltr', 'SWE', 'SMB', 'se.png'),
(189, 'sa-IN', 'Sanskrit', 'India', 'संस्कृत (भारतम्)', 'ltr', 'IND', 'SAN', 'in.png'),
(190, 'gd-GB', 'Scottish Gaelic', 'United Kingdom', 'Gàidhlig (An Rìoghachd Aonaichte)', 'ltr', 'GBR', 'GLA', 'gb.png'),
(191, 'sr', 'Serbian', NULL, 'srpski', 'ltr', 'SRB', 'SRM', 'empty.png'),
(192, 'sr-Cyrl', 'Serbian', 'Cyrillic', 'српски (Ћирилица)', 'ltr', 'SRB', 'SRO', 'rs.png'),
(193, 'sr-Cyrl-BA', 'Serbian', 'Cyrillic, Bosnia and Herzegovina', 'српски (Босна и Херцеговина)', 'ltr', 'BIH', 'SRN', 'ba.png'),
(194, 'sr-Cyrl-ME', 'Serbian', 'Cyrillic, Montenegro', 'српски (Црна Гора)', 'ltr', 'MNE', 'SRQ', 'me.png'),
(195, 'sr-Cyrl-CS', 'Serbian', 'Cyrillic, Serbia and Montenegro (Former)', 'српски (Србија и Црна Гора (Претходно))', 'ltr', 'SCG', 'SRB', 'rs.png'),
(196, 'sr-Cyrl-RS', 'Serbian', 'Cyrillic, Serbia', 'српски (Србија)', 'ltr', 'SRB', 'SRO', 'rs.png'),
(197, 'sr-Latn', 'Serbian', 'Latin', 'srpski (Latinica)', 'ltr', 'SRB', 'SRM', 'rs.png'),
(198, 'sr-Latn-BA', 'Serbian', 'Latin, Bosnia and Herzegovina', 'srpski (Bosna i Hercegovina)', 'ltr', 'BIH', 'SRS', 'ba.png'),
(199, 'sr-Latn-ME', 'Serbian', 'Latin, Montenegro', 'srpski (Crna Gora)', 'ltr', 'MNE', 'SRP', 'me.png'),
(200, 'sr-Latn-CS', 'Serbian', 'Latin, Serbia and Montenegro (Former)', 'srpski (Srbija i Crna Gora (Prethodno))', 'ltr', 'SCG', 'SRL', 'rs.png'),
(201, 'sr-Latn-RS', 'Serbian', 'Latin, Serbia', 'srpski (Srbija)', 'ltr', 'SRB', 'SRM', 'rs.png'),
(202, 'nso-ZA', 'Sesotho sa Leboa', 'South Africa', 'Sesotho sa Leboa (Afrika Borwa)', 'ltr', 'ZAF', 'NSO', 'za.png'),
(203, 'tn-ZA', 'Setswana', 'South Africa', 'Setswana (Aforika Borwa)', 'ltr', 'ZAF', 'TSN', 'za.png'),
(204, 'si-LK', 'Sinhala', 'Sri Lanka', 'සිංහ (ශ්‍රී ලංකා)', 'ltr', 'LKA', 'SIN', 'lk.png'),
(205, 'sk-SK', 'Slovak', 'Slovakia', 'slovenčina (Slovenská republika)', 'ltr', 'SVK', 'SKY', 'sk.png'),
(206, 'sl-SI', 'Slovenian', 'Slovenia', 'slovenski (Slovenija)', 'ltr', 'SVN', 'SLV', 'si.png'),
(207, 'es', 'Spanish', NULL, 'español', 'ltr', 'ESP', 'ESN', 'empty.png'),
(208, 'es-AR', 'Spanish', 'Argentina', 'Español (Argentina)', 'ltr', 'ARG', 'ESS', 'ar.png'),
(209, 'es-BO', 'Spanish', 'Bolivia', 'Español (Bolivia)', 'ltr', 'BOL', 'ESB', 'bo.png'),
(210, 'es-CL', 'Spanish', 'Chile', 'Español (Chile)', 'ltr', 'CHL', 'ESL', 'cl.png'),
(211, 'es-CO', 'Spanish', 'Colombia', 'Español (Colombia)', 'ltr', 'COL', 'ESO', 'co.png'),
(212, 'es-CR', 'Spanish', 'Costa Rica', 'Español (Costa Rica)', 'ltr', 'CRI', 'ESC', 'cr.png'),
(213, 'es-DO', 'Spanish', 'Dominican Republic', 'Español (República Dominicana)', 'ltr', 'DOM', 'ESD', 'do.png'),
(214, 'es-EC', 'Spanish', 'Ecuador', 'Español (Ecuador)', 'ltr', 'ECU', 'ESF', 'ec.png'),
(215, 'es-SV', 'Spanish', 'El Salvador', 'Español (El Salvador)', 'ltr', 'SLV', 'ESE', 'sv.png'),
(216, 'es-GT', 'Spanish', 'Guatemala', 'Español (Guatemala)', 'ltr', 'GTM', 'ESG', 'gt.png'),
(217, 'es-HN', 'Spanish', 'Honduras', 'Español (Honduras)', 'ltr', 'HND', 'ESH', 'hn.png'),
(218, 'es-MX', 'Spanish', 'Mexico', 'Español (México)', 'ltr', 'MEX', 'ESM', 'mx.png'),
(219, 'es-NI', 'Spanish', 'Nicaragua', 'Español (Nicaragua)', 'ltr', 'NIC', 'ESI', 'ni.png'),
(220, 'es-PA', 'Spanish', 'Panama', 'Español (Panamá)', 'ltr', 'PAN', 'ESA', 'pa.png'),
(221, 'es-PY', 'Spanish', 'Paraguay', 'Español (Paraguay)', 'ltr', 'PRY', 'ESZ', 'py.png'),
(222, 'es-PE', 'Spanish', 'Peru', 'Español (Perú)', 'ltr', 'PER', 'ESR', 'pe.png'),
(223, 'es-PR', 'Spanish', 'Puerto Rico', 'Español (Puerto Rico)', 'ltr', 'PRI', 'ESU', 'pr.png'),
(224, 'es-ES', 'Spanish', 'Spain, International Sort', 'Español (España, alfabetización internacional)', 'ltr', 'ESP', 'ESN', 'es.png'),
(225, 'es-US', 'Spanish', 'United States', 'Español (Estados Unidos)', 'ltr', 'USA', 'EST', 'us.png'),
(226, 'es-UY', 'Spanish', 'Uruguay', 'Español (Uruguay)', 'ltr', 'URY', 'ESY', 'uy.png'),
(227, 'es-VE', 'Spanish', 'Venezuela', 'Español (Republica Bolivariana de Venezuela)', 'ltr', 'VEN', 'ESV', 've.png'),
(228, 'sv', 'Swedish', NULL, 'svenska', 'ltr', 'SWE', 'SVE', 'empty.png'),
(229, 'sv-FI', 'Swedish', 'Finland', 'svenska (Finland)', 'ltr', 'FIN', 'SVF', 'fi.png'),
(230, 'sv-SE', 'Swedish', 'Sweden', 'svenska (Sverige)', 'ltr', 'SWE', 'SVE', 'se.png'),
(231, 'syr-SY', 'Syriac', 'Syria', 'ܣܘܪܝܝܐ (سوريا)‏', 'rtl', 'SYR', 'SYR', 'sy.png'),
(232, 'tg', 'Tajik', 'Cyrillic', 'Тоҷикӣ', 'ltr', 'TAJ', 'TAJ', 'tj.png'),
(233, 'tg-Cyrl', 'Tajik', 'Cyrillic', 'Тоҷикӣ', 'ltr', 'TAJ', 'TAJ', 'tj.png'),
(234, 'tg-Cyrl-TJ', 'Tajik', 'Cyrillic, Tajikistan', 'Тоҷикӣ (Тоҷикистон)', 'ltr', 'TAJ', 'TAJ', 'tj.png'),
(235, 'tzm', 'Tamazight', NULL, 'Tamazight', 'ltr', 'DZA', 'TZM', 'empty.png'),
(236, 'tzm-Latn', 'Tamazight', 'Latin', 'Tamazight (Latin)', 'ltr', 'DZA', 'TZM', 'dz.png'),
(237, 'tzm-Latn-DZ', 'Tamazight', 'Latin, Algeria', 'Tamazight (Djazaïr)', 'ltr', 'DZA', 'TZM', 'dz.png'),
(238, 'ta-IN', 'Tamil', 'India', 'தமிழ் (இந்தியா)', 'ltr', 'IND', 'TAM', 'in.png'),
(239, 'tt-RU', 'Tatar', 'Russia', 'Татар (Россия)', 'ltr', 'RUS', 'TTT', 'ru.png'),
(240, 'te-IN', 'Telugu', 'India', 'తెలుగు (భారత దేశం)', 'ltr', 'IND', 'TEL', 'in.png'),
(241, 'th-TH', 'Thai', 'Thailand', 'ไทย (ไทย)', 'ltr', 'THA', 'THA', 'th.png'),
(242, 'bo-CN', 'Tibetan', 'PRC', 'བོད་ཡིག (ཀྲུང་ཧྭ་མི་དམངས་སྤྱི་མཐུན་རྒྱལ་ཁབ།)', 'ltr', 'CHN', 'BOB', 'cn.png'),
(243, 'tr-TR', 'Turkish', 'Turkey', 'Türkçe (Türkiye)', 'ltr', 'TUR', 'TRK', 'tr.png'),
(244, 'tk-TM', 'Turkmen', 'Turkmenistan', 'türkmençe (Türkmenistan)', 'rtl', 'TKM', 'TUK', 'tm.png'),
(245, 'uk-UA', 'Ukrainian', 'Ukraine', 'українська (Україна)', 'ltr', 'UKR', 'UKR', 'ua.png'),
(246, 'hsb-DE', 'Upper Sorbian', 'Germany', 'hornjoserbšćina (Němska)', 'ltr', 'GER', 'HSB', 'de.png'),
(247, 'ur-PK', 'Urdu', 'Islamic Republic of Pakistan', 'اُردو (پاکستان)‏', 'rtl', 'PAK', 'URD', 'pk.png'),
(248, 'ug-CN', 'Uyghur', 'PRC', '(ئۇيغۇر يېزىقى (جۇڭخۇا خەلق جۇمھۇرىيىتى‏', 'rtl', 'CHN', 'UIG', 'cn.png'),
(249, 'uz-Cyrl', 'Uzbek', 'Cyrillic', 'Ўзбек', 'ltr', 'UZB', 'UZB', 'uz.png'),
(250, 'uz-Cyrl-UZ', 'Uzbek', 'Cyrillic, Uzbekistan', 'Ўзбек (Ўзбекистон)', 'ltr', 'UZB', 'UZB', 'uz.png'),
(251, 'uz', 'Uzbek', 'Latin', 'U\'zbek', 'ltr', 'UZB', 'UZB', 'uz.png'),
(252, 'uz-Latn', 'Uzbek', 'Latin', 'U\'zbek', 'ltr', 'UZB', 'UZB', 'uz.png'),
(253, 'uz-Latn-UZ', 'Uzbek', 'Latin, Uzbekistan', 'U\'zbek (U\'zbekiston Respublikasi)', 'ltr', 'UZB', 'UZB', 'uz.png'),
(254, 'vi-VN', 'Vietnamese', 'Vietnam', 'Tiếng Việt (Việt Nam)', 'ltr', 'VNM', 'VIT', 'vn.png'),
(255, 'cy-GB', 'Welsh', 'United Kingdom', 'Cymraeg (y Deyrnas Unedig)', 'ltr', 'GBR', 'CYM', 'gb.png'),
(256, 'wo-SN', 'Wolof', 'Senegal', 'Wolof (Sénégal)', 'ltr', 'SEN', 'WOL', 'sn.png'),
(257, 'sah-RU', 'Yakut', 'Russia', 'саха (Россия)', 'ltr', 'RUS', 'SAH', 'ru.png'),
(258, 'ii-CN', 'Yi', 'PRC', 'ꆈꌠꁱꂷ (ꍏꉸꏓꂱꇭꉼꇩ)', 'ltr', 'CHN', 'III', 'cn.png'),
(259, 'yo-NG', 'Yoruba', 'Nigeria', 'Yoruba (Nigeria)', 'ltr', 'NGA', 'YOR', 'ng.png');

-- --------------------------------------------------------

--
-- Tabellenstruktur für Tabelle `transfer_plugin_base_log`
--

